{"text_format":"1","workbook":"xlsx","n_sheets":8,"sheets":["parameters","output","model","results","Preparation","Explanation Output ","Explanation Parameters","Running a Simulation"],"not_rendered":{"charts":3,"images":3,"macros":1,"external_links":0,"defined_names":255,"comments":2,"pivot_tables":0},"unopened":[],"bounds":{"document_bytes":16777216,"sheet_cells":100000,"rows_first":2000,"rows_last":500,"rows_between":2000,"halvings":0,"cell_chars":16384,"cell_head_chars":4096},"cells_cut":0,"cells_raw":0,"read":"whole","date_system":"1900"}

{"sheet":"parameters","index":0,"n_rows":53,"n_cols":31,"rows_kept":53,"cut":false,"hidden":false,"merged":[]}
["Parameter sheet",null,null,null,null,null,null,null,null,null,null,null,null,null,null,null,"do not remove","NO"]
[null,null,null,null,null,null,null,null,null,null,null,null,null,null,null,null,null,"YES",null,null,null,null,null,"sutter kocher parameters",null,null,"standard parameters",null,null,"# of goals"]
[null,"NETWORK PARAMETERS",null,null,null,null,null,null,null,null,null,null,null,null,null,null,null,null,null,null,null,null,null,0,0.05,null,0,0.05,null,0,0.05]
[null,null,"min/average","max/stdev",null,null,null,null,null,null,null,null,null,null,null,null,null,null,null,null,null,null,null,0.05,0.01,null,0.05,0.01,null,0.05,0.01]
[null,"initial level",0,0.05,null,null,null,null,null,null,null,null,null,null,null,null,null,1,null,null,null,null,null,0,0.1,null,0,0.02,null,0,0.1]
[null,"resource consumption rate r",0.05,0.01,null,null,null,null,null,null,null,null,null,null,null,null,null,2,null,null,null,null,null,0.2,0.03,null,1,0.15,null,0.5,0.15]
[null,"connection strength",0,0.02,null,null,null,null,null,null,null,null,null,null,null,null,null,3,null,null,null,null,null,0.5,0.25,null,0.5,0.25,null,0.5,0.25]
[null,"genetic factor normal case",1,0.15,null,null,null,null,null,null,null,null,null,null,null,null,null,4,null,null,null,null,null,1,350,null,1,350,null,1,350]
[null,"genetic factor emergenic case",0.5,0.25,null,null,null,null,null,null,null,null,null,null,null,null,null,5,null,null,null,null,null,10,25,null,10,25,null,10,25]
[null,"delay of onset",1,350]
[null,"maximum range",10,25,null,null,null,null,null,null,null,null,null,null,null,null,null,null,null,null,null,null,null,0.25,null,null,0.25,null,null,0.25]
[]
[null,"connection probability ",0.25]
[]
[]
[]
[]
[null,"PRODUCT PARAMETERS",null,null,null,null,null,null,null,null,null,null,null,null,null,null,null,null,null,null,null,null,null,4.0000000000000001E-3,null,null,2E-3,null,null,5.0000000000000001E-3]
[]
[null,"Poisson parameter",2E-3,null,null,null,null,null,null,null,null,null,null,null,null,null,null,null,null,null,null,null,null,1,null,null,1,null,null,1]
[]
[null,"condition_value",1,null,"simple model",null,null,null,null,null,null,null,null,null,null,null,null,null,null,null,null,null,null,0,null,null,0,null,null,0]
[]
[null,"threshold_value",0]
[null,null,null,null,null,null,null,null,null,null,null,null,null,null,null,null,null,null,null,null,null,null,null,0.7,null,null,0.7,null,null,0.7]
[null,"Correlated Frequency-tenacity (product model 3)"]
[null,"correlation_F_and_T",0.7]
[]
[]
[null,null,null,null,null,null,null,null,null,null,null,null,null,null,null,null,null,null,null,null,null,null,null,10,null,null,10,null,null,10]
[null,"Simonton Creative Productivity Model",null,null,null,null,null,null,null,null,null,null,null,null,null,null,null,null,null,null,null,null,null,2,null,null,2,null,null,2]
[null,"production_constant",10,null,null,null,null,null,null,null,null,null,null,null,null,null,null,null,null,null,null,null,null,1,null,null,1,null,null,1]
[null,"decay_constant",2]
[null,"power_constant",1]
[]
[]
[null,"Matthew Models",null,null,null,null,null,null,null,null,null,null,null,null,null,null,null,null,null,null,null,null,null,0.5,null,null,0.5,null,null,0.5]
[null,"Model 1"]
[null,"Simple_Matthew (condition value must be 5!)",0.5,null,"Applies only to Condition Value 5",null,null,null,null,null,null,null,null,null,null,null,null,null,null,null,null,null,null,0,null,null,0,null,null,0]
[null,"Model 2"]
[null,"Product support parameter",0,null,null,null,null,null,null,null,null,null,null,null,null,null,null,null,null,null,null,null,null,"NO",null,null,"NO",null,null,"NO"]
[null,"Model 3",null,null,null,null,null,null,null,null,null,null,null,null,null,null,null,null,null,null,null,null,null,1E-3,null,null,1E-3,null,null,1E-3]
[null,"matthew condition","NO"]
[null,"matthew parameter",1E-3]
[]
[]
[null,null,null,null,null,null,null,null,null,null,null,null,null,null,null,null,null,null,null,null,null,null,null,"NO",null,null,"NO",null,null,"NO"]
[null,"SECUNDARY PARAMETERS"]
[null,"lifespan decline condition","NO",null,null,null,null,null,null,null,null,null,null,null,null,null,null,null,null,null,null,null,null,0,null,null,0,null,null,0]
[]
[null,"random walk multiplier",0,null,null,null,null,null,null,null,null,null,null,null,null,null,null,null,null,null,null,null,null,0,null,null,0,null,null,0]
[]
[null,"random effect on growers",0]

{"sheet":"output","index":1,"n_rows":106,"n_cols":25,"rows_kept":106,"cut":false,"hidden":false,"merged":[[43,6,43,24],[59,6,59,24],[43,0,43,4]]}
[]
[]
[]
[]
[]
[]
[]
[]
[]
[]
[]
[]
[]
[]
[]
[]
[]
[]
[]
[]
[]
[]
[]
[]
[]
[]
[]
[null,null,null,null,null,null,null,null,null,null,null,null,null,null,null,null,null,null,null,"type of model ",{"$f":"model_type(model!E11)","v":"normal genetic model"}]
[null,null,null,null,null,null,null,null,null,null,null,null,null,null,null,null,null,null,null,null,{"$f":"IF(parameters!C43=\"YES\",\"Matthew model\",\"Standard model\")","v":"Standard model"}]
[]
[null,null,null,null,null,null,null,null,null,null,null,null,null,null,null,null,null,null,null,null,{"$f":"model_type2((model!L11))","v":"PRODUCT MODEL 3. RESET EQUATIONS TO NORMAL MODEL!"}]
[]
[]
[]
[]
[]
[]
[]
[]
[]
[]
[]
[]
["Specified values",null,null,null,null,null,"Growth and Connection parameters"]
[null,"grower3",{"$f":"H63","v":0.76804687439868347}]
[null,"products1",{"$f":"collected_number_of_products","v":0},null,null,null,{"$f":"model!A8:H18","v":"grower"},"endlevel","initial","rate","genetic K","effect_type","delay","MyMax",null,"grower1","grower2","grower3","grower4","grower5","grower6","grower7","grower8","grower9","grower10"]
[null,{"$f":"G65","v":"initial level"},1.0334763803984971E-2,null,null,null,1,1.3123353516437986,2.6669577194843443E-2,5.7407456927186545E-2,0.96486487379457797,1,1,10,"grower1",{"$f":"model!I9:R18","v":0},0,0,0,0,2.3422211708075215E-2,0,0,0,2.5485987274802774E-3]
[null,"rate",3.9668947674233047E-2,null,null,null,2,0.81733527791745431,3.4884437301661818E-2,5.3636858440922044E-2,1.0442434475213958,1,1,21,"grower2",0,0,0,0,0,0,0,-7.196702104130254E-3,0,0]
[null,"genetic K",1.0035508822577617,null,null,null,3,0.38386132638411502,1.0334763803984971E-2,3.9668947674233047E-2,1.0035508822577617,1,1,20,"grower3",0,0,0,0,0,-1.5867473849568565E-2,0,0,0,0]
[null,"grower 4",{"$f":"H80","v":1.3170561545254065},null,null,null,4,1.3170561545254065,7.6535013737156991E-3,5.8882591011908916E-2,1.3170561546389679,1,1,21,"grower4",0,-8.849270258260062E-3,0,0,0,0,0,0,0,-4.2375769226661473E-3]
[null,"life span slope",{"$f":"collected_product_slope","v":0},null,null,null,5,1.962281964004311,6.2290806905366484E-3,3.5982929227115379E-2,0.95145734339483001,1,19,15,"grower5",1.0541777243829469E-2,0,-1.2864261417780312E-2,0,0,0,0,0,0,0]
[null,null,null,null,null,null,6,0.91120667232310459,1.4462336723227054E-2,4.7147671775566759E-2,0.85413755029320304,1,153,17,"grower6",0,0,0,0,0,0,0,-6.5628115614239984E-3,0,0]
[null,null,null,null,null,null,7,1.0115752919648155,2.9447399300988764E-2,7.1124704440279657E-2,1.0115753009202262,1,182,19,"grower7",0,0,0,0,0,0,0,0,0,0]
[null,null,null,null,null,null,8,0.90679960497365475,2.4235150730237368E-2,5.0859744564017886E-2,1.1829232977513537,1,217,12,"grower8",0,0,0,0,0,0,0,0,0,0]
[null,null,null,null,null,null,9,0.90954662271590059,2.8874957037623973E-2,3.9101224353676717E-2,0.90993904278600912,1,202,14,"grower9",0,0,0,0,4.2053514749556722E-2,-2.3488328616202078E-2,0,0,0,0]
[null,null,null,null,null,null,10,0.95401641282368299,3.8826484465971589E-2,4.2165011192423968E-2,1.0075972421652155,1,146,17,"grower10",0,0,0,0,0,0,0,0,0,0]
[]
[]
[]
[null,null,null,null,null,null,"Growth Levels and Level parameters"]
[]
[null,null,null,null,null,null,null,"grower 3",null,"best performance",null,null,null,null,"timeseries growers step = 20"]
[null,null,null,null,null,null,"max value",{"$f":"H79","v":0.76804687439868347},null,{"$f":"MAX(H77:H86)","v":1.962281964004311},null,null,null,"time",{"$f":"growers_in_steps_of_20","v":"grower1"},"grower2","grower3","grower4","grower5","grower6","grower7","grower8","grower9","grower10"]
[null,null,null,null,null,null,"name","grower 3",null,{"$f":"Plookup(J63,H77:H86,G77:G86)","v":"grower5"},null,null,null,1,2.6669577194843443E-2,3.4884437301661818E-2,1.0334763803984971E-2,7.6535013737156991E-3,6.2290806905366484E-3,1.4462336723227054E-2,2.9447399300988764E-2,2.4235150730237368E-2,2.8874957037623973E-2,3.8826484465971589E-2]
[null,null,null,null,null,null,"initial level",{"$f":"model!C11","v":1.0334763803984971E-2},null,{"$f":"Plookup(J63,H77:H86,model!C9:C18)","v":6.2290806905366484E-3},null,null,null,21,7.7016004692030487E-2,9.323991394223069E-2,2.2194759485297023E-2,2.3737177995327274E-2,6.6978066442320216E-3,1.4462336723227054E-2,2.9447399300988764E-2,2.4235150730237368E-2,2.8874957037623973E-2,3.8826484465971589E-2]
[null,null,null,null,null,null,"rate",{"$f":"model!D11","v":3.9668947674233047E-2},null,{"$f":"Plookup(J63,H77:H86,model!D9:D18)","v":3.5982929227115379E-2},null,null,null,41,0.20150350836489839,0.22622194758367986,4.6973898280632836E-2,7.1761262346804078E-2,1.3800769251560036E-2,1.4462336723227054E-2,2.9447399300988764E-2,2.4235150730237368E-2,2.8874957037623973E-2,3.8826484465971589E-2]
[null,null,null,null,null,null,"genetic K",{"$f":"model!E11","v":1.0035508822577617},null,{"$f":"my_lookup(J63,H77:H86,model!E9:E18)","v":0.95145734339483001},null,null,null,61,0.42869077986686688,0.45170527217449069,9.6421108144172249E-2,0.20173519723387004,2.8212978563418138E-2,1.4462336723227054E-2,2.9447399300988764E-2,2.4235150730237368E-2,2.8874957037623973E-2,3.8826484465971589E-2]
[null,null,null,null,null,null,"delay",{"$f":"model!G11","v":1},null,{"$f":"my_lookup(J63,H77:H86,model!G9:G18)","v":19},null,null,null,81,0.68314124235804974,0.68530035730119088,0.18665389613766054,0.47669112617942688,5.6771726507225E-2,1.4462336723227054E-2,2.9447399300988764E-2,2.4235150730237368E-2,2.8874957037623973E-2,3.8826484465971589E-2]
[null,null,null,null,null,null,"Max",{"$f":"model!H18","v":17},null,{"$f":"my_lookup(J63,H77:H86,model!H9:H18)","v":15},null,null,null,101,0.85521530454373607,0.81455370653413617,0.32698206876518349,0.84252809141024898,0.11080221400096739,1.4462336723227054E-2,2.9447399300988764E-2,2.4235150730237368E-2,2.8874957037623973E-2,3.8826484465971589E-2]
[null,null,null,null,null,null,"connection sum",{"$f":"model!K20","v":-1.2864261417780312E-2},null,{"$f":"my_lookup(J63,H77:H86,connectionsum)","v":4.2053514749556722E-2},null,null,null,121,0.94247469072293044,0.84670085548913687,0.4972839706238974,1.1157783934859975,0.20463844256889047,1.4462336723227054E-2,2.9447399300988764E-2,2.4235150730237368E-2,2.8874957037623973E-2,3.8826484465971589E-2]
[null,null,null,null,null,null,"total support",{"$f":"model!Z33","v":0},null,{"$f":"my_lookup(J63,H77:H86,totalsupport)","v":1.6353772106802614E-2},null,null,null,141,0.98979566983379452,0.8418397038217883,0.64664209234509928,1.24499308738322,0.3458320011074496,1.4462336723227054E-2,2.9447399300988764E-2,2.4235150730237368E-2,2.8874957037623973E-2,3.8826484465971589E-2]
[null,null,null,null,null,null,"number of products",{"$f":"model!T23","v":0},null,null,null,null,null,161,1.0256446222616253,0.83198660395816393,0.73597525714800383,1.2930211950249999,0.51859802457886484,2.2675344117659882E-2,2.9447399300988764E-2,2.4235150730237368E-2,2.8874957037623973E-2,6.7044875452682548E-2]
[null,null,null,null,null,null,null,null,null,null,null,null,null,181,1.0584995163102149,0.82503741532879149,0.76673281293098194,1.3092383922983744,0.68412962563745006,6.8106845481090653E-2,2.9447399300988764E-2,2.4235150730237368E-2,2.8874957037623973E-2,0.13369802622158766]
[null,null,null,null,null,null,null,null,null,null,null,null,null,201,1.0868390976845976,0.82112936124377389,0.7629135391453622,1.3145343771288707,0.80989406892391913,0.18989782800810071,0.10086971142645919,2.4235150730237368E-2,2.8874957037623973E-2,0.24773250448627657]
[null,null,null,null,null,null,null,null,null,null,null,null,null,221,1.108282786499081,0.81913485678146547,0.74597042894048815,1.3162448997571334,0.89675774777398709,0.43858839061812427,0.30887653509618801,2.8475402028855332E-2,5.7828797541684712E-2,0.40951790377954389]
[null,null,null,null,null,null,null,"max level","endlevel","sum of levels",null,null,null,241,1.1244428920719702,0.81816864744399909,0.72570103809358844,1.3167954015410008,0.97029488193422431,0.73940732138901832,0.64437039820464626,6.1409732266934844E-2,0.11585051013898653,0.5872909751395331]
[null,null,null,null,null,null,"grower1",{"$f":"TRANSPOSE(maxlevel10)","v":1.3123353516437986},{"$f":"TRANSPOSE(endlevel10)","v":1.3123353516437986},{"$f":"TRANSPOSE(totalsumlist)","v":503.68942264701252},null,null,null,261,1.1390970309757995,0.81771510321605323,0.70374861170816794,1.316972367006126,1.0560105619397555,0.92877393285431964,0.88586400119265329,0.12317160968727819,0.21696112533643286,0.73565529888372372]
[null,null,null,null,null,null,"grower2",0.84714543654767738,0.81733527791745431,365.04591319403573,null,null,null,281,1.1566900324156357,0.81750650502155264,0.67757553619577704,1.3170292336352836,1.1782895515110481,0.98543245655849909,0.97714279247318225,0.22666893950406863,0.36505884879055706,0.83397528563521006]
[null,null,null,null,null,null,"grower3",0.76804687439868347,0.38386132638411502,239.4805609365402,null,null,null,301,1.1807903823545067,0.8174118741241212,0.64371589287049125,1.3170475051588522,1.3459638632674154,0.97215757574898598,1.0028083353450146,0.37349874045640591,0.53519938468453621,0.88996804030646481]
[null,null,null,null,null,null,"grower4",1.3170561545254065,1.3170561545254065,537.92169740179531,null,null,null,321,1.2113170508711619,0.81736935043802461,0.60166098607829255,1.3170533756634344,1.5353178754514871,0.93832644826600686,1.0093864879586909,0.53925592622639673,0.6842652615755177,0.91959811384308521]
[null,null,null,null,null,null,"grower5",1.962281964004311,1.962281964004311,515.12979064357501,null,null,null,341,1.2432039864232105,0.81735036890632695,0.55584921738527471,1.3170552617897053,1.702098140250873,0.90979373077315062,1.0110315371888363,0.68444472972085579,0.78723969754345191,0.93511250370833499]
[null,null,null,null,null,null,"grower6",0.98641896448445598,0.91120667232310459,259.55327776134544,null,null,null,361,1.2700147348170241,0.8173419360861951,0.51269579394828624,1.3170558677782056,1.8192184893837975,0.89444838994661102,1.0114403816881172,0.78603042115924271,0.84738759989428747,0.94347271897374529]
[null,null,null,null,null,null,"grower7",1.0115752919648155,1.0115752919648155,274.67355432228123,null,null,null,381,1.2887003107036212,0.81733820238187316,0.47636279948708027,1.3170560624743941,1.8889398767780339,0.89016469122067932,1.0115418349140828,0.84633749869316799,0.87916541063872788,0.94814221266111409]
[null,null,null,null,null,null,"grower8",0.90679960497365475,0.90679960497365475,175.92687917115833,null,null,null,401,1.3000317694456964,0.81733655329000465,0.44784038969865825,1.3170561250277106,1.9263817978444158,0.89214500008006437,1.0115670004868778,0.87848645989479979,0.89507296243743839,0.95080111279881008]
[null,null,null,null,null,null,"grower9",0.90954662271590059,0.90954662271590059,194.05113531873153,null,null,null,421,1.3062886852804996,0.81733582621133838,0.42627625222719373,1.3170561451252636,1.9453516635862049,0.89657383081417763,1.0115732422374772,0.89443583104053548,0.90282187092542276,0.95231436090445876]
[null,null,null,null,null,null,"grower10",0.95401641282368299,0.95401641282368299,262.24350971233594,null,null,null,441,1.3095434184026544,0.81733550605628646,0.41025836298353363,1.3170561515823409,1.9546676233993452,0.90132181419864799,1.011574790325829,0.90189756006721222,0.90654646754866119,0.95316483179109146]
[null,null,null,null,null,null,null,null,null,null,null,null,null,461,1.3111752851065397,0.81733536521378103,0.39843993742845074,1.3170561536569143,1.9591687343555859,0.90549170996730588,1.0115751742827754,0.90515986706715623,0.90832525347092619,0.95363475341336013]
[]
[]
[]
[null,null,null,null,null,null,null,"Example of my_value formula, applies to total_model_output"]
[null,null,null,null,null,null,null,"time","value"]
[null,null,null,null,null,null,null,220,{"$f":"my_value(total_model_output,H93,3)","v":1.1607596941427352},"I93=my_value(total_model_output,H93,3)"]
[null,null,null,null,null,null,null,221,1.1602834385179732]
[null,null,null,null,null,null,null,222,1.1598208584250633]
[null,null,null,null,null,null,null,223,1.1593718105554236]
[null,null,null,null,null,null,null,224,1.1589361306838188]
[null,null,null,null,null,null,null,225,1.1585136358830443]
[null,null,null,null,null,null,null,226,1.1581041266276475]
[null,null,null,null,null,null,null,227,1.1577073887839651]
[null,null,null,null,null,null,null,228,1.1573231954851495]
[null,null,null,null,null,null,null,229,1.1569513088910659]
[null,null,null,null,null,null,null,230,1.1565914818339893]
[null,null,null,null,null,null,null,231,1.1562434593519135]
[null,null,null,null,null,null,null,232,1.1559069801120256]
[null,null,null,null,null,null,null,233,1.1555817777275035]

{"sheet":"model","index":2,"n_rows":1024,"n_cols":114,"rows_kept":1024,"cut":false,"hidden":false,"merged":[]}
["model","initial",{"$f":"parameters!C5","v":0},{"$f":"parameters!D5","v":0.05},null,{"$f":"parameters!C13","v":0.25},null,"RW_multiplier",{"$f":"parameters!C51","v":0},null,"MyMax",20,"myRandom",{"$f":"parameters!C51","v":0},"multiplier",null,"matthew","NO","NO"]
[null,"rate",{"$f":"parameters!C6","v":0.05},{"$f":"parameters!D6","v":0.01},null,null,null,"cc_reduction",{"$f":"parameters!C49","v":"NO"},null,"effect type",1,null,null,null,null,"matthewparameter",1E-4]
[null,"connection",{"$f":"parameters!C7","v":0},{"$f":"parameters!D7","v":0.02}]
[null,"carcapNorm",{"$f":"parameters!C8","v":1},{"$f":"parameters!D8","v":0.15},null,null,null,null,null,null,null,null,null,null,null,null,null,null,null,null,null,null,null,null,null,null,null,null,null,null,null,null,null,null,null,null,null,null,null,null,null,null,null,null,null,null,null,null,null,null,null,null,null,null,null,null,null,null,null,null,null,null,null,null,null,null,null,null,null,null,null,null,null,null,null,null,null,null,null,null,null,null,null,null,null,"PLUS FACTOR",0.01]
[null,"carcapEm",{"$f":"parameters!C9","v":0.5},{"$f":"parameters!D9","v":0.25},null,null,null,null,null,null,null,null,null,null,null,null,null,null,null,null,null,null,null,null,null,null,null,null,null,null,null,null,null,null,null,null,null,null,null,null,null,null,null,null,null,null,null,null,null,null,null,null,null,null,null,null,null,null,null,null,null,null,null,null,null,null,null,null,null,null,null,null,null,null,null,null,null,null,null,null,null,null,null,null,null,"MIN FACTOR",-0.01]
[null,"delay",{"$f":"parameters!C10","v":1},{"$f":"parameters!D10","v":350},null,null,null,null,null,null,null,null,null,null,null,null,null,null,null,null,null,null,null,null,null,null,null,null,null,null,null,null,null,null,null,null,null,null,null,null,null,null,null,null,null,null,null,null,null,null,null,null,null,null,null,null,null,null,null,null,null,null,null,null,null,null,30]
[null,"Max",{"$f":"parameters!C11","v":10},{"$f":"parameters!D11","v":25},null,null,null,null,null,null,null,null,null,null,null,null,null,null,null,null,{"$f":"COUNTIF(I10:R19,\"<>0\")","v":19}]
["grower","endlevel","initial","rate","genetic K","effect_type","delay","MyMax","grower1","grower2","grower3","grower4","grower5","grower6","grower7","grower8","grower9","grower10","grower5","grower6","grower7","grower8","grower9","grower10"]
[1,{"$f":"TRANSPOSE(endlevel10)","v":1.3123353516437986},{"$f":"_xll.dRandReal($C$1,$D$1)","v":2.6669577194843443E-2},{"$f":"_xll.dNormalDev($C$2,$D$2)","v":5.7407456927186545E-2},{"$f":"_xll.dNormalDev($C$4,$D$4)","v":0.96486487379457797},{"$f":"IF(RAND()<$L$2,1,0)","v":1},1,{"$f":"_xll.dRandInt($C$7,$D$7)","v":10},0,{"$f":"IF(RAND()<$F$1,_xll.dNormalDev($C$3,$D$3),0)","v":0},{"$f":"IF(RAND()<$F$1,_xll.dNormalDev($C$3,$D$3),0)","v":0},{"$f":"IF(RAND()<$F$1,_xll.dNormalDev($C$3,$D$3),0)","v":0},{"$f":"IF(RAND()<$F$1,_xll.dNormalDev($C$3,$D$3),0)","v":0},{"$f":"IF(RAND()<$F$1,_xll.dNormalDev($C$3,$D$3),0)","v":2.3422211708075215E-2},{"$f":"IF(RAND()<$F$1,_xll.dNormalDev($C$3,$D$3),0)","v":0},{"$f":"IF(RAND()<$F$1,_xll.dNormalDev($C$3,$D$3),0)","v":0},{"$f":"IF(RAND()<$F$1,_xll.dNormalDev($C$3,$D$3),0)","v":0},{"$f":"IF(RAND()<$F$1,_xll.dNormalDev($C$3,$D$3),0)","v":2.5485987274802774E-3},0,0,0,0,-3.2338836525547554E-3,-2.3855281477309115E-2,"grower5","grower6","grower7","grower8","grower9","grower10",null,null,null,null,null,null,null,null,null,null,null,null,null,null,null,null,null,null,null,null,null,null,null,null,null,null,null,null,null,null,"grower",null,"initial","rate","genetic K","effect_type","delay","MyMax","grower1","grower2","grower3","grower4","grower5","grower6","grower7","grower8","grower9","grower10",null,null,"initial40","rate40","carcap40","effect_type","delay","MyMax","grower1","grower2","grower3","grower4","grower5","grower6","grower7","grower8","grower9","grower10",null,null,"initial","rate","genetic K","effect_type","delay","MyMax","grower1","grower2","grower3","grower4","grower5","grower6","grower7","grower8","grower9","grower10"]
[2,0.81733527791745431,{"$f":"_xll.dRandReal($C$1,$D$1)","v":3.4884437301661818E-2},{"$f":"_xll.dNormalDev($C$2,$D$2)","v":5.3636858440922044E-2},{"$f":"_xll.dNormalDev($C$4,$D$4)","v":1.0442434475213958},1,1,{"$f":"_xll.dRandInt($C$7,$D$7)","v":21},{"$f":"IF(RAND()<$F$1,_xll.dNormalDev($C$3,$D$3),0)","v":0},0,{"$f":"IF(RAND()<$F$1,_xll.dNormalDev($C$3,$D$3),0)","v":0},{"$f":"IF(RAND()<$F$1,_xll.dNormalDev($C$3,$D$3),0)","v":0},{"$f":"IF(RAND()<$F$1,_xll.dNormalDev($C$3,$D$3),0)","v":0},{"$f":"IF(RAND()<$F$1,_xll.dNormalDev($C$3,$D$3),0)","v":0},{"$f":"IF(RAND()<$F$1,_xll.dNormalDev($C$3,$D$3),0)","v":0},{"$f":"IF(RAND()<$F$1,_xll.dNormalDev($C$3,$D$3),0)","v":-7.196702104130254E-3},{"$f":"IF(RAND()<$F$1,_xll.dNormalDev($C$3,$D$3),0)","v":0},{"$f":"IF(RAND()<$F$1,_xll.dNormalDev($C$3,$D$3),0)","v":0},0,0,9.2657527007297853E-3,0,0,-6.655736523784911E-3,{"$f":"IF(M$21=MAX(maxlevel10),M10,\"\")","v":0},{"$f":"IF(N$21=MAX(maxlevel10),N10,\"\")","v":""},{"$f":"IF(O$21=MAX(maxlevel10),O10,\"\")","v":""},{"$f":"IF(P$21=MAX(maxlevel10),P10,\"\")","v":""},{"$f":"IF(Q$21=MAX(maxlevel10),Q10,\"\")","v":""},{"$f":"IF(R$21=MAX(maxlevel10),R10,\"\")","v":""},{"$f":"TRANSPOSE(totalsumlist)","v":503.68942264701252},{"$f":"SUM(U10:AD10)","v":2.6100161769448743E-3},{"$f":"AE10*AF10","v":1.3146375412647267},null,null,null,null,null,null,null,null,null,null,null,null,null,null,null,null,null,null,null,null,null,null,null,null,null,null,null,1,null,{"$f":"_xll.dRandReal($C$1,$D$1)","v":1.3679284625686705E-2},{"$f":"_xll.dNormalDev($C$2,$D$2)","v":3.4345027307101574E-2},{"$f":"_xll.dNormalDev($C$4,$D$4)","v":0.75788562249937685},{"$f":"IF(RAND()<$L$2,1,0)","v":1},1,{"$f":"_xll.dRandInt($C$7,$D$7)","v":14},0,{"$f":"IF(RAND()<$F$1,_xll.dNormalDev($C$3,$D$3),0)","v":0},{"$f":"IF(RAND()<$F$1,_xll.dNormalDev($C$3,$D$3),0)","v":0},{"$f":"IF(RAND()<$F$1,_xll.dNormalDev($C$3,$D$3),0)","v":-1.5110593206953014E-2},{"$f":"IF(RAND()<$F$1,_xll.dNormalDev($C$3,$D$3),0)","v":0},{"$f":"IF(RAND()<$F$1,_xll.dNormalDev($C$3,$D$3),0)","v":0},{"$f":"IF(RAND()<$F$1,_xll.dNormalDev($C$3,$D$3),0)","v":0},{"$f":"IF(RAND()<$F$1,_xll.dNormalDev($C$3,$D$3),0)","v":0},{"$f":"IF(RAND()<$F$1,_xll.dNormalDev($C$3,$D$3),0)","v":0},{"$f":"IF(RAND()<$F$1,_xll.dNormalDev($C$3,$D$3),0)","v":0},null,null,{"$f":"_xll.dRandReal($C$1,$D$1)","v":3.5114820650778714E-2},{"$f":"_xll.dNormalDev($C$2,$D$2)","v":3.6188463311227284E-2},{"$f":"_xll.dNormalDev($C$4,$D$4)","v":1.2102561120574633},{"$f":"IF(RAND()<$L$2,1,0)","v":1},1,{"$f":"_xll.dRandInt($C$7,$D$7)","v":18},{"$f":"IF(RAND()<$F$1,_xll.dNormalDev($C$3+PLUS_FACTOR,$D$3),0)","v":0},{"$f":"IF(RAND()<$F$1,_xll.dNormalDev($C$3+PLUS_FACTOR,$D$3),0)","v":0},{"$f":"IF(RAND()<$F$1,_xll.dNormalDev($C$3+PLUS_FACTOR,$D$3),0)","v":0},{"$f":"IF(RAND()<$F$1,_xll.dNormalDev($C$3+PLUS_FACTOR,$D$3),0)","v":0},{"$f":"IF(RAND()<$F$1,_xll.dNormalDev($C$3+PLUS_FACTOR,$D$3),0)","v":5.4234395880900142E-2},{"$f":"IF(RAND()<$F$1,_xll.dNormalDev($C$3+MIN_FACTOR,$D$3),0)","v":0},{"$f":"IF(RAND()<$F$1,_xll.dNormalDev($C$3+MIN_FACTOR,$D$3),0)","v":0},{"$f":"IF(RAND()<$F$1,_xll.dNormalDev($C$3+MIN_FACTOR,$D$3),0)","v":0},{"$f":"IF(RAND()<$F$1,_xll.dNormalDev($C$3+MIN_FACTOR,$D$3),0)","v":0},{"$f":"IF(RAND()<$F$1,_xll.dNormalDev($C$3+MIN_FACTOR,$D$3),0)","v":0},null,null,{"$f":"_xll.dRandReal($C$1,$D$1)","v":1.6145428491290661E-2},{"$f":"_xll.dNormalDev($C$2,$D$2)","v":5.2870985322276194E-2},{"$f":"_xll.dNormalDev($C$4,$D$4)","v":0.87015628905226849},{"$f":"IF(RAND()<$L$2,1,0)","v":1},1,{"$f":"_xll.dRandInt($C$7,$D$7)","v":19},0,{"$f":"IF(RAND()<$F$1,_xll.dNormalDev($C$3,$D$3),0)","v":0},{"$f":"IF(RAND()<$F$1,_xll.dNormalDev($C$3,$D$3),0)","v":4.8139968353058588E-2},{"$f":"IF(RAND()<$F$1,_xll.dNormalDev($C$3,$D$3),0)","v":0},{"$f":"IF(RAND()<$F$1,_xll.dNormalDev($C$3,$D$3),0)","v":0},{"$f":"IF(RAND()<$F$1,_xll.dNormalDev($C$3,$D$3),0)","v":0},{"$f":"IF(RAND()<$F$1,_xll.dNormalDev($C$3,$D$3),0)","v":0},{"$f":"IF(RAND()<$F$1,_xll.dNormalDev($C$3,$D$3),0)","v":0},{"$f":"IF(RAND()<$F$1,_xll.dNormalDev($C$3,$D$3),0)","v":0},{"$f":"IF(RAND()<$F$1,_xll.dNormalDev($C$3,$D$3),0)","v":0}]
[3,0.38386132638411502,{"$f":"_xll.dRandReal($C$1,$D$1)","v":1.0334763803984971E-2},{"$f":"_xll.dNormalDev($C$2,$D$2)","v":3.9668947674233047E-2},{"$f":"_xll.dNormalDev($C$4,$D$4)","v":1.0035508822577617},1,1,{"$f":"_xll.dRandInt($C$7,$D$7)","v":20},{"$f":"IF(RAND()<$F$1,_xll.dNormalDev($C$3,$D$3),0)","v":0},{"$f":"IF(RAND()<$F$1,_xll.dNormalDev($C$3,$D$3),0)","v":0},0,{"$f":"IF(K12<>0,(correlation_F_and_T*K12+SQRT(1-correlation_F_and_T^2)*_xll.dNormalDev($C$3,$D$3)),0)","v":0},{"$f":"IF(RAND()<$F$1,_xll.dNormalDev($C$3,$D$3),0)","v":0},{"$f":"IF(RAND()<$F$1,_xll.dNormalDev($C$3,$D$3),0)","v":-1.5867473849568565E-2},{"$f":"IF(RAND()<$F$1,_xll.dNormalDev($C$3,$D$3),0)","v":0},{"$f":"IF(RAND()<$F$1,_xll.dNormalDev($C$3,$D$3),0)","v":0},{"$f":"IF(RAND()<$F$1,_xll.dNormalDev($C$3,$D$3),0)","v":0},{"$f":"IF(RAND()<$F$1,_xll.dNormalDev($C$3,$D$3),0)","v":0},-7.5161840536796054E-3,-3.8287840609597994E-2,0,0,0,0,0,"","","","","",365.04591319403573,0,0,null,null,null,null,null,null,null,null,null,null,null,null,null,null,null,null,null,null,null,null,null,null,null,null,null,null,null,2,null,{"$f":"_xll.dRandReal($C$1,$D$1)","v":1.5819846047088505E-2},{"$f":"_xll.dNormalDev($C$2,$D$2)","v":4.5982494517347573E-2},{"$f":"_xll.dNormalDev($C$4,$D$4)","v":0.99223514820157688},1,1,{"$f":"_xll.dRandInt($C$7,$D$7)","v":11},{"$f":"IF(RAND()<$F$1,_xll.dNormalDev($C$3,$D$3),0)","v":-1.8902917210934515E-2},0,{"$f":"IF(RAND()<$F$1,_xll.dNormalDev($C$3,$D$3),0)","v":-3.1225444226303224E-2},{"$f":"IF(RAND()<$F$1,_xll.dNormalDev($C$3,$D$3),0)","v":0},{"$f":"IF(RAND()<$F$1,_xll.dNormalDev($C$3,$D$3),0)","v":0},{"$f":"IF(RAND()<$F$1,_xll.dNormalDev($C$3,$D$3),0)","v":0},{"$f":"IF(RAND()<$F$1,_xll.dNormalDev($C$3,$D$3),0)","v":0},{"$f":"IF(RAND()<$F$1,_xll.dNormalDev($C$3,$D$3),0)","v":0},{"$f":"IF(RAND()<$F$1,_xll.dNormalDev($C$3,$D$3),0)","v":0},{"$f":"IF(RAND()<$F$1,_xll.dNormalDev($C$3,$D$3),0)","v":0},null,null,{"$f":"_xll.dRandReal($C$1,$D$1)","v":2.3746127844788134E-3},{"$f":"_xll.dNormalDev($C$2,$D$2)","v":5.0084337515228325E-2},{"$f":"_xll.dNormalDev($C$4,$D$4)","v":0.81584822949456182},1,1,{"$f":"_xll.dRandInt($C$7,$D$7)","v":25},{"$f":"IF(RAND()<$F$1,_xll.dNormalDev($C$3+PLUS_FACTOR,$D$3),0)","v":0},{"$f":"IF(RAND()<$F$1,_xll.dNormalDev($C$3+PLUS_FACTOR,$D$3),0)","v":0},{"$f":"IF(RAND()<$F$1,_xll.dNormalDev($C$3+PLUS_FACTOR,$D$3),0)","v":0},{"$f":"IF(RAND()<$F$1,_xll.dNormalDev($C$3+PLUS_FACTOR,$D$3),0)","v":0},{"$f":"IF(RAND()<$F$1,_xll.dNormalDev($C$3+PLUS_FACTOR,$D$3),0)","v":0},{"$f":"IF(RAND()<$F$1,_xll.dNormalDev($C$3+MIN_FACTOR,$D$3),0)","v":0},{"$f":"IF(RAND()<$F$1,_xll.dNormalDev($C$3+MIN_FACTOR,$D$3),0)","v":0},{"$f":"IF(RAND()<$F$1,_xll.dNormalDev($C$3+MIN_FACTOR,$D$3),0)","v":5.2358222263664076E-3},{"$f":"IF(RAND()<$F$1,_xll.dNormalDev($C$3+MIN_FACTOR,$D$3),0)","v":0},{"$f":"IF(RAND()<$F$1,_xll.dNormalDev($C$3+MIN_FACTOR,$D$3),0)","v":0},null,null,{"$f":"_xll.dRandReal($C$1,$D$1)","v":3.0206889729015533E-3},{"$f":"_xll.dNormalDev($C$2,$D$2)","v":5.6571695984727895E-2},{"$f":"_xll.dNormalDev($C$4,$D$4)","v":0.90183324439886325},1,1,{"$f":"_xll.dRandInt($C$7,$D$7)","v":12},{"$f":"IF(RAND()<$F$1,_xll.dNormalDev($C$3,$D$3),0)","v":0},0,{"$f":"IF(RAND()<$F$1,_xll.dNormalDev($C$3,$D$3),0)","v":0},{"$f":"IF(RAND()<$F$1,_xll.dNormalDev($C$3,$D$3),0)","v":0},{"$f":"IF(RAND()<$F$1,_xll.dNormalDev($C$3,$D$3),0)","v":0},{"$f":"IF(RAND()<$F$1,_xll.dNormalDev($C$3,$D$3),0)","v":0},{"$f":"IF(RAND()<$F$1,_xll.dNormalDev($C$3,$D$3),0)","v":0},{"$f":"IF(RAND()<$F$1,_xll.dNormalDev($C$3,$D$3),0)","v":0},{"$f":"IF(RAND()<$F$1,_xll.dNormalDev($C$3,$D$3),0)","v":0},{"$f":"IF(RAND()<$F$1,_xll.dNormalDev($C$3,$D$3),0)","v":-1.7030722125741266E-2}]
[4,1.3170561545254065,{"$f":"_xll.dRandReal($C$1,$D$1)","v":7.6535013737156991E-3},{"$f":"_xll.dNormalDev($C$2,$D$2)","v":5.8882591011908916E-2},{"$f":"_xll.dNormalDev($C$4,$D$4)","v":1.3170561546389679},1,1,{"$f":"_xll.dRandInt($C$7,$D$7)","v":21},{"$f":"IF(RAND()<$F$1,_xll.dNormalDev($C$3,$D$3),0)","v":0},{"$f":"IF(RAND()<$F$1,_xll.dNormalDev($C$3,$D$3),0)","v":-8.849270258260062E-3},{"$f":"IF(RAND()<$F$1,_xll.dNormalDev($C$3,$D$3),0)","v":0},0,{"$f":"IF(RAND()<$F$1,_xll.dNormalDev($C$3,$D$3),0)","v":0},{"$f":"IF(RAND()<$F$1,_xll.dNormalDev($C$3,$D$3),0)","v":0},{"$f":"IF(RAND()<$F$1,_xll.dNormalDev($C$3,$D$3),0)","v":0},{"$f":"IF(RAND()<$F$1,_xll.dNormalDev($C$3,$D$3),0)","v":0},{"$f":"IF(RAND()<$F$1,_xll.dNormalDev($C$3,$D$3),0)","v":0},{"$f":"IF(RAND()<$F$1,_xll.dNormalDev($C$3,$D$3),0)","v":-4.2375769226661473E-3},-2.429855242869956E-2,0,0,0,-1.514843054415586E-2,0,0,"","","","","",239.4805609365402,-1.514843054415586E-2,-3.6277546440226645,null,null,null,null,null,null,null,null,null,null,null,null,null,null,null,null,null,null,null,null,null,null,null,null,null,null,null,3,null,{"$f":"_xll.dRandReal($C$1,$D$1)","v":4.2130865575745705E-2},{"$f":"_xll.dNormalDev($C$2,$D$2)","v":5.4696640775977794E-2},{"$f":"_xll.dNormalDev($C$4,$D$4)","v":0.9122135044483477},1,1,{"$f":"_xll.dRandInt($C$7,$D$7)","v":14},{"$f":"IF(RAND()<$F$1,_xll.dNormalDev($C$3,$D$3),0)","v":0},{"$f":"IF(RAND()<$F$1,_xll.dNormalDev($C$3,$D$3),0)","v":0},0,{"$f":"IF(RAND()<$F$1,_xll.dNormalDev($C$3,$D$3),0)","v":0},{"$f":"IF(RAND()<$F$1,_xll.dNormalDev($C$3,$D$3),0)","v":0},{"$f":"IF(RAND()<$F$1,_xll.dNormalDev($C$3,$D$3),0)","v":0},{"$f":"IF(RAND()<$F$1,_xll.dNormalDev($C$3,$D$3),0)","v":0},{"$f":"IF(RAND()<$F$1,_xll.dNormalDev($C$3,$D$3),0)","v":0},{"$f":"IF(RAND()<$F$1,_xll.dNormalDev($C$3,$D$3),0)","v":0},{"$f":"IF(RAND()<$F$1,_xll.dNormalDev($C$3,$D$3),0)","v":0},null,null,{"$f":"_xll.dRandReal($C$1,$D$1)","v":1.4082192082423717E-2},{"$f":"_xll.dNormalDev($C$2,$D$2)","v":3.8420318001511682E-2},{"$f":"_xll.dNormalDev($C$4,$D$4)","v":1.2219646760383898},1,{"$f":"_xll.dRandInt($C$6,CA12*$BO$6)","v":1},{"$f":"_xll.dRandInt($C$7,$D$7)","v":15},{"$f":"IF(RAND()<$F$1,_xll.dNormalDev($C$3+PLUS_FACTOR,$D$3),0)","v":-2.8574430541877111E-4},{"$f":"IF(RAND()<$F$1,_xll.dNormalDev($C$3+PLUS_FACTOR,$D$3),0)","v":0},{"$f":"IF(RAND()<$F$1,_xll.dNormalDev($C$3+PLUS_FACTOR,$D$3),0)","v":0},{"$f":"IF(RAND()<$F$1,_xll.dNormalDev($C$3+PLUS_FACTOR,$D$3),0)","v":0},{"$f":"IF(RAND()<$F$1,_xll.dNormalDev($C$3+PLUS_FACTOR,$D$3),0)","v":0},{"$f":"IF(RAND()<$F$1,_xll.dNormalDev($C$3+MIN_FACTOR,$D$3),0)","v":0},{"$f":"IF(RAND()<$F$1,_xll.dNormalDev($C$3+MIN_FACTOR,$D$3),0)","v":0},{"$f":"IF(RAND()<$F$1,_xll.dNormalDev($C$3+MIN_FACTOR,$D$3),0)","v":0},{"$f":"IF(RAND()<$F$1,_xll.dNormalDev($C$3+MIN_FACTOR,$D$3),0)","v":0},{"$f":"IF(RAND()<$F$1,_xll.dNormalDev($C$3+MIN_FACTOR,$D$3),0)","v":0},null,null,{"$f":"_xll.dRandReal($C$1,$D$1)","v":3.5698840615805243E-2},{"$f":"_xll.dNormalDev($C$2,$D$2)","v":5.0859396602537341E-2},{"$f":"_xll.dNormalDev($C$4,$D$4)","v":0.69134948291512122},1,1,{"$f":"_xll.dRandInt($C$7,$D$7)","v":24},{"$f":"IF(RAND()<$F$1,_xll.dNormalDev($C$3,$D$3),0)","v":0},{"$f":"IF(RAND()<$F$1,_xll.dNormalDev($C$3,$D$3),0)","v":0},0,{"$f":"IF(DC13<>0,(correlation_F_and_T*DC13+SQRT(1-correlation_F_and_T^2)*_xll.dNormalDev($C$3,$D$3)),0)","v":0},{"$f":"IF(RAND()<$F$1,_xll.dNormalDev($C$3,$D$3),0)","v":0},{"$f":"IF(RAND()<$F$1,_xll.dNormalDev($C$3,$D$3),0)","v":0},{"$f":"IF(RAND()<$F$1,_xll.dNormalDev($C$3,$D$3),0)","v":0},{"$f":"IF(RAND()<$F$1,_xll.dNormalDev($C$3,$D$3),0)","v":0},{"$f":"IF(RAND()<$F$1,_xll.dNormalDev($C$3,$D$3),0)","v":0},{"$f":"IF(RAND()<$F$1,_xll.dNormalDev($C$3,$D$3),0)","v":0}]
[5,1.962281964004311,{"$f":"_xll.dRandReal($C$1,$D$1)","v":6.2290806905366484E-3},{"$f":"_xll.dNormalDev($C$2,$D$2)","v":3.5982929227115379E-2},{"$f":"_xll.dNormalDev($C$4,$D$4)","v":0.95145734339483001},1,{"$f":"_xll.dRandInt($C$6,A13*$BO$6)","v":19},{"$f":"_xll.dRandInt($C$7,$D$7)","v":15},{"$f":"IF(RAND()<$F$1,_xll.dNormalDev($C$3,$D$3),0)","v":1.0541777243829469E-2},{"$f":"IF(RAND()<$F$1,_xll.dNormalDev($C$3,$D$3),0)","v":0},{"$f":"IF(RAND()<$F$1,_xll.dNormalDev($C$3,$D$3),0)","v":-1.2864261417780312E-2},{"$f":"IF(RAND()<$F$1,_xll.dNormalDev($C$3,$D$3),0)","v":0},0,{"$f":"IF(RAND()<$F$1,_xll.dNormalDev($C$3,$D$3),0)","v":0},{"$f":"IF(RAND()<$F$1,_xll.dNormalDev($C$3,$D$3),0)","v":0},{"$f":"IF(RAND()<$F$1,_xll.dNormalDev($C$3,$D$3),0)","v":0},{"$f":"IF(RAND()<$F$1,_xll.dNormalDev($C$3,$D$3),0)","v":0},{"$f":"IF(RAND()<$F$1,_xll.dNormalDev($C$3,$D$3),0)","v":0},0,0,0,0,-2.092272245218588E-2,0,0,"","","","","",537.92169740179531,-2.092272245218588E-2,-11.254786375746482,null,null,null,null,null,null,null,null,null,null,null,null,null,null,null,null,null,null,null,null,null,null,null,null,null,null,null,4,null,{"$f":"_xll.dRandReal($C$1,$D$1)","v":2.0569802075624467E-2},{"$f":"_xll.dNormalDev($C$2,$D$2)","v":6.0391564442967761E-2},{"$f":"_xll.dNormalDev($C$4,$D$4)","v":1.2728052399569834},1,1,{"$f":"_xll.dRandInt($C$7,$D$7)","v":19},{"$f":"IF(RAND()<$F$1,_xll.dNormalDev($C$3,$D$3),0)","v":0},{"$f":"IF(RAND()<$F$1,_xll.dNormalDev($C$3,$D$3),0)","v":0},{"$f":"IF(RAND()<$F$1,_xll.dNormalDev($C$3,$D$3),0)","v":-5.6848311266512143E-3},0,{"$f":"IF(RAND()<$F$1,_xll.dNormalDev($C$3,$D$3),0)","v":0},{"$f":"IF(RAND()<$F$1,_xll.dNormalDev($C$3,$D$3),0)","v":0},{"$f":"IF(RAND()<$F$1,_xll.dNormalDev($C$3,$D$3),0)","v":0},{"$f":"IF(RAND()<$F$1,_xll.dNormalDev($C$3,$D$3),0)","v":0},{"$f":"IF(RAND()<$F$1,_xll.dNormalDev($C$3,$D$3),0)","v":-2.3483593706273571E-2},{"$f":"IF(RAND()<$F$1,_xll.dNormalDev($C$3,$D$3),0)","v":0},null,null,{"$f":"_xll.dRandReal($C$1,$D$1)","v":2.3300082387868317E-2},{"$f":"_xll.dNormalDev($C$2,$D$2)","v":6.1927618177015122E-2},{"$f":"_xll.dNormalDev($C$4,$D$4)","v":0.96044543407906191},1,{"$f":"_xll.dRandInt($C$6,CA13*$BO$6)","v":1},{"$f":"_xll.dRandInt($C$7,$D$7)","v":25},{"$f":"IF(RAND()<$F$1,_xll.dNormalDev($C$3+PLUS_FACTOR,$D$3),0)","v":0},{"$f":"IF(RAND()<$F$1,_xll.dNormalDev($C$3+PLUS_FACTOR,$D$3),0)","v":0},{"$f":"IF(RAND()<$F$1,_xll.dNormalDev($C$3+PLUS_FACTOR,$D$3),0)","v":0},{"$f":"IF(RAND()<$F$1,_xll.dNormalDev($C$3+PLUS_FACTOR,$D$3),0)","v":0},{"$f":"IF(RAND()<$F$1,_xll.dNormalDev($C$3+PLUS_FACTOR,$D$3),0)","v":0},{"$f":"IF(RAND()<$F$1,_xll.dNormalDev($C$3+MIN_FACTOR,$D$3),0)","v":0},{"$f":"IF(RAND()<$F$1,_xll.dNormalDev($C$3+MIN_FACTOR,$D$3),0)","v":0},{"$f":"IF(RAND()<$F$1,_xll.dNormalDev($C$3+MIN_FACTOR,$D$3),0)","v":0},{"$f":"IF(RAND()<$F$1,_xll.dNormalDev($C$3+MIN_FACTOR,$D$3),0)","v":0},{"$f":"IF(RAND()<$F$1,_xll.dNormalDev($C$3+MIN_FACTOR,$D$3),0)","v":0},null,null,{"$f":"_xll.dRandReal($C$1,$D$1)","v":4.8281332198530438E-2},{"$f":"_xll.dNormalDev($C$2,$D$2)","v":3.2416864458914479E-2},{"$f":"_xll.dNormalDev($C$4,$D$4)","v":0.89899312130918918},1,1,{"$f":"_xll.dRandInt($C$7,$D$7)","v":13},{"$f":"IF(RAND()<$F$1,_xll.dNormalDev($C$3,$D$3),0)","v":0},{"$f":"IF(RAND()<$F$1,_xll.dNormalDev($C$3,$D$3),0)","v":-4.8948230053304726E-3},{"$f":"IF(RAND()<$F$1,_xll.dNormalDev($C$3,$D$3),0)","v":0},0,{"$f":"IF(RAND()<$F$1,_xll.dNormalDev($C$3,$D$3),0)","v":0},{"$f":"IF(RAND()<$F$1,_xll.dNormalDev($C$3,$D$3),0)","v":0},{"$f":"IF(RAND()<$F$1,_xll.dNormalDev($C$3,$D$3),0)","v":0},{"$f":"IF(RAND()<$F$1,_xll.dNormalDev($C$3,$D$3),0)","v":0},{"$f":"IF(RAND()<$F$1,_xll.dNormalDev($C$3,$D$3),0)","v":0},{"$f":"IF(RAND()<$F$1,_xll.dNormalDev($C$3,$D$3),0)","v":0}]
[6,0.91120667232310459,{"$f":"_xll.dRandReal($C$1,$D$1)","v":1.4462336723227054E-2},{"$f":"_xll.dNormalDev($C$2,$D$2)","v":4.7147671775566759E-2},{"$f":"_xll.dNormalDev($C$4,$D$4)","v":0.85413755029320304},1,{"$f":"_xll.dRandInt($C$6,A14*$BO$6)","v":153},{"$f":"_xll.dRandInt($C$7,$D$7)","v":17},{"$f":"IF(RAND()<$F$1,_xll.dNormalDev($C$3,$D$3),0)","v":0},{"$f":"IF(RAND()<$F$1,_xll.dNormalDev($C$3,$D$3),0)","v":0},{"$f":"IF(RAND()<$F$1,_xll.dNormalDev($C$3,$D$3),0)","v":0},{"$f":"IF(RAND()<$F$1,_xll.dNormalDev($C$3,$D$3),0)","v":0},{"$f":"IF(RAND()<$F$1,_xll.dNormalDev($C$3,$D$3),0)","v":0},0,{"$f":"IF(RAND()<$F$1,_xll.dNormalDev($C$3,$D$3),0)","v":0},{"$f":"IF(RAND()<$F$1,_xll.dNormalDev($C$3,$D$3),0)","v":-6.5628115614239984E-3},{"$f":"IF(RAND()<$F$1,_xll.dNormalDev($C$3,$D$3),0)","v":0},{"$f":"IF(RAND()<$F$1,_xll.dNormalDev($C$3,$D$3),0)","v":0},0,-5.0423442943088856E-2,0,2.1097246753026901E-2,-1.7227318737590716E-2,-4.0109819164461533E-2,0,"","","","","",515.12979064357501,-3.6239891149025344E-2,-18.668247540543373,null,null,null,null,null,null,null,null,null,null,null,null,null,null,null,null,null,null,null,null,null,null,null,null,null,null,null,5,null,{"$f":"_xll.dRandReal($C$1,$D$1)","v":2.8250459115952255E-3},{"$f":"_xll.dNormalDev($C$2,$D$2)","v":5.9754878369524179E-2},{"$f":"_xll.dNormalDev($C$4,$D$4)","v":1.3505238138012965},1,{"$f":"_xll.dRandInt($C$6,BI14*$BO$6)","v":99},{"$f":"_xll.dRandInt($C$7,$D$7)","v":19},{"$f":"IF(RAND()<$F$1,_xll.dNormalDev($C$3,$D$3),0)","v":-1.278896553445587E-2},{"$f":"IF(RAND()<$F$1,_xll.dNormalDev($C$3,$D$3),0)","v":0},{"$f":"IF(RAND()<$F$1,_xll.dNormalDev($C$3,$D$3),0)","v":0},{"$f":"IF(RAND()<$F$1,_xll.dNormalDev($C$3,$D$3),0)","v":0},0,{"$f":"IF(RAND()<$F$1,_xll.dNormalDev($C$3,$D$3),0)","v":2.2422241075768647E-2},{"$f":"IF(RAND()<$F$1,_xll.dNormalDev($C$3,$D$3),0)","v":0},{"$f":"IF(RAND()<$F$1,_xll.dNormalDev($C$3,$D$3),0)","v":0},{"$f":"IF(RAND()<$F$1,_xll.dNormalDev($C$3,$D$3),0)","v":0},{"$f":"IF(RAND()<$F$1,_xll.dNormalDev($C$3,$D$3),0)","v":0},null,null,{"$f":"_xll.dRandReal($C$1,$D$1)","v":4.2455954395700247E-2},{"$f":"_xll.dNormalDev($C$2,$D$2)","v":7.5152834174909589E-2},{"$f":"_xll.dNormalDev($C$4,$D$4)","v":1.1009144863932878},1,{"$f":"_xll.dRandInt($C$6,CA14*$BO$6)","v":1},{"$f":"_xll.dRandInt($C$7,$D$7)","v":18},{"$f":"IF(RAND()<$F$1,_xll.dNormalDev($C$3+PLUS_FACTOR,$D$3),0)","v":0},{"$f":"IF(RAND()<$F$1,_xll.dNormalDev($C$3+PLUS_FACTOR,$D$3),0)","v":0},{"$f":"IF(RAND()<$F$1,_xll.dNormalDev($C$3+PLUS_FACTOR,$D$3),0)","v":0},{"$f":"IF(RAND()<$F$1,_xll.dNormalDev($C$3+PLUS_FACTOR,$D$3),0)","v":0},{"$f":"IF(RAND()<$F$1,_xll.dNormalDev($C$3+PLUS_FACTOR,$D$3),0)","v":0},{"$f":"IF(RAND()<$F$1,_xll.dNormalDev($C$3+MIN_FACTOR,$D$3),0)","v":0},{"$f":"IF(RAND()<$F$1,_xll.dNormalDev($C$3+MIN_FACTOR,$D$3),0)","v":-1.899235856613031E-2},{"$f":"IF(RAND()<$F$1,_xll.dNormalDev($C$3+MIN_FACTOR,$D$3),0)","v":0},{"$f":"IF(RAND()<$F$1,_xll.dNormalDev($C$3+MIN_FACTOR,$D$3),0)","v":0},{"$f":"IF(RAND()<$F$1,_xll.dNormalDev($C$3+MIN_FACTOR,$D$3),0)","v":0},null,null,{"$f":"_xll.dRandReal($C$1,$D$1)","v":4.3612959294114267E-2},{"$f":"_xll.dNormalDev($C$2,$D$2)","v":3.5959812240158436E-2},{"$f":"_xll.dNormalDev($C$4,$D$4)","v":1.042100266568819},1,{"$f":"_xll.dRandInt($C$6,CS14*$BO$6)","v":1},{"$f":"_xll.dRandInt($C$7,$D$7)","v":10},{"$f":"IF(RAND()<$F$1,_xll.dNormalDev($C$3,$D$3),0)","v":9.1729408515508638E-3},{"$f":"IF(RAND()<$F$1,_xll.dNormalDev($C$3,$D$3),0)","v":0},{"$f":"IF(RAND()<$F$1,_xll.dNormalDev($C$3,$D$3),0)","v":0},{"$f":"IF(RAND()<$F$1,_xll.dNormalDev($C$3,$D$3),0)","v":0},0,{"$f":"IF(RAND()<$F$1,_xll.dNormalDev($C$3,$D$3),0)","v":0},{"$f":"IF(RAND()<$F$1,_xll.dNormalDev($C$3,$D$3),0)","v":0},{"$f":"IF(RAND()<$F$1,_xll.dNormalDev($C$3,$D$3),0)","v":-7.8182747795369073E-3},{"$f":"IF(RAND()<$F$1,_xll.dNormalDev($C$3,$D$3),0)","v":0},{"$f":"IF(RAND()<$F$1,_xll.dNormalDev($C$3,$D$3),0)","v":0}]
[7,1.0115752919648155,{"$f":"_xll.dRandReal($C$1,$D$1)","v":2.9447399300988764E-2},{"$f":"_xll.dNormalDev($C$2,$D$2)","v":7.1124704440279657E-2},{"$f":"_xll.dNormalDev($C$4,$D$4)","v":1.0115753009202262},1,{"$f":"_xll.dRandInt($C$6,A15*$BO$6)","v":182},{"$f":"_xll.dRandInt($C$7,$D$7)","v":19},{"$f":"IF(RAND()<$F$1,_xll.dNormalDev($C$3,$D$3),0)","v":0},{"$f":"IF(RAND()<$F$1,_xll.dNormalDev($C$3,$D$3),0)","v":0},{"$f":"IF(RAND()<$F$1,_xll.dNormalDev($C$3,$D$3),0)","v":0},{"$f":"IF(RAND()<$F$1,_xll.dNormalDev($C$3,$D$3),0)","v":0},{"$f":"IF(RAND()<$F$1,_xll.dNormalDev($C$3,$D$3),0)","v":0},{"$f":"IF(RAND()<$F$1,_xll.dNormalDev($C$3,$D$3),0)","v":0},0,{"$f":"IF(RAND()<$F$1,_xll.dNormalDev($C$3,$D$3),0)","v":0},{"$f":"IF(RAND()<$F$1,_xll.dNormalDev($C$3,$D$3),0)","v":0},{"$f":"IF(RAND()<$F$1,_xll.dNormalDev($C$3,$D$3),0)","v":0},0,0,0,-9.1289513207373097E-3,0,0,0,"","","","","",259.55327776134544,-9.1289513207373097E-3,-2.3694492378211325,null,null,null,null,null,null,null,null,null,null,null,null,null,null,null,null,null,null,null,null,null,null,null,null,null,null,null,6,null,{"$f":"_xll.dRandReal($C$1,$D$1)","v":2.6924410252831877E-3},{"$f":"_xll.dNormalDev($C$2,$D$2)","v":4.8205962939715505E-2},{"$f":"_xll.dNormalDev($C$4,$D$4)","v":1.3999550805707883},1,{"$f":"_xll.dRandInt($C$6,BI15*$BO$6)","v":29},{"$f":"_xll.dRandInt($C$7,$D$7)","v":13},{"$f":"IF(RAND()<$F$1,_xll.dNormalDev($C$3,$D$3),0)","v":-5.9849842535341443E-4},{"$f":"IF(RAND()<$F$1,_xll.dNormalDev($C$3,$D$3),0)","v":-3.8914524504691378E-3},{"$f":"IF(RAND()<$F$1,_xll.dNormalDev($C$3,$D$3),0)","v":0},{"$f":"IF(RAND()<$F$1,_xll.dNormalDev($C$3,$D$3),0)","v":0},{"$f":"IF(RAND()<$F$1,_xll.dNormalDev($C$3,$D$3),0)","v":0},0,{"$f":"IF(RAND()<$F$1,_xll.dNormalDev($C$3,$D$3),0)","v":-1.0447278011976533E-2},{"$f":"IF(RAND()<$F$1,_xll.dNormalDev($C$3,$D$3),0)","v":0},{"$f":"IF(RAND()<$F$1,_xll.dNormalDev($C$3,$D$3),0)","v":0},{"$f":"IF(RAND()<$F$1,_xll.dNormalDev($C$3,$D$3),0)","v":0},null,null,{"$f":"_xll.dRandReal($C$1,$D$1)","v":4.6076089865528053E-2},{"$f":"_xll.dNormalDev($C$2,$D$2)","v":4.4260415391713173E-2},{"$f":"_xll.dNormalDev($C$4,$D$4)","v":1.1603607996020358},1,{"$f":"_xll.dRandInt($C$6,CA15*$BO$6)","v":1},{"$f":"_xll.dRandInt($C$7,$D$7)","v":13},{"$f":"IF(RAND()<$F$1,_xll.dNormalDev($C$3+MIN_FACTOR,$D$3),0)","v":-3.1570216724683808E-3},{"$f":"IF(RAND()<$F$1,_xll.dNormalDev($C$3+MIN_FACTOR,$D$3),0)","v":0},{"$f":"IF(RAND()<$F$1,_xll.dNormalDev($C$3+MIN_FACTOR,$D$3),0)","v":-2.8338272179976517E-2},{"$f":"IF(RAND()<$F$1,_xll.dNormalDev($C$3+MIN_FACTOR,$D$3),0)","v":0},{"$f":"IF(RAND()<$F$1,_xll.dNormalDev($C$3+MIN_FACTOR,$D$3),0)","v":0},{"$f":"IF(RAND()<$F$1,_xll.dNormalDev($C$3+PLUS_FACTOR,$D$3),0)","v":0},{"$f":"IF(RAND()<$F$1,_xll.dNormalDev($C$3+PLUS_FACTOR,$D$3),0)","v":0},{"$f":"IF(RAND()<$F$1,_xll.dNormalDev($C$3+PLUS_FACTOR,$D$3),0)","v":0},{"$f":"IF(RAND()<$F$1,_xll.dNormalDev($C$3+PLUS_FACTOR,$D$3),0)","v":0},{"$f":"IF(RAND()<$F$1,_xll.dNormalDev($C$3+PLUS_FACTOR,$D$3),0)","v":0},null,null,{"$f":"_xll.dRandReal($C$1,$D$1)","v":4.1851434099953622E-2},{"$f":"_xll.dNormalDev($C$2,$D$2)","v":5.2585646510520452E-2},{"$f":"_xll.dNormalDev($C$4,$D$4)","v":0.90894820274212762},1,{"$f":"_xll.dRandInt($C$6,CS15*$BO$6)","v":1},{"$f":"_xll.dRandInt($C$7,$D$7)","v":25},{"$f":"IF(RAND()<$F$1,_xll.dNormalDev($C$3,$D$3),0)","v":0},{"$f":"IF(RAND()<$F$1,_xll.dNormalDev($C$3,$D$3),0)","v":0},{"$f":"IF(RAND()<$F$1,_xll.dNormalDev($C$3,$D$3),0)","v":-3.6728027717877379E-2},{"$f":"IF(RAND()<$F$1,_xll.dNormalDev($C$3,$D$3),0)","v":0},{"$f":"IF(RAND()<$F$1,_xll.dNormalDev($C$3,$D$3),0)","v":0},0,{"$f":"IF(RAND()<$F$1,_xll.dNormalDev($C$3,$D$3),0)","v":0},{"$f":"IF(RAND()<$F$1,_xll.dNormalDev($C$3,$D$3),0)","v":3.1678841313231766E-2},{"$f":"IF(RAND()<$F$1,_xll.dNormalDev($C$3,$D$3),0)","v":0},{"$f":"IF(RAND()<$F$1,_xll.dNormalDev($C$3,$D$3),0)","v":0}]
[8,0.90679960497365475,{"$f":"_xll.dRandReal($C$1,$D$1)","v":2.4235150730237368E-2},{"$f":"_xll.dNormalDev($C$2,$D$2)","v":5.0859744564017886E-2},{"$f":"_xll.dNormalDev($C$4,$D$4)","v":1.1829232977513537},1,{"$f":"_xll.dRandInt($C$6,A16*$BO$6)","v":217},{"$f":"_xll.dRandInt($C$7,$D$7)","v":12},{"$f":"IF(RAND()<$F$1,_xll.dNormalDev($C$3,$D$3),0)","v":0},{"$f":"IF(RAND()<$F$1,_xll.dNormalDev($C$3,$D$3),0)","v":0},{"$f":"IF(RAND()<$F$1,_xll.dNormalDev($C$3,$D$3),0)","v":0},{"$f":"IF(RAND()<$F$1,_xll.dNormalDev($C$3,$D$3),0)","v":0},{"$f":"IF(RAND()<$F$1,_xll.dNormalDev($C$3,$D$3),0)","v":0},{"$f":"IF(RAND()<$F$1,_xll.dNormalDev($C$3,$D$3),0)","v":0},{"$f":"IF(RAND()<$F$1,_xll.dNormalDev($C$3,$D$3),0)","v":0},0,{"$f":"IF(RAND()<$F$1,_xll.dNormalDev($C$3,$D$3),0)","v":0},{"$f":"IF(RAND()<$F$1,_xll.dNormalDev($C$3,$D$3),0)","v":0},0,-3.1007379215418296E-2,0,0,-1.070039383700731E-2,-3.8342836138665591E-2,0,"","","","","",274.67355432228123,-4.9043229975672897E-2,-13.470878292863121,null,null,null,null,null,null,null,null,null,null,null,null,null,null,null,null,null,null,null,null,null,null,null,null,null,null,null,7,null,{"$f":"_xll.dRandReal($C$1,$D$1)","v":3.4364597778767346E-2},{"$f":"_xll.dNormalDev($C$2,$D$2)","v":6.0333344737917224E-2},{"$f":"_xll.dNormalDev($C$4,$D$4)","v":1.1551379964841726},1,{"$f":"_xll.dRandInt($C$6,BI16*$BO$6)","v":193},{"$f":"_xll.dRandInt($C$7,$D$7)","v":18},{"$f":"IF(RAND()<$F$1,_xll.dNormalDev($C$3,$D$3),0)","v":0},{"$f":"IF(RAND()<$F$1,_xll.dNormalDev($C$3,$D$3),0)","v":0},{"$f":"IF(RAND()<$F$1,_xll.dNormalDev($C$3,$D$3),0)","v":0},{"$f":"IF(RAND()<$F$1,_xll.dNormalDev($C$3,$D$3),0)","v":0},{"$f":"IF(RAND()<$F$1,_xll.dNormalDev($C$3,$D$3),0)","v":0},{"$f":"IF(RAND()<$F$1,_xll.dNormalDev($C$3,$D$3),0)","v":0},0,{"$f":"IF(RAND()<$F$1,_xll.dNormalDev($C$3,$D$3),0)","v":-2.4140752063844789E-2},{"$f":"IF(RAND()<$F$1,_xll.dNormalDev($C$3,$D$3),0)","v":0},{"$f":"IF(RAND()<$F$1,_xll.dNormalDev($C$3,$D$3),0)","v":0},null,null,{"$f":"_xll.dRandReal($C$1,$D$1)","v":6.2540548620745543E-3},{"$f":"_xll.dNormalDev($C$2,$D$2)","v":4.6663946908829072E-2},{"$f":"_xll.dNormalDev($C$4,$D$4)","v":0.95900841118196001},1,{"$f":"_xll.dRandInt($C$6,CA16*$BO$6)","v":1},{"$f":"_xll.dRandInt($C$7,$D$7)","v":20},{"$f":"IF(RAND()<$F$1,_xll.dNormalDev($C$3+MIN_FACTOR,$D$3),0)","v":0},{"$f":"IF(RAND()<$F$1,_xll.dNormalDev($C$3+MIN_FACTOR,$D$3),0)","v":0},{"$f":"IF(RAND()<$F$1,_xll.dNormalDev($C$3+MIN_FACTOR,$D$3),0)","v":0},{"$f":"IF(RAND()<$F$1,_xll.dNormalDev($C$3+MIN_FACTOR,$D$3),0)","v":0},{"$f":"IF(RAND()<$F$1,_xll.dNormalDev($C$3+MIN_FACTOR,$D$3),0)","v":0},{"$f":"IF(RAND()<$F$1,_xll.dNormalDev($C$3+PLUS_FACTOR,$D$3),0)","v":0},{"$f":"IF(RAND()<$F$1,_xll.dNormalDev($C$3+PLUS_FACTOR,$D$3),0)","v":0},{"$f":"IF(RAND()<$F$1,_xll.dNormalDev($C$3+PLUS_FACTOR,$D$3),0)","v":0},{"$f":"IF(RAND()<$F$1,_xll.dNormalDev($C$3+PLUS_FACTOR,$D$3),0)","v":0},{"$f":"IF(RAND()<$F$1,_xll.dNormalDev($C$3+PLUS_FACTOR,$D$3),0)","v":0},null,null,{"$f":"_xll.dRandReal($C$1,$D$1)","v":3.2631304254755376E-2},{"$f":"_xll.dNormalDev($C$2,$D$2)","v":5.7153351976831836E-2},{"$f":"_xll.dNormalDev($C$4,$D$4)","v":1.0630221910867927},1,{"$f":"_xll.dRandInt($C$6,CS16*$BO$6)","v":1},{"$f":"_xll.dRandInt($C$7,$D$7)","v":16},{"$f":"IF(RAND()<$F$1,_xll.dNormalDev($C$3,$D$3),0)","v":0},{"$f":"IF(RAND()<$F$1,_xll.dNormalDev($C$3,$D$3),0)","v":0},{"$f":"IF(RAND()<$F$1,_xll.dNormalDev($C$3,$D$3),0)","v":0},{"$f":"IF(RAND()<$F$1,_xll.dNormalDev($C$3,$D$3),0)","v":0},{"$f":"IF(RAND()<$F$1,_xll.dNormalDev($C$3,$D$3),0)","v":1.6734295250159226E-2},{"$f":"IF(RAND()<$F$1,_xll.dNormalDev($C$3,$D$3),0)","v":0},0,{"$f":"IF(RAND()<$F$1,_xll.dNormalDev($C$3,$D$3),0)","v":0},{"$f":"IF(RAND()<$F$1,_xll.dNormalDev($C$3,$D$3),0)","v":0},{"$f":"IF(RAND()<$F$1,_xll.dNormalDev($C$3,$D$3),0)","v":0}]
[9,0.90954662271590059,{"$f":"_xll.dRandReal($C$1,$D$1)","v":2.8874957037623973E-2},{"$f":"_xll.dNormalDev($C$2,$D$2)","v":3.9101224353676717E-2},{"$f":"_xll.dNormalDev($C$4,$D$4)","v":0.90993904278600912},1,{"$f":"_xll.dRandInt($C$6,A17*$BO$6)","v":202},{"$f":"_xll.dRandInt($C$7,$D$7)","v":14},{"$f":"IF(RAND()<$F$1,_xll.dNormalDev($C$3,$D$3),0)","v":0},{"$f":"IF(RAND()<$F$1,_xll.dNormalDev($C$3,$D$3),0)","v":0},{"$f":"IF(RAND()<$F$1,_xll.dNormalDev($C$3,$D$3),0)","v":0},{"$f":"IF(RAND()<$F$1,_xll.dNormalDev($C$3,$D$3),0)","v":0},{"$f":"IF(RAND()<$F$1,_xll.dNormalDev($C$3,$D$3),0)","v":4.2053514749556722E-2},{"$f":"IF(RAND()<$F$1,_xll.dNormalDev($C$3,$D$3),0)","v":-2.3488328616202078E-2},{"$f":"IF(RAND()<$F$1,_xll.dNormalDev($C$3,$D$3),0)","v":0},{"$f":"IF(RAND()<$F$1,_xll.dNormalDev($C$3,$D$3),0)","v":0},0,{"$f":"IF(RAND()<$F$1,_xll.dNormalDev($C$3,$D$3),0)","v":0},0,0,0,-3.0446706117288848E-4,0,-8.4821019487519057E-3,4.2053514749556722E-2,"","","","","",175.92687917115833,3.3266945739631931E-2,5.8525499435297075,null,null,null,null,null,null,null,null,null,null,null,null,null,null,null,null,null,null,null,null,null,null,null,null,null,null,null,8,null,{"$f":"_xll.dRandReal($C$1,$D$1)","v":3.4574447839986533E-2},{"$f":"_xll.dNormalDev($C$2,$D$2)","v":5.161593624982394E-2},{"$f":"_xll.dNormalDev($C$4,$D$4)","v":0.63775165203127371},1,{"$f":"_xll.dRandInt($C$6,BI17*$BO$6)","v":129},{"$f":"_xll.dRandInt($C$7,$D$7)","v":20},{"$f":"IF(RAND()<$F$1,_xll.dNormalDev($C$3,$D$3),0)","v":0},{"$f":"IF(RAND()<$F$1,_xll.dNormalDev($C$3,$D$3),0)","v":6.6074728804211384E-3},{"$f":"IF(RAND()<$F$1,_xll.dNormalDev($C$3,$D$3),0)","v":5.6932723667383724E-3},{"$f":"IF(RAND()<$F$1,_xll.dNormalDev($C$3,$D$3),0)","v":0},{"$f":"IF(RAND()<$F$1,_xll.dNormalDev($C$3,$D$3),0)","v":0},{"$f":"IF(RAND()<$F$1,_xll.dNormalDev($C$3,$D$3),0)","v":0},{"$f":"IF(RAND()<$F$1,_xll.dNormalDev($C$3,$D$3),0)","v":-8.8136663461056558E-3},0,{"$f":"IF(RAND()<$F$1,_xll.dNormalDev($C$3,$D$3),0)","v":0},{"$f":"IF(RAND()<$F$1,_xll.dNormalDev($C$3,$D$3),0)","v":0},null,null,{"$f":"_xll.dRandReal($C$1,$D$1)","v":4.5225861214566981E-2},{"$f":"_xll.dNormalDev($C$2,$D$2)","v":5.3638212539278793E-2},{"$f":"_xll.dNormalDev($C$4,$D$4)","v":0.78111755831959551},1,{"$f":"_xll.dRandInt($C$6,CA17*$BO$6)","v":1},{"$f":"_xll.dRandInt($C$7,$D$7)","v":21},{"$f":"IF(RAND()<$F$1,_xll.dNormalDev($C$3+MIN_FACTOR,$D$3),0)","v":0},{"$f":"IF(RAND()<$F$1,_xll.dNormalDev($C$3+MIN_FACTOR,$D$3),0)","v":0},{"$f":"IF(RAND()<$F$1,_xll.dNormalDev($C$3+MIN_FACTOR,$D$3),0)","v":0},{"$f":"IF(RAND()<$F$1,_xll.dNormalDev($C$3+MIN_FACTOR,$D$3),0)","v":0},{"$f":"IF(RAND()<$F$1,_xll.dNormalDev($C$3+MIN_FACTOR,$D$3),0)","v":0},{"$f":"IF(RAND()<$F$1,_xll.dNormalDev($C$3+PLUS_FACTOR,$D$3),0)","v":0},{"$f":"IF(RAND()<$F$1,_xll.dNormalDev($C$3+PLUS_FACTOR,$D$3),0)","v":0},{"$f":"IF(RAND()<$F$1,_xll.dNormalDev($C$3+PLUS_FACTOR,$D$3),0)","v":0},{"$f":"IF(RAND()<$F$1,_xll.dNormalDev($C$3+PLUS_FACTOR,$D$3),0)","v":0},{"$f":"IF(RAND()<$F$1,_xll.dNormalDev($C$3+PLUS_FACTOR,$D$3),0)","v":0},null,null,{"$f":"_xll.dRandReal($C$1,$D$1)","v":1.3626331707928331E-2},{"$f":"_xll.dNormalDev($C$2,$D$2)","v":4.9173758521057986E-2},{"$f":"_xll.dNormalDev($C$4,$D$4)","v":0.76638879314626518},1,{"$f":"_xll.dRandInt($C$6,CS17*$BO$6)","v":1},{"$f":"_xll.dRandInt($C$7,$D$7)","v":20},{"$f":"IF(RAND()<$F$1,_xll.dNormalDev($C$3,$D$3),0)","v":0},{"$f":"IF(RAND()<$F$1,_xll.dNormalDev($C$3,$D$3),0)","v":0},{"$f":"IF(RAND()<$F$1,_xll.dNormalDev($C$3,$D$3),0)","v":0},{"$f":"IF(RAND()<$F$1,_xll.dNormalDev($C$3,$D$3),0)","v":0},{"$f":"IF(RAND()<$F$1,_xll.dNormalDev($C$3,$D$3),0)","v":0},{"$f":"IF(RAND()<$F$1,_xll.dNormalDev($C$3,$D$3),0)","v":0},{"$f":"IF(RAND()<$F$1,_xll.dNormalDev($C$3,$D$3),0)","v":2.2734950563295962E-2},0,{"$f":"IF(RAND()<$F$1,_xll.dNormalDev($C$3,$D$3),0)","v":0},{"$f":"IF(RAND()<$F$1,_xll.dNormalDev($C$3,$D$3),0)","v":0}]
[10,0.95401641282368299,{"$f":"_xll.dRandReal($C$1,$D$1)","v":3.8826484465971589E-2},{"$f":"_xll.dNormalDev($C$2,$D$2)","v":4.2165011192423968E-2},{"$f":"_xll.dNormalDev($C$4,$D$4)","v":1.0075972421652155},1,{"$f":"_xll.dRandInt($C$6,A18*$BO$6)","v":146},{"$f":"_xll.dRandInt($C$7,$D$7)","v":17},{"$f":"IF(RAND()<$F$1,_xll.dNormalDev($C$3,$D$3),0)","v":0},{"$f":"IF(RAND()<$F$1,_xll.dNormalDev($C$3,$D$3),0)","v":0},{"$f":"IF(RAND()<$F$1,_xll.dNormalDev($C$3,$D$3),0)","v":0},{"$f":"IF(RAND()<$F$1,_xll.dNormalDev($C$3,$D$3),0)","v":0},{"$f":"IF(RAND()<$F$1,_xll.dNormalDev($C$3,$D$3),0)","v":0},{"$f":"IF(RAND()<$F$1,_xll.dNormalDev($C$3,$D$3),0)","v":0},{"$f":"IF(RAND()<$F$1,_xll.dNormalDev($C$3,$D$3),0)","v":0},{"$f":"IF(RAND()<$F$1,_xll.dNormalDev($C$3,$D$3),0)","v":0},{"$f":"IF(RAND()<$F$1,_xll.dNormalDev($C$3,$D$3),0)","v":0},0,0,0,0,0,0,-2.3978156258791163E-2,0,"","","","","",194.05113531873153,-2.3978156258791163E-2,-4.6529884448683729,null,null,null,null,null,null,null,null,null,null,null,null,null,null,null,null,null,null,null,null,null,null,null,null,null,null,null,9,null,{"$f":"_xll.dRandReal($C$1,$D$1)","v":3.5738271567970513E-2},{"$f":"_xll.dNormalDev($C$2,$D$2)","v":4.1232380284348405E-2},{"$f":"_xll.dNormalDev($C$4,$D$4)","v":1.0630926475087616},1,{"$f":"_xll.dRandInt($C$6,BI18*$BO$6)","v":146},{"$f":"_xll.dRandInt($C$7,$D$7)","v":20},{"$f":"IF(RAND()<$F$1,_xll.dNormalDev($C$3,$D$3),0)","v":1.1401972581838671E-2},{"$f":"IF(RAND()<$F$1,_xll.dNormalDev($C$3,$D$3),0)","v":0},{"$f":"IF(RAND()<$F$1,_xll.dNormalDev($C$3,$D$3),0)","v":-1.4750296862944169E-2},{"$f":"IF(RAND()<$F$1,_xll.dNormalDev($C$3,$D$3),0)","v":6.951027038175751E-3},{"$f":"IF(RAND()<$F$1,_xll.dNormalDev($C$3,$D$3),0)","v":-6.4325543367658835E-3},{"$f":"IF(RAND()<$F$1,_xll.dNormalDev($C$3,$D$3),0)","v":0},{"$f":"IF(RAND()<$F$1,_xll.dNormalDev($C$3,$D$3),0)","v":1.8512726826632651E-2},{"$f":"IF(RAND()<$F$1,_xll.dNormalDev($C$3,$D$3),0)","v":0},0,{"$f":"IF(RAND()<$F$1,_xll.dNormalDev($C$3,$D$3),0)","v":0},null,null,{"$f":"_xll.dRandReal($C$1,$D$1)","v":4.5333518995903438E-3},{"$f":"_xll.dNormalDev($C$2,$D$2)","v":5.3846245321695387E-2},{"$f":"_xll.dNormalDev($C$4,$D$4)","v":0.97240808419483893},1,{"$f":"_xll.dRandInt($C$6,CA18*$BO$6)","v":1},{"$f":"_xll.dRandInt($C$7,$D$7)","v":20},{"$f":"IF(RAND()<$F$1,_xll.dNormalDev($C$3+MIN_FACTOR,$D$3),0)","v":0},{"$f":"IF(RAND()<$F$1,_xll.dNormalDev($C$3+MIN_FACTOR,$D$3),0)","v":-2.3071663961385623E-2},{"$f":"IF(RAND()<$F$1,_xll.dNormalDev($C$3+MIN_FACTOR,$D$3),0)","v":0},{"$f":"IF(RAND()<$F$1,_xll.dNormalDev($C$3+MIN_FACTOR,$D$3),0)","v":0},{"$f":"IF(RAND()<$F$1,_xll.dNormalDev($C$3+MIN_FACTOR,$D$3),0)","v":0},{"$f":"IF(RAND()<$F$1,_xll.dNormalDev($C$3+PLUS_FACTOR,$D$3),0)","v":0},{"$f":"IF(RAND()<$F$1,_xll.dNormalDev($C$3+PLUS_FACTOR,$D$3),0)","v":0},{"$f":"IF(RAND()<$F$1,_xll.dNormalDev($C$3+PLUS_FACTOR,$D$3),0)","v":0},{"$f":"IF(RAND()<$F$1,_xll.dNormalDev($C$3+PLUS_FACTOR,$D$3),0)","v":-4.8557037216336765E-2},{"$f":"IF(RAND()<$F$1,_xll.dNormalDev($C$3+PLUS_FACTOR,$D$3),0)","v":2.9591785114344127E-2},null,null,{"$f":"_xll.dRandReal($C$1,$D$1)","v":1.7300103581510486E-2},{"$f":"_xll.dNormalDev($C$2,$D$2)","v":4.4171601057588855E-2},{"$f":"_xll.dNormalDev($C$4,$D$4)","v":1.0749470928278388},1,{"$f":"_xll.dRandInt($C$6,CS18*$BO$6)","v":1},{"$f":"_xll.dRandInt($C$7,$D$7)","v":18},{"$f":"IF(RAND()<$F$1,_xll.dNormalDev($C$3,$D$3),0)","v":1.1312248947561464E-2},{"$f":"IF(RAND()<$F$1,_xll.dNormalDev($C$3,$D$3),0)","v":0},{"$f":"IF(RAND()<$F$1,_xll.dNormalDev($C$3,$D$3),0)","v":1.7674859739480245E-2},{"$f":"IF(RAND()<$F$1,_xll.dNormalDev($C$3,$D$3),0)","v":1.0828521432956909E-2},{"$f":"IF(RAND()<$F$1,_xll.dNormalDev($C$3,$D$3),0)","v":0},{"$f":"IF(RAND()<$F$1,_xll.dNormalDev($C$3,$D$3),0)","v":0},{"$f":"IF(RAND()<$F$1,_xll.dNormalDev($C$3,$D$3),0)","v":0},{"$f":"IF(RAND()<$F$1,_xll.dNormalDev($C$3,$D$3),0)","v":0},0,{"$f":"IF(RAND()<$F$1,_xll.dNormalDev($C$3,$D$3),0)","v":0}]
[null,null,null,null,null,null,null,null,null,null,null,null,null,null,null,null,null,null,"quadratic_condition",1,{"$f":"IF(I$21=MAX(maxlevel10),I19,\"\")","v":""},{"$f":"IF(J$21=MAX(maxlevel10),J19,\"\")","v":""},{"$f":"IF(K$21=MAX(maxlevel10),K19,\"\")","v":""},{"$f":"IF(L$21=MAX(maxlevel10),L19,\"\")","v":""},0,"","","","","",262.24350971233594,0,0,null,null,null,null,null,null,null,null,null,null,null,null,null,null,null,null,null,null,null,null,null,null,null,null,null,null,null,10,null,{"$f":"_xll.dRandReal($C$1,$D$1)","v":1.0546423716004939E-2},{"$f":"_xll.dNormalDev($C$2,$D$2)","v":5.1729082831224606E-2},{"$f":"_xll.dNormalDev($C$4,$D$4)","v":1.1299798753251118},1,{"$f":"_xll.dRandInt($C$6,BI19*$BO$6)","v":106},{"$f":"_xll.dRandInt($C$7,$D$7)","v":15},{"$f":"IF(RAND()<$F$1,_xll.dNormalDev($C$3,$D$3),0)","v":0},{"$f":"IF(RAND()<$F$1,_xll.dNormalDev($C$3,$D$3),0)","v":0},{"$f":"IF(RAND()<$F$1,_xll.dNormalDev($C$3,$D$3),0)","v":0},{"$f":"IF(RAND()<$F$1,_xll.dNormalDev($C$3,$D$3),0)","v":0},{"$f":"IF(RAND()<$F$1,_xll.dNormalDev($C$3,$D$3),0)","v":0},{"$f":"IF(RAND()<$F$1,_xll.dNormalDev($C$3,$D$3),0)","v":0},{"$f":"IF(RAND()<$F$1,_xll.dNormalDev($C$3,$D$3),0)","v":0},{"$f":"IF(RAND()<$F$1,_xll.dNormalDev($C$3,$D$3),0)","v":0},{"$f":"IF(RAND()<$F$1,_xll.dNormalDev($C$3,$D$3),0)","v":0},0,null,null,{"$f":"_xll.dRandReal($C$1,$D$1)","v":7.7144222450442612E-3},{"$f":"_xll.dNormalDev($C$2,$D$2)","v":5.4390820267231361E-2},{"$f":"_xll.dNormalDev($C$4,$D$4)","v":0.95963472761372137},1,{"$f":"_xll.dRandInt($C$6,CA19*$BO$6)","v":1},{"$f":"_xll.dRandInt($C$7,$D$7)","v":23},{"$f":"IF(RAND()<$F$1,_xll.dNormalDev($C$3+MIN_FACTOR,$D$3),0)","v":0},{"$f":"IF(RAND()<$F$1,_xll.dNormalDev($C$3+MIN_FACTOR,$D$3),0)","v":0},{"$f":"IF(RAND()<$F$1,_xll.dNormalDev($C$3+MIN_FACTOR,$D$3),0)","v":0},{"$f":"IF(RAND()<$F$1,_xll.dNormalDev($C$3+MIN_FACTOR,$D$3),0)","v":0},{"$f":"IF(RAND()<$F$1,_xll.dNormalDev($C$3+MIN_FACTOR,$D$3),0)","v":0},{"$f":"IF(RAND()<$F$1,_xll.dNormalDev($C$3+PLUS_FACTOR,$D$3),0)","v":0},{"$f":"IF(RAND()<$F$1,_xll.dNormalDev($C$3+PLUS_FACTOR,$D$3),0)","v":0},{"$f":"IF(RAND()<$F$1,_xll.dNormalDev($C$3+PLUS_FACTOR,$D$3),0)","v":0},{"$f":"IF(RAND()<$F$1,_xll.dNormalDev($C$3+PLUS_FACTOR,$D$3),0)","v":0},{"$f":"IF(RAND()<$F$1,_xll.dNormalDev($C$3+PLUS_FACTOR,$D$3),0)","v":0},null,null,{"$f":"_xll.dRandReal($C$1,$D$1)","v":1.3990013231523336E-2},{"$f":"_xll.dNormalDev($C$2,$D$2)","v":3.6167338814418901E-2},{"$f":"_xll.dNormalDev($C$4,$D$4)","v":1.0718151221385517},1,{"$f":"_xll.dRandInt($C$6,CS19*$BO$6)","v":1},{"$f":"_xll.dRandInt($C$7,$D$7)","v":15},{"$f":"IF(RAND()<$F$1,_xll.dNormalDev($C$3,$D$3),0)","v":0},{"$f":"IF(RAND()<$F$1,_xll.dNormalDev($C$3,$D$3),0)","v":3.0130776706882096E-2},{"$f":"IF(RAND()<$F$1,_xll.dNormalDev($C$3,$D$3),0)","v":1.9095994969529274E-4},{"$f":"IF(RAND()<$F$1,_xll.dNormalDev($C$3,$D$3),0)","v":7.4870472800110223E-3},{"$f":"IF(RAND()<$F$1,_xll.dNormalDev($C$3,$D$3),0)","v":0},{"$f":"IF(RAND()<$F$1,_xll.dNormalDev($C$3,$D$3),0)","v":0},{"$f":"IF(RAND()<$F$1,_xll.dNormalDev($C$3,$D$3),0)","v":0},{"$f":"IF(RAND()<$F$1,_xll.dNormalDev($C$3,$D$3),0)","v":0},{"$f":"IF(RAND()<$F$1,_xll.dNormalDev($C$3,$D$3),0)","v":0},0]
[null,null,null,null,null,null,null,"Sum",{"$f":"SUM(I9:I18)","v":1.0541777243829469E-2},{"$f":"SUM(J9:J18)","v":-8.849270258260062E-3},-1.2864261417780312E-2,0,4.2053514749556722E-2,-1.5933590757695428E-2,0,-1.3759513665554252E-2,0,-1.6889781951858699E-3,"pref_attach_on",0,null,null,null,null,null,null,null,null,null,null,null,null,{"$f":"SUM(AG10:AG19)","v":-46.876917051070706}]
[null,"Max",null,null,null,null,null,"Max",{"$f":"MAX(I24:I522)","v":1.3123353516437986},0.84714543654767738,0.76804687439868347,1.3170561545254065,1.962281964004311,0.98641896448445598,1.0115752919648155,0.90679960497365475,0.90954662271590059,0.95401641282368299,"threshold",0,null,null,null,null,null,null,null,null,null,null,null,null,null,null,null,null,null,null,null,null,null,null,null,null,null,null,null,null,null,null,null,null,null,null,null,null,null,null,null,null,null,null,null,null,null,null,null,null,25]
["grower1",{"$f":"TRANSPOSE(maxlevel10)","v":1.3123353516437986},{"$f":"TRANSPOSE(early_levels)","v":0.29244465113697138},null,null,{"$f":"B22","v":1.3123353516437986},null,null,{"$f":"I21*I20","v":1.383434694623154E-2},-7.4966189160620977E-3,-9.8803557733737456E-3,0,8.2520853516044421E-2,-1.5717196095725024E-2,0,-1.2477121556554199E-2,0,-1.6113129191086418E-3,"poisson prob",2E-3,null,null,null,null,null,null,null,null,null,null,null,null,null,null,null,{"$f":"COUNTIF(AJ24:AJ33,\"<>0\")","v":4},{"$f":"COUNTIF(AK24:AK33,\"<>0\")","v":3},1,2,0,1,1,1,2,0,null,null,null,null,null,null,null,null,null,null,null,null,null,null,null,"grower",null,"initial40","rate40","carcap40","effect_type","delay","MyMax","grower1","grower2","grower3","grower4","grower5","grower6","grower7","grower8","grower9","grower10",null,null,"initial40","rate40","carcap40","effect_type","delay","MyMax","grower1","grower2","grower3","grower4","grower5","grower6","grower7","grower8","grower9","grower10"]
["grower2",0.84714543654767738,0.31839525441211664,null,null,{"$f":"E10","v":1.0442434475213958},"step","time","grower1","grower2","grower3","grower4","grower5","grower6","grower7","grower8","grower9","grower10","products 3",{"$f":"S522","v":0},null,null,null,"grower1","grower2","grower3","grower4","grower5","grower6","grower7","grower8","grower9","grower10",null,null,"grower1","grower2","grower3","grower4","grower5","grower6","grower7","grower8","grower9","grower10",null,null,null,null,null,null,null,null,null,null,null,null,null,null,null,1,null,{"$f":"_xll.dRandReal($C$1,$D$1)","v":1.5964653238188475E-2},{"$f":"_xll.dNormalDev($C$2,$D$2)","v":3.8302732623768876E-2},{"$f":"_xll.dNormalDev($C$4,$D$4)","v":1.0246723317670106},{"$f":"IF(RAND()<$L$2,1,0)","v":1},1,{"$f":"_xll.dRandInt($C$7,$D$7)","v":14},{"$f":"IF(RAND()<$F$1,_xll.dNormalDev($C$3-((1-(501-$BO23)/500)/$BQ$21),$D$3),0)","v":-1.0739218545399865E-3},{"$f":"IF(RAND()<$F$1,_xll.dNormalDev($C$3-((1-(501-$BO23)/500)/$BQ$21),$D$3),0)","v":0},{"$f":"IF(RAND()<$F$1,_xll.dNormalDev($C$3-((1-(501-$BO23)/500)/$BQ$21),$D$3),0)","v":-4.3558262272636273E-3},{"$f":"IF(RAND()<$F$1,_xll.dNormalDev($C$3-((1-(501-$BO23)/500)/$BQ$21),$D$3),0)","v":0},{"$f":"IF(RAND()<$F$1,_xll.dNormalDev($C$3-((1-(501-$BO23)/500)/$BQ$21),$D$3),0)","v":-2.7453449262369534E-2},{"$f":"IF(RAND()<$F$1,_xll.dNormalDev($C$3-((1-(501-$BO23)/500)/$BQ$21),$D$3),0)","v":0},{"$f":"IF(RAND()<$F$1,_xll.dNormalDev($C$3-((1-(501-$BO23)/500)/$BQ$21),$D$3),0)","v":0},{"$f":"IF(RAND()<$F$1,_xll.dNormalDev($C$3-((1-(501-$BO23)/500)/$BQ$21),$D$3),0)","v":0},{"$f":"IF(RAND()<$F$1,_xll.dNormalDev($C$3-((1-(501-$BO23)/500)/$BQ$21),$D$3),0)","v":0},{"$f":"IF(RAND()<$F$1,_xll.dNormalDev($C$3-((1-(501-$BO23)/500)/$BQ$21),$D$3),0)","v":1.3568340634744259E-2},null,null,{"$f":"_xll.dRandReal($C$1,$D$1)","v":2.3752822738606485E-2},{"$f":"_xll.dNormalDev($C$2,$D$2)","v":4.4652477486382326E-2},{"$f":"_xll.dNormalDev($C$4,$D$4)","v":0.80428543659217433},{"$f":"IF(RAND()<$L$2,1,0)","v":1},1,{"$f":"_xll.dRandInt($C$7,$D$7)","v":10},0,{"$f":"IF(RAND()<$F$1,_xll.dNormalDev($C$3,$D$3),0)","v":0},{"$f":"IF(RAND()<$F$1,_xll.dNormalDev($C$3,$D$3),0)","v":0},{"$f":"IF(RAND()<$F$1,_xll.dNormalDev($C$3,$D$3),0)","v":0},{"$f":"IF(RAND()<$F$1,_xll.dNormalDev($C$3,$D$3),0)","v":0},{"$f":"IF(RAND()<$F$1,_xll.dNormalDev($C$3,$D$3),0)","v":0},{"$f":"IF(RAND()<$F$1,_xll.dNormalDev($C$3,$D$3),0)","v":0},{"$f":"IF(RAND()<$F$1,_xll.dNormalDev($C$3,$D$3),0)","v":0},{"$f":"IF(RAND()<$F$1,_xll.dNormalDev($C$3,$D$3),0)","v":0},{"$f":"IF(RAND()<$F$1,_xll.dNormalDev($C$3,$D$3),0)","v":0}]
["grower3",0.76804687439868347,6.5256628420041124E-2,{"$f":"B35","v":1.962281964004311},null,{"$f":"D10","v":5.3636858440922044E-2},1,0.1,{"$f":"FGrowthMatrix8(C9:C18,D9:D18,E9:E18,F9:F18,G9:G18,H9:H18,I9:R18,500)","v":2.6669577194843443E-2},3.4884437301661818E-2,1.0334763803984971E-2,7.6535013737156991E-3,6.2290806905366484E-3,1.4462336723227054E-2,2.9447399300988764E-2,2.4235150730237368E-2,2.8874957037623973E-2,3.8826484465971589E-2,0,0,{"$f":"calculate_product_slope(T24:T522)","v":0},null,null,{"$f":"I9*AVERAGE($I24:$I522)","v":0},0,0,0,0,2.3642325235183372E-2,0,0,0,2.5725495422914864E-3,null,null,0,{"$f":"IF(RAND()<$F$1,_xll.dNormalDev($C$3,$D$3),0)","v":2.7320509571386107E-3},{"$f":"IF(RAND()<$F$1,_xll.dNormalDev($C$3,$D$3),0)","v":0},{"$f":"IF(RAND()<$F$1,_xll.dNormalDev($C$3,$D$3),0)","v":0},{"$f":"IF(RAND()<$F$1,_xll.dNormalDev($C$3,$D$3),0)","v":0},{"$f":"IF(RAND()<$F$1,_xll.dNormalDev($C$3,$D$3),0)","v":0},{"$f":"IF(RAND()<$F$1,_xll.dNormalDev($C$3,$D$3),0)","v":0},{"$f":"IF(RAND()<$F$1,_xll.dNormalDev($C$3,$D$3),0)","v":0},{"$f":"IF(RAND()<$F$1,_xll.dNormalDev($C$3,$D$3),0)","v":0},{"$f":"IF(RAND()<$F$1,_xll.dNormalDev($C$3,$D$3),0)","v":0},null,null,null,null,null,null,null,null,null,null,null,null,null,null,null,2,null,{"$f":"_xll.dRandReal($C$1,$D$1)","v":1.310380504000932E-2},{"$f":"_xll.dNormalDev($C$2,$D$2)","v":7.5223413863732422E-2},{"$f":"_xll.dNormalDev($C$4,$D$4)","v":0.97945331287520554},1,1,{"$f":"_xll.dRandInt($C$7,$D$7)","v":20},{"$f":"IF(RAND()<$F$1,_xll.dNormalDev($C$3-((1-(501-$BO24)/500)/$BQ$21),$D$3),0)","v":1.6023772104383313E-2},{"$f":"IF(RAND()<$F$1,_xll.dNormalDev($C$3-((1-(501-$BO24)/500)/$BQ$21),$D$3),0)","v":0},{"$f":"IF(RAND()<$F$1,_xll.dNormalDev($C$3-((1-(501-$BO24)/500)/$BQ$21),$D$3),0)","v":0},{"$f":"IF(RAND()<$F$1,_xll.dNormalDev($C$3-((1-(501-$BO24)/500)/$BQ$21),$D$3),0)","v":0},{"$f":"IF(RAND()<$F$1,_xll.dNormalDev($C$3-((1-(501-$BO24)/500)/$BQ$21),$D$3),0)","v":0},{"$f":"IF(RAND()<$F$1,_xll.dNormalDev($C$3-((1-(501-$BO24)/500)/$BQ$21),$D$3),0)","v":0},{"$f":"IF(RAND()<$F$1,_xll.dNormalDev($C$3-((1-(501-$BO24)/500)/$BQ$21),$D$3),0)","v":7.3422832081305438E-3},{"$f":"IF(RAND()<$F$1,_xll.dNormalDev($C$3-((1-(501-$BO24)/500)/$BQ$21),$D$3),0)","v":7.0990703385256327E-3},{"$f":"IF(RAND()<$F$1,_xll.dNormalDev($C$3-((1-(501-$BO24)/500)/$BQ$21),$D$3),0)","v":0},{"$f":"IF(RAND()<$F$1,_xll.dNormalDev($C$3-((1-(501-$BO24)/500)/$BQ$21),$D$3),0)","v":1.3035224948438357E-2},null,null,{"$f":"_xll.dRandReal($C$1,$D$1)","v":4.2121697112452242E-2},{"$f":"_xll.dNormalDev($C$2,$D$2)","v":4.9896310399055531E-2},{"$f":"_xll.dNormalDev($C$4,$D$4)","v":0.89801325143821442},1,1,{"$f":"_xll.dRandInt($C$7,$D$7)","v":14},{"$f":"IF(RAND()<$F$1,_xll.dNormalDev($C$3,$D$3),0)","v":0},0,{"$f":"IF(RAND()<$F$1,_xll.dNormalDev($C$3,$D$3),0)","v":0},{"$f":"IF(RAND()<$F$1,_xll.dNormalDev($C$3,$D$3),0)","v":0},{"$f":"IF(RAND()<$F$1,_xll.dNormalDev($C$3,$D$3),0)","v":3.510418116225066E-3},{"$f":"IF(RAND()<$F$1,_xll.dNormalDev($C$3,$D$3),0)","v":-5.4679587873957018E-3},{"$f":"IF(RAND()<$F$1,_xll.dNormalDev($C$3,$D$3),0)","v":0},{"$f":"IF(RAND()<$F$1,_xll.dNormalDev($C$3,$D$3),0)","v":0},{"$f":"IF(RAND()<$F$1,_xll.dNormalDev($C$3,$D$3),0)","v":-1.0645827058886918E-2},{"$f":"IF(RAND()<$F$1,_xll.dNormalDev($C$3,$D$3),0)","v":-1.814424911020953E-2}]
["grower4",1.3170561545254065,0.1158278164355931,null,null,{"$f":"I20","v":1.0541777243829469E-2},2,0.2,2.8156067193952847E-2,3.6687659369555231E-2,1.0739473677417809E-2,8.1013772722172452E-3,6.2290806905366484E-3,1.4462336723227054E-2,2.9447399300988764E-2,2.4235150730237368E-2,2.8874957037623973E-2,3.8826484465971589E-2,0,{"$f":"S25-S24","v":0},null,null,null,{"$f":"I10*AVERAGE($J24:$J522)","v":0},0,0,0,0,0,0,-5.2647829490734812E-3,0,0,null,null,{"$f":"IF(RAND()<$F$1,_xll.dNormalDev($C$3,$D$3),0)","v":2.2709837168499249E-2},0,{"$f":"IF(RAND()<$F$1,_xll.dNormalDev($C$3,$D$3),0)","v":0},{"$f":"IF(RAND()<$F$1,_xll.dNormalDev($C$3,$D$3),0)","v":0},{"$f":"IF(RAND()<$F$1,_xll.dNormalDev($C$3,$D$3),0)","v":0},{"$f":"IF(RAND()<$F$1,_xll.dNormalDev($C$3,$D$3),0)","v":-6.063584223510562E-3},{"$f":"IF(RAND()<$F$1,_xll.dNormalDev($C$3,$D$3),0)","v":0},{"$f":"IF(RAND()<$F$1,_xll.dNormalDev($C$3,$D$3),0)","v":0},{"$f":"IF(RAND()<$F$1,_xll.dNormalDev($C$3,$D$3),0)","v":0},{"$f":"IF(RAND()<$F$1,_xll.dNormalDev($C$3,$D$3),0)","v":0},null,null,null,null,null,null,null,null,null,null,null,null,null,null,null,3,null,{"$f":"_xll.dRandReal($C$1,$D$1)","v":2.4083163239993155E-2},{"$f":"_xll.dNormalDev($C$2,$D$2)","v":4.741906654170424E-2},{"$f":"_xll.dNormalDev($C$4,$D$4)","v":1.2612151215237557},1,{"$f":"_xll.dRandInt($C$6,BI25*$BO$6)","v":38},{"$f":"_xll.dRandInt($C$7,$D$7)","v":24},{"$f":"IF(RAND()<$F$1,_xll.dNormalDev($C$3-((1-(501-$BO25)/500)/$BQ$21),$D$3),0)","v":0},{"$f":"IF(RAND()<$F$1,_xll.dNormalDev($C$3-((1-(501-$BO25)/500)/$BQ$21),$D$3),0)","v":0},{"$f":"IF(RAND()<$F$1,_xll.dNormalDev($C$3-((1-(501-$BO25)/500)/$BQ$21),$D$3),0)","v":0},{"$f":"IF(RAND()<$F$1,_xll.dNormalDev($C$3-((1-(501-$BO25)/500)/$BQ$21),$D$3),0)","v":0},{"$f":"IF(RAND()<$F$1,_xll.dNormalDev($C$3-((1-(501-$BO25)/500)/$BQ$21),$D$3),0)","v":0},{"$f":"IF(RAND()<$F$1,_xll.dNormalDev($C$3-((1-(501-$BO25)/500)/$BQ$21),$D$3),0)","v":0},{"$f":"IF(RAND()<$F$1,_xll.dNormalDev($C$3-((1-(501-$BO25)/500)/$BQ$21),$D$3),0)","v":0},{"$f":"IF(RAND()<$F$1,_xll.dNormalDev($C$3-((1-(501-$BO25)/500)/$BQ$21),$D$3),0)","v":1.9759986504525651E-2},{"$f":"IF(RAND()<$F$1,_xll.dNormalDev($C$3-((1-(501-$BO25)/500)/$BQ$21),$D$3),0)","v":0},{"$f":"IF(RAND()<$F$1,_xll.dNormalDev($C$3-((1-(501-$BO25)/500)/$BQ$21),$D$3),0)","v":0},null,null,{"$f":"_xll.dRandReal($C$1,$D$1)","v":4.5582647924311465E-2},{"$f":"_xll.dNormalDev($C$2,$D$2)","v":3.3173555854095996E-2},{"$f":"_xll.dLogNormalDev($C$5,$D$5)","v":0.37214020707324186},1,1,{"$f":"_xll.dRandInt($C$7,$D$7)","v":15},{"$f":"IF(RAND()<$F$1,_xll.dNormalDev($C$3,$D$3),0)","v":0},{"$f":"IF(RAND()<$F$1,_xll.dNormalDev($C$3,$D$3),0)","v":0},0,{"$f":"IF(RAND()<$F$1,_xll.dNormalDev($C$3,$D$3),0)","v":0},{"$f":"IF(RAND()<$F$1,_xll.dNormalDev($C$3,$D$3),0)","v":0},{"$f":"IF(RAND()<$F$1,_xll.dNormalDev($C$3,$D$3),0)","v":2.6869326291085384E-2},{"$f":"IF(RAND()<$F$1,_xll.dNormalDev($C$3,$D$3),0)","v":0},{"$f":"IF(RAND()<$F$1,_xll.dNormalDev($C$3,$D$3),0)","v":0},{"$f":"IF(RAND()<$F$1,_xll.dNormalDev($C$3,$D$3),0)","v":4.0356371866109046E-3},{"$f":"IF(RAND()<$F$1,_xll.dNormalDev($C$3,$D$3),0)","v":0}]
["grower5",1.962281964004311,1.9064561754997853E-2,null,null,null,3,0.3,2.9722693016884662E-2,3.8580391950513299E-2,1.1159851781717255E-2,8.5752901883860682E-3,6.2290806905366484E-3,1.4462336723227054E-2,2.9447399300988764E-2,2.4235150730237368E-2,2.8874957037623973E-2,3.8826484465971589E-2,0,{"$f":"S26-S25","v":0},null,null,null,{"$f":"I11*AVERAGE($K24:$K522)","v":0},0,0,0,0,-7.6151333429670598E-3,0,0,0,0,null,null,{"$f":"IF(RAND()<$F$1,_xll.dNormalDev($C$3,$D$3),0)","v":-1.905259193266045E-2},{"$f":"IF(RAND()<$F$1,_xll.dNormalDev($C$3,$D$3),0)","v":0},0,{"$f":"IF(RAND()<$F$1,_xll.dNormalDev($C$3,$D$3),0)","v":0},{"$f":"IF(RAND()<$F$1,_xll.dNormalDev($C$3,$D$3),0)","v":0},{"$f":"IF(RAND()<$F$1,_xll.dNormalDev($C$3,$D$3),0)","v":0},{"$f":"IF(RAND()<$F$1,_xll.dNormalDev($C$3,$D$3),0)","v":0},{"$f":"IF(RAND()<$F$1,_xll.dNormalDev($C$3,$D$3),0)","v":0},{"$f":"IF(RAND()<$F$1,_xll.dNormalDev($C$3,$D$3),0)","v":-2.1086382337932451E-3},{"$f":"IF(RAND()<$F$1,_xll.dNormalDev($C$3,$D$3),0)","v":0},null,null,null,null,null,null,null,null,null,null,null,null,null,null,null,4,null,{"$f":"_xll.dRandReal($C$1,$D$1)","v":3.9853433729149401E-2},{"$f":"_xll.dNormalDev($C$2,$D$2)","v":4.4998850590747638E-2},{"$f":"_xll.dNormalDev($C$4,$D$4)","v":1.1755548076081626},1,{"$f":"_xll.dRandInt($C$6,BI26*$BO$6)","v":4},{"$f":"_xll.dRandInt($C$7,$D$7)","v":14},{"$f":"IF(RAND()<$F$1,_xll.dNormalDev($C$3-((1-(501-$BO26)/500)/$BQ$21),$D$3),0)","v":0},{"$f":"IF(RAND()<$F$1,_xll.dNormalDev($C$3-((1-(501-$BO26)/500)/$BQ$21),$D$3),0)","v":0},{"$f":"IF(RAND()<$F$1,_xll.dNormalDev($C$3-((1-(501-$BO26)/500)/$BQ$21),$D$3),0)","v":0},{"$f":"IF(RAND()<$F$1,_xll.dNormalDev($C$3-((1-(501-$BO26)/500)/$BQ$21),$D$3),0)","v":0},{"$f":"IF(RAND()<$F$1,_xll.dNormalDev($C$3-((1-(501-$BO26)/500)/$BQ$21),$D$3),0)","v":-3.5495169913846089E-2},{"$f":"IF(RAND()<$F$1,_xll.dNormalDev($C$3-((1-(501-$BO26)/500)/$BQ$21),$D$3),0)","v":0},{"$f":"IF(RAND()<$F$1,_xll.dNormalDev($C$3-((1-(501-$BO26)/500)/$BQ$21),$D$3),0)","v":0},{"$f":"IF(RAND()<$F$1,_xll.dNormalDev($C$3-((1-(501-$BO26)/500)/$BQ$21),$D$3),0)","v":0},{"$f":"IF(RAND()<$F$1,_xll.dNormalDev($C$3-((1-(501-$BO26)/500)/$BQ$21),$D$3),0)","v":6.1089205551848125E-3},{"$f":"IF(RAND()<$F$1,_xll.dNormalDev($C$3-((1-(501-$BO26)/500)/$BQ$21),$D$3),0)","v":2.5966592618720249E-2},null,null,{"$f":"_xll.dRandReal($C$1,$D$1)","v":1.4233323745429515E-4},{"$f":"_xll.dNormalDev($C$2,$D$2)","v":4.4110016425708262E-2},{"$f":"_xll.dLogNormalDev($C$5,$D$5)","v":0.51582361175532976},1,1,{"$f":"_xll.dRandInt($C$7,$D$7)","v":21},{"$f":"IF(RAND()<$F$1,_xll.dNormalDev($C$3,$D$3),0)","v":1.6659060864048123E-3},{"$f":"IF(RAND()<$F$1,_xll.dNormalDev($C$3,$D$3),0)","v":0},{"$f":"IF(RAND()<$F$1,_xll.dNormalDev($C$3,$D$3),0)","v":0},0,{"$f":"IF(RAND()<$F$1,_xll.dNormalDev($C$3,$D$3),0)","v":-8.9925235798312096E-3},{"$f":"IF(RAND()<$F$1,_xll.dNormalDev($C$3,$D$3),0)","v":0},{"$f":"IF(RAND()<$F$1,_xll.dNormalDev($C$3,$D$3),0)","v":0},{"$f":"IF(RAND()<$F$1,_xll.dNormalDev($C$3,$D$3),0)","v":0},{"$f":"IF(RAND()<$F$1,_xll.dNormalDev($C$3,$D$3),0)","v":0},{"$f":"IF(RAND()<$F$1,_xll.dNormalDev($C$3,$D$3),0)","v":0}]
["grower6",0.98641896448445598,1.4462336723227054E-2,null,null,null,4,0.4,3.1373465072235825E-2,4.0566686381522894E-2,1.1596490333192608E-2,9.0767330371152796E-3,6.2290806905366484E-3,1.4462336723227054E-2,2.9447399300988764E-2,2.4235150730237368E-2,2.8874957037623973E-2,3.8826484465971589E-2,0,0,null,null,null,{"$f":"I12*AVERAGE($L24:$L522)","v":0},-9.5395079721252024E-3,0,0,0,0,0,0,0,-4.5681053529283569E-3,null,null,{"$f":"IF(RAND()<$F$1,_xll.dNormalDev($C$3,$D$3),0)","v":-1.3626314640322423E-3},{"$f":"IF(RAND()<$F$1,_xll.dNormalDev($C$3,$D$3),0)","v":0},{"$f":"IF(RAND()<$F$1,_xll.dNormalDev($C$3,$D$3),0)","v":0},0,{"$f":"IF(RAND()<$F$1,_xll.dNormalDev($C$3,$D$3),0)","v":0},{"$f":"IF(RAND()<$F$1,_xll.dNormalDev($C$3,$D$3),0)","v":0},{"$f":"IF(RAND()<$F$1,_xll.dNormalDev($C$3,$D$3),0)","v":0},{"$f":"IF(RAND()<$F$1,_xll.dNormalDev($C$3,$D$3),0)","v":0},{"$f":"IF(RAND()<$F$1,_xll.dNormalDev($C$3,$D$3),0)","v":0},{"$f":"IF(RAND()<$F$1,_xll.dNormalDev($C$3,$D$3),0)","v":0},null,null,null,null,null,null,null,null,null,null,null,null,null,null,null,5,null,{"$f":"_xll.dRandReal($C$1,$D$1)","v":1.7113047454040499E-2},{"$f":"_xll.dNormalDev($C$2,$D$2)","v":5.683204140540165E-2},{"$f":"_xll.dNormalDev($C$4,$D$4)","v":0.75737058245159827},1,{"$f":"_xll.dRandInt($C$6,BI27*$BO$6)","v":131},{"$f":"_xll.dRandInt($C$7,$D$7)","v":24},{"$f":"IF(RAND()<$F$1,_xll.dNormalDev($C$3-((1-(501-$BO27)/500)/$BQ$21),$D$3),0)","v":0},{"$f":"IF(RAND()<$F$1,_xll.dNormalDev($C$3-((1-(501-$BO27)/500)/$BQ$21),$D$3),0)","v":0},{"$f":"IF(RAND()<$F$1,_xll.dNormalDev($C$3-((1-(501-$BO27)/500)/$BQ$21),$D$3),0)","v":0},{"$f":"IF(RAND()<$F$1,_xll.dNormalDev($C$3-((1-(501-$BO27)/500)/$BQ$21),$D$3),0)","v":0},{"$f":"IF(RAND()<$F$1,_xll.dNormalDev($C$3-((1-(501-$BO27)/500)/$BQ$21),$D$3),0)","v":0},{"$f":"IF(RAND()<$F$1,_xll.dNormalDev($C$3-((1-(501-$BO27)/500)/$BQ$21),$D$3),0)","v":0},{"$f":"IF(RAND()<$F$1,_xll.dNormalDev($C$3-((1-(501-$BO27)/500)/$BQ$21),$D$3),0)","v":0},{"$f":"IF(RAND()<$F$1,_xll.dNormalDev($C$3-((1-(501-$BO27)/500)/$BQ$21),$D$3),0)","v":0},{"$f":"IF(RAND()<$F$1,_xll.dNormalDev($C$3-((1-(501-$BO27)/500)/$BQ$21),$D$3),0)","v":0},{"$f":"IF(RAND()<$F$1,_xll.dNormalDev($C$3-((1-(501-$BO27)/500)/$BQ$21),$D$3),0)","v":0},null,null,{"$f":"_xll.dRandReal($C$1,$D$1)","v":2.2946638322900982E-2},{"$f":"_xll.dNormalDev($C$2,$D$2)","v":6.2858433451900189E-2},{"$f":"_xll.dNormalDev($C$4,$D$4)","v":1.1299664148640021},1,{"$f":"_xll.dRandInt($C$6,CA27*$BO$6)","v":1},{"$f":"_xll.dRandInt($C$7,$D$7)","v":25},{"$f":"IF(RAND()<$F$1,_xll.dNormalDev($C$3,$D$3),0)","v":0},{"$f":"IF(RAND()<$F$1,_xll.dNormalDev($C$3,$D$3),0)","v":-1.6683367554994145E-2},{"$f":"IF(RAND()<$F$1,_xll.dNormalDev($C$3,$D$3),0)","v":0},{"$f":"IF(RAND()<$F$1,_xll.dNormalDev($C$3,$D$3),0)","v":0},0,{"$f":"IF(RAND()<$F$1,_xll.dNormalDev($C$3,$D$3),0)","v":0},{"$f":"IF(RAND()<$F$1,_xll.dNormalDev($C$3,$D$3),0)","v":0},{"$f":"IF(RAND()<$F$1,_xll.dNormalDev($C$3,$D$3),0)","v":0},{"$f":"IF(RAND()<$F$1,_xll.dNormalDev($C$3,$D$3),0)","v":0},{"$f":"IF(RAND()<$F$1,_xll.dNormalDev($C$3,$D$3),0)","v":0}]
["grower7",1.0115752919648155,2.9447399300988764E-2,null,null,null,5,0.5,3.3112559292899316E-2,4.2650735922105304E-2,1.2050002786730902E-2,9.6072818409958238E-3,6.2290806905366484E-3,1.4462336723227054E-2,2.9447399300988764E-2,2.4235150730237368E-2,2.8874957037623973E-2,3.8826484465971589E-2,0,0,null,null,null,{"$f":"I14*AVERAGE($N24:$N522)","v":0},0,0,0,0,0,0,-3.4136257557067181E-3,0,0,null,null,{"$f":"IF(RAND()<$F$1,_xll.dNormalDev($C$3,$D$3),0)","v":0},{"$f":"IF(RAND()<$F$1,_xll.dNormalDev($C$3,$D$3),0)","v":0},{"$f":"IF(RAND()<$F$1,_xll.dNormalDev($C$3,$D$3),0)","v":0},{"$f":"IF(RAND()<$F$1,_xll.dNormalDev($C$3,$D$3),0)","v":0},0,{"$f":"IF(RAND()<$F$1,_xll.dNormalDev($C$3,$D$3),0)","v":0},{"$f":"IF(RAND()<$F$1,_xll.dNormalDev($C$3,$D$3),0)","v":0},{"$f":"IF(RAND()<$F$1,_xll.dNormalDev($C$3,$D$3),0)","v":0},{"$f":"IF(RAND()<$F$1,_xll.dNormalDev($C$3,$D$3),0)","v":0},{"$f":"IF(RAND()<$F$1,_xll.dNormalDev($C$3,$D$3),0)","v":0},null,null,null,null,null,null,null,null,null,null,null,null,null,null,null,6,null,{"$f":"_xll.dRandReal($C$1,$D$1)","v":3.5639713634736839E-3},{"$f":"_xll.dNormalDev($C$2,$D$2)","v":5.8550037609906395E-2},{"$f":"_xll.dNormalDev($C$4,$D$4)","v":1.1998956818407467},1,{"$f":"_xll.dRandInt($C$6,BI28*$BO$6)","v":161},{"$f":"_xll.dRandInt($C$7,$D$7)","v":13},{"$f":"IF(RAND()<$F$1,_xll.dNormalDev($C$3-((1-(501-$BO28)/500)/$BQ$21),$D$3),0)","v":0},{"$f":"IF(RAND()<$F$1,_xll.dNormalDev($C$3-((1-(501-$BO28)/500)/$BQ$21),$D$3),0)","v":-3.383675679944434E-2},{"$f":"IF(RAND()<$F$1,_xll.dNormalDev($C$3-((1-(501-$BO28)/500)/$BQ$21),$D$3),0)","v":0},{"$f":"IF(RAND()<$F$1,_xll.dNormalDev($C$3-((1-(501-$BO28)/500)/$BQ$21),$D$3),0)","v":0},{"$f":"IF(RAND()<$F$1,_xll.dNormalDev($C$3-((1-(501-$BO28)/500)/$BQ$21),$D$3),0)","v":0},{"$f":"IF(RAND()<$F$1,_xll.dNormalDev($C$3-((1-(501-$BO28)/500)/$BQ$21),$D$3),0)","v":0},{"$f":"IF(RAND()<$F$1,_xll.dNormalDev($C$3-((1-(501-$BO28)/500)/$BQ$21),$D$3),0)","v":-1.9760379013678803E-2},{"$f":"IF(RAND()<$F$1,_xll.dNormalDev($C$3-((1-(501-$BO28)/500)/$BQ$21),$D$3),0)","v":0},{"$f":"IF(RAND()<$F$1,_xll.dNormalDev($C$3-((1-(501-$BO28)/500)/$BQ$21),$D$3),0)","v":0},{"$f":"IF(RAND()<$F$1,_xll.dNormalDev($C$3-((1-(501-$BO28)/500)/$BQ$21),$D$3),0)","v":0},null,null,{"$f":"_xll.dRandReal($C$1,$D$1)","v":1.1784315633121878E-2},{"$f":"_xll.dNormalDev($C$2,$D$2)","v":5.6716961175027766E-2},{"$f":"_xll.dNormalDev($C$4,$D$4)","v":0.9078504515536735},1,{"$f":"_xll.dRandInt($C$6,CA28*$BO$6)","v":1},{"$f":"_xll.dRandInt($C$7,$D$7)","v":12},{"$f":"IF(RAND()<$F$1,_xll.dNormalDev($C$3,$D$3),0)","v":0},{"$f":"IF(RAND()<$F$1,_xll.dNormalDev($C$3,$D$3),0)","v":0},{"$f":"IF(RAND()<$F$1,_xll.dNormalDev($C$3,$D$3),0)","v":0},{"$f":"IF(RAND()<$F$1,_xll.dNormalDev($C$3,$D$3),0)","v":0},{"$f":"IF(RAND()<$F$1,_xll.dNormalDev($C$3,$D$3),0)","v":0},0,{"$f":"IF(RAND()<$F$1,_xll.dNormalDev($C$3,$D$3),0)","v":0},{"$f":"IF(RAND()<$F$1,_xll.dNormalDev($C$3,$D$3),0)","v":0},{"$f":"IF(RAND()<$F$1,_xll.dNormalDev($C$3,$D$3),0)","v":-3.2764254438679814E-2},{"$f":"IF(RAND()<$F$1,_xll.dNormalDev($C$3,$D$3),0)","v":2.1585697617847757E-4}]
["grower8",0.90679960497365475,2.4235150730237368E-2,null,null,null,6,0.6,3.4944319892678662E-2,4.4836876206792262E-2,1.2521024505685985E-2,1.0168600056168018E-2,6.2290806905366484E-3,1.4462336723227054E-2,2.9447399300988764E-2,2.4235150730237368E-2,2.8874957037623973E-2,3.8826484465971589E-2,0,0,null,null,null,{"$f":"I15*AVERAGE($O24:$O522)","v":0},0,0,0,0,0,0,0,0,0,null,null,{"$f":"IF(RAND()<$F$1,_xll.dNormalDev($C$3,$D$3),0)","v":0},{"$f":"IF(RAND()<$F$1,_xll.dNormalDev($C$3,$D$3),0)","v":-2.8429540114128992E-3},{"$f":"IF(RAND()<$F$1,_xll.dNormalDev($C$3,$D$3),0)","v":0},{"$f":"IF(RAND()<$F$1,_xll.dNormalDev($C$3,$D$3),0)","v":0},{"$f":"IF(RAND()<$F$1,_xll.dNormalDev($C$3,$D$3),0)","v":0},0,{"$f":"IF(RAND()<$F$1,_xll.dNormalDev($C$3,$D$3),0)","v":0},{"$f":"IF(RAND()<$F$1,_xll.dNormalDev($C$3,$D$3),0)","v":0},{"$f":"IF(RAND()<$F$1,_xll.dNormalDev($C$3,$D$3),0)","v":0},{"$f":"IF(RAND()<$F$1,_xll.dNormalDev($C$3,$D$3),0)","v":0},null,null,null,null,null,null,null,null,null,null,null,null,null,null,null,7,null,{"$f":"_xll.dRandReal($C$1,$D$1)","v":3.6257202853448691E-3},{"$f":"_xll.dNormalDev($C$2,$D$2)","v":4.6422705198984456E-2},{"$f":"_xll.dNormalDev($C$4,$D$4)","v":1.1963359140028178},1,{"$f":"_xll.dRandInt($C$6,BI29*$BO$6)","v":205},{"$f":"_xll.dRandInt($C$7,$D$7)","v":24},{"$f":"IF(RAND()<$F$1,_xll.dNormalDev($C$3-((1-(501-$BO29)/500)/$BQ$21),$D$3),0)","v":-2.4025388882745032E-2},{"$f":"IF(RAND()<$F$1,_xll.dNormalDev($C$3-((1-(501-$BO29)/500)/$BQ$21),$D$3),0)","v":-1.8059805729688769E-2},{"$f":"IF(RAND()<$F$1,_xll.dNormalDev($C$3-((1-(501-$BO29)/500)/$BQ$21),$D$3),0)","v":0},{"$f":"IF(RAND()<$F$1,_xll.dNormalDev($C$3-((1-(501-$BO29)/500)/$BQ$21),$D$3),0)","v":0},{"$f":"IF(RAND()<$F$1,_xll.dNormalDev($C$3-((1-(501-$BO29)/500)/$BQ$21),$D$3),0)","v":0},{"$f":"IF(RAND()<$F$1,_xll.dNormalDev($C$3-((1-(501-$BO29)/500)/$BQ$21),$D$3),0)","v":1.0037799858159731E-2},{"$f":"IF(RAND()<$F$1,_xll.dNormalDev($C$3-((1-(501-$BO29)/500)/$BQ$21),$D$3),0)","v":0},{"$f":"IF(RAND()<$F$1,_xll.dNormalDev($C$3-((1-(501-$BO29)/500)/$BQ$21),$D$3),0)","v":0},{"$f":"IF(RAND()<$F$1,_xll.dNormalDev($C$3-((1-(501-$BO29)/500)/$BQ$21),$D$3),0)","v":0},{"$f":"IF(RAND()<$F$1,_xll.dNormalDev($C$3-((1-(501-$BO29)/500)/$BQ$21),$D$3),0)","v":0},null,null,{"$f":"_xll.dRandReal($C$1,$D$1)","v":4.2102628748398277E-2},{"$f":"_xll.dNormalDev($C$2,$D$2)","v":4.4708913085025857E-2},{"$f":"_xll.dNormalDev($C$4,$D$4)","v":0.98898699090170838},1,{"$f":"_xll.dRandInt($C$6,CA29*$BO$6)","v":1},{"$f":"_xll.dRandInt($C$7,$D$7)","v":11},{"$f":"IF(RAND()<$F$1,_xll.dNormalDev($C$3,$D$3),0)","v":0},{"$f":"IF(RAND()<$F$1,_xll.dNormalDev($C$3,$D$3),0)","v":-7.27125853524665E-3},{"$f":"IF(RAND()<$F$1,_xll.dNormalDev($C$3,$D$3),0)","v":0},{"$f":"IF(RAND()<$F$1,_xll.dNormalDev($C$3,$D$3),0)","v":0},{"$f":"IF(RAND()<$F$1,_xll.dNormalDev($C$3,$D$3),0)","v":0},{"$f":"IF(RAND()<$F$1,_xll.dNormalDev($C$3,$D$3),0)","v":0},0,{"$f":"IF(RAND()<$F$1,_xll.dNormalDev($C$3,$D$3),0)","v":0},{"$f":"IF(RAND()<$F$1,_xll.dNormalDev($C$3,$D$3),0)","v":-1.874254238091487E-3},{"$f":"IF(RAND()<$F$1,_xll.dNormalDev($C$3,$D$3),0)","v":0}]
["grower9",0.90954662271590059,2.8874957037623973E-2,null,null,null,7,0.7,3.6873261636293453E-2,4.7129585108827435E-2,1.301021344535549E-2,1.0762443086644969E-2,6.2290806905366484E-3,1.4462336723227054E-2,2.9447399300988764E-2,2.4235150730237368E-2,2.8874957037623973E-2,3.8826484465971589E-2,0,0,null,null,{"$f":"SLOPE(V28:V33,U28:U33)","v":{"$error":"#DIV/0!"}},{"$f":"I16*AVERAGE($P24:$P522)","v":0},0,0,0,0,0,0,0,0,0,null,null,{"$f":"IF(RAND()<$F$1,_xll.dNormalDev($C$3,$D$3),0)","v":5.1768714147025094E-2},{"$f":"IF(RAND()<$F$1,_xll.dNormalDev($C$3,$D$3),0)","v":1.4363391002706819E-2},{"$f":"IF(RAND()<$F$1,_xll.dNormalDev($C$3,$D$3),0)","v":0},{"$f":"IF(RAND()<$F$1,_xll.dNormalDev($C$3,$D$3),0)","v":4.3037246014131406E-2},{"$f":"IF(RAND()<$F$1,_xll.dNormalDev($C$3,$D$3),0)","v":0},{"$f":"IF(RAND()<$F$1,_xll.dNormalDev($C$3,$D$3),0)","v":0},0,{"$f":"IF(RAND()<$F$1,_xll.dNormalDev($C$3,$D$3),0)","v":0},{"$f":"IF(RAND()<$F$1,_xll.dNormalDev($C$3,$D$3),0)","v":0},{"$f":"IF(RAND()<$F$1,_xll.dNormalDev($C$3,$D$3),0)","v":0},null,null,null,null,null,null,null,null,null,null,null,null,null,null,null,8,null,{"$f":"_xll.dRandReal($C$1,$D$1)","v":2.6676832814700902E-2},{"$f":"_xll.dNormalDev($C$2,$D$2)","v":5.0036957550156129E-2},{"$f":"_xll.dNormalDev($C$4,$D$4)","v":1.1243229076720955},1,{"$f":"_xll.dRandInt($C$6,BI30*$BO$6)","v":77},{"$f":"_xll.dRandInt($C$7,$D$7)","v":10},{"$f":"IF(RAND()<$F$1,_xll.dNormalDev($C$3-((1-(501-$BO30)/500)/$BQ$21),$D$3),0)","v":0},{"$f":"IF(RAND()<$F$1,_xll.dNormalDev($C$3-((1-(501-$BO30)/500)/$BQ$21),$D$3),0)","v":-2.0501102201394356E-2},{"$f":"IF(RAND()<$F$1,_xll.dNormalDev($C$3-((1-(501-$BO30)/500)/$BQ$21),$D$3),0)","v":0},{"$f":"IF(RAND()<$F$1,_xll.dNormalDev($C$3-((1-(501-$BO30)/500)/$BQ$21),$D$3),0)","v":-8.4186234467130226E-3},{"$f":"IF(RAND()<$F$1,_xll.dNormalDev($C$3-((1-(501-$BO30)/500)/$BQ$21),$D$3),0)","v":-5.7210324611898624E-3},{"$f":"IF(RAND()<$F$1,_xll.dNormalDev($C$3-((1-(501-$BO30)/500)/$BQ$21),$D$3),0)","v":0},{"$f":"IF(RAND()<$F$1,_xll.dNormalDev($C$3-((1-(501-$BO30)/500)/$BQ$21),$D$3),0)","v":0},{"$f":"IF(RAND()<$F$1,_xll.dNormalDev($C$3-((1-(501-$BO30)/500)/$BQ$21),$D$3),0)","v":0},{"$f":"IF(RAND()<$F$1,_xll.dNormalDev($C$3-((1-(501-$BO30)/500)/$BQ$21),$D$3),0)","v":-7.2573109398806675E-3},{"$f":"IF(RAND()<$F$1,_xll.dNormalDev($C$3-((1-(501-$BO30)/500)/$BQ$21),$D$3),0)","v":0},null,null,{"$f":"_xll.dRandReal($C$1,$D$1)","v":3.34497002651915E-2},{"$f":"_xll.dNormalDev($C$2,$D$2)","v":4.1813728713286098E-2},{"$f":"_xll.dNormalDev($C$4,$D$4)","v":0.83829445912961442},1,{"$f":"_xll.dRandInt($C$6,CA30*$BO$6)","v":1},{"$f":"_xll.dRandInt($C$7,$D$7)","v":15},{"$f":"IF(RAND()<$F$1,_xll.dNormalDev($C$3,$D$3),0)","v":0},{"$f":"IF(RAND()<$F$1,_xll.dNormalDev($C$3,$D$3),0)","v":1.3668818824305484E-2},{"$f":"IF(RAND()<$F$1,_xll.dNormalDev($C$3,$D$3),0)","v":0},{"$f":"IF(RAND()<$F$1,_xll.dNormalDev($C$3,$D$3),0)","v":-7.8195829078534437E-3},{"$f":"IF(RAND()<$F$1,_xll.dNormalDev($C$3,$D$3),0)","v":0},{"$f":"IF(RAND()<$F$1,_xll.dNormalDev($C$3,$D$3),0)","v":0},{"$f":"IF(RAND()<$F$1,_xll.dNormalDev($C$3,$D$3),0)","v":0},0,{"$f":"IF(RAND()<$F$1,_xll.dNormalDev($C$3,$D$3),0)","v":-2.4194887130960838E-2},{"$f":"IF(RAND()<$F$1,_xll.dNormalDev($C$3,$D$3),0)","v":-1.3173046138585026E-2}]
["grower10",0.95401641282368299,3.8826484465971589E-2,"emerg",null,null,8,0.8,3.8904071543153902E-2,4.9533481941743437E-2,1.3518250849642394E-2,1.1390662990646342E-2,6.2290806905366484E-3,1.4462336723227054E-2,2.9447399300988764E-2,2.4235150730237368E-2,2.8874957037623973E-2,3.8826484465971589E-2,0,0,null,null,null,{"$f":"I17*AVERAGE($Q24:$Q522)","v":0},0,0,0,1.6353772106802614E-2,-9.1341419533335945E-3,0,0,0,0,null,null,{"$f":"IF(RAND()<$F$1,_xll.dNormalDev($C$3,$D$3),0)","v":0},{"$f":"IF(RAND()<$F$1,_xll.dNormalDev($C$3,$D$3),0)","v":0},{"$f":"IF(RAND()<$F$1,_xll.dNormalDev($C$3,$D$3),0)","v":0},{"$f":"IF(RAND()<$F$1,_xll.dNormalDev($C$3,$D$3),0)","v":-1.9322367430079979E-2},{"$f":"IF(RAND()<$F$1,_xll.dNormalDev($C$3,$D$3),0)","v":0},{"$f":"IF(RAND()<$F$1,_xll.dNormalDev($C$3,$D$3),0)","v":0},{"$f":"IF(RAND()<$F$1,_xll.dNormalDev($C$3,$D$3),0)","v":0},0,{"$f":"IF(RAND()<$F$1,_xll.dNormalDev($C$3,$D$3),0)","v":0},{"$f":"IF(RAND()<$F$1,_xll.dNormalDev($C$3,$D$3),0)","v":0},null,null,null,null,null,null,null,null,null,null,null,null,null,null,null,9,null,{"$f":"_xll.dRandReal($C$1,$D$1)","v":3.6284951807465403E-2},{"$f":"_xll.dNormalDev($C$2,$D$2)","v":3.9344855495888766E-2},{"$f":"_xll.dNormalDev($C$4,$D$4)","v":1.2059494112332305},1,{"$f":"_xll.dRandInt($C$6,BI31*$BO$6)","v":17},{"$f":"_xll.dRandInt($C$7,$D$7)","v":20},{"$f":"IF(RAND()<$F$1,_xll.dNormalDev($C$3-((1-(501-$BO31)/500)/$BQ$21),$D$3),0)","v":0},{"$f":"IF(RAND()<$F$1,_xll.dNormalDev($C$3-((1-(501-$BO31)/500)/$BQ$21),$D$3),0)","v":0},{"$f":"IF(RAND()<$F$1,_xll.dNormalDev($C$3-((1-(501-$BO31)/500)/$BQ$21),$D$3),0)","v":0},{"$f":"IF(RAND()<$F$1,_xll.dNormalDev($C$3-((1-(501-$BO31)/500)/$BQ$21),$D$3),0)","v":3.1975717280430013E-2},{"$f":"IF(RAND()<$F$1,_xll.dNormalDev($C$3-((1-(501-$BO31)/500)/$BQ$21),$D$3),0)","v":0},{"$f":"IF(RAND()<$F$1,_xll.dNormalDev($C$3-((1-(501-$BO31)/500)/$BQ$21),$D$3),0)","v":0},{"$f":"IF(RAND()<$F$1,_xll.dNormalDev($C$3-((1-(501-$BO31)/500)/$BQ$21),$D$3),0)","v":0},{"$f":"IF(RAND()<$F$1,_xll.dNormalDev($C$3-((1-(501-$BO31)/500)/$BQ$21),$D$3),0)","v":0},{"$f":"IF(RAND()<$F$1,_xll.dNormalDev($C$3-((1-(501-$BO31)/500)/$BQ$21),$D$3),0)","v":-1.3383573229687917E-2},{"$f":"IF(RAND()<$F$1,_xll.dNormalDev($C$3-((1-(501-$BO31)/500)/$BQ$21),$D$3),0)","v":0},null,null,{"$f":"_xll.dRandReal($C$1,$D$1)","v":2.9374216683208942E-4},{"$f":"_xll.dNormalDev($C$2,$D$2)","v":5.2486061706228326E-2},{"$f":"_xll.dNormalDev($C$4,$D$4)","v":1.0618056915819003},1,{"$f":"_xll.dRandInt($C$6,CA31*$BO$6)","v":1},{"$f":"_xll.dRandInt($C$7,$D$7)","v":16},{"$f":"IF(RAND()<$F$1,_xll.dNormalDev($C$3,$D$3),0)","v":0},{"$f":"IF(RAND()<$F$1,_xll.dNormalDev($C$3,$D$3),0)","v":-4.5470072621450357E-4},{"$f":"IF(RAND()<$F$1,_xll.dNormalDev($C$3,$D$3),0)","v":0},{"$f":"IF(RAND()<$F$1,_xll.dNormalDev($C$3,$D$3),0)","v":0},{"$f":"IF(RAND()<$F$1,_xll.dNormalDev($C$3,$D$3),0)","v":0},{"$f":"IF(RAND()<$F$1,_xll.dNormalDev($C$3,$D$3),0)","v":0},{"$f":"IF(RAND()<$F$1,_xll.dNormalDev($C$3,$D$3),0)","v":0},{"$f":"IF(RAND()<$F$1,_xll.dNormalDev($C$3,$D$3),0)","v":0},0,{"$f":"IF(RAND()<$F$1,_xll.dNormalDev($C$3,$D$3),0)","v":0}]
["avg",{"$f":"AVERAGE(I24:R522)","v":0.66687690202581307},null,{"$f":"K24","v":1.0334763803984971E-2},null,null,9,0.9,4.1041609938308882E-2,5.2053325920448083E-2,1.4045841960417907E-2,1.2055213381858255E-2,6.2290806905366484E-3,1.4462336723227054E-2,2.9447399300988764E-2,2.4235150730237368E-2,2.8874957037623973E-2,3.8826484465971589E-2,0,0,null,null,null,{"$f":"I18*AVERAGE($R24:$R522)","v":0},0,0,0,0,0,0,0,0,0,null,null,{"$f":"IF(RAND()<$F$1,_xll.dNormalDev($C$3,$D$3),0)","v":0},{"$f":"IF(RAND()<$F$1,_xll.dNormalDev($C$3,$D$3),0)","v":0},{"$f":"IF(RAND()<$F$1,_xll.dNormalDev($C$3,$D$3),0)","v":0},{"$f":"IF(RAND()<$F$1,_xll.dNormalDev($C$3,$D$3),0)","v":0},{"$f":"IF(RAND()<$F$1,_xll.dNormalDev($C$3,$D$3),0)","v":0},{"$f":"IF(RAND()<$F$1,_xll.dNormalDev($C$3,$D$3),0)","v":0},{"$f":"IF(RAND()<$F$1,_xll.dNormalDev($C$3,$D$3),0)","v":-2.4251858099640349E-3},{"$f":"IF(RAND()<$F$1,_xll.dNormalDev($C$3,$D$3),0)","v":0},0,{"$f":"IF(RAND()<$F$1,_xll.dNormalDev($C$3,$D$3),0)","v":0},null,null,null,null,null,null,null,null,null,null,null,null,null,null,null,10,null,{"$f":"_xll.dRandReal($C$1,$D$1)","v":1.3555456092581153E-2},{"$f":"_xll.dNormalDev($C$2,$D$2)","v":3.9835227999572995E-2},{"$f":"_xll.dNormalDev($C$4,$D$4)","v":0.7166978392178347},1,{"$f":"_xll.dRandInt($C$6,BI32*$BO$6)","v":21},{"$f":"_xll.dRandInt($C$7,$D$7)","v":14},{"$f":"IF(RAND()<$F$1,_xll.dNormalDev($C$3-((1-(501-$BO32)/500)/$BQ$21),$D$3),0)","v":0},{"$f":"IF(RAND()<$F$1,_xll.dNormalDev($C$3-((1-(501-$BO32)/500)/$BQ$21),$D$3),0)","v":0},{"$f":"IF(RAND()<$F$1,_xll.dNormalDev($C$3-((1-(501-$BO32)/500)/$BQ$21),$D$3),0)","v":0},{"$f":"IF(RAND()<$F$1,_xll.dNormalDev($C$3-((1-(501-$BO32)/500)/$BQ$21),$D$3),0)","v":0},{"$f":"IF(RAND()<$F$1,_xll.dNormalDev($C$3-((1-(501-$BO32)/500)/$BQ$21),$D$3),0)","v":0},{"$f":"IF(RAND()<$F$1,_xll.dNormalDev($C$3-((1-(501-$BO32)/500)/$BQ$21),$D$3),0)","v":-6.5680182940375522E-3},{"$f":"IF(RAND()<$F$1,_xll.dNormalDev($C$3-((1-(501-$BO32)/500)/$BQ$21),$D$3),0)","v":2.1325703926403053E-2},{"$f":"IF(RAND()<$F$1,_xll.dNormalDev($C$3-((1-(501-$BO32)/500)/$BQ$21),$D$3),0)","v":0},{"$f":"IF(RAND()<$F$1,_xll.dNormalDev($C$3-((1-(501-$BO32)/500)/$BQ$21),$D$3),0)","v":0},{"$f":"IF(RAND()<$F$1,_xll.dNormalDev($C$3-((1-(501-$BO32)/500)/$BQ$21),$D$3),0)","v":0},null,null,{"$f":"_xll.dRandReal($C$1,$D$1)","v":3.7239996576681735E-2},{"$f":"_xll.dNormalDev($C$2,$D$2)","v":4.7067594577572508E-2},{"$f":"_xll.dNormalDev($C$4,$D$4)","v":0.76666741095482138},1,{"$f":"_xll.dRandInt($C$6,CA32*$BO$6)","v":1},{"$f":"_xll.dRandInt($C$7,$D$7)","v":25},{"$f":"IF(RAND()<$F$1,_xll.dNormalDev($C$3,$D$3),0)","v":0},{"$f":"IF(RAND()<$F$1,_xll.dNormalDev($C$3,$D$3),0)","v":0},{"$f":"IF(RAND()<$F$1,_xll.dNormalDev($C$3,$D$3),0)","v":0},{"$f":"IF(RAND()<$F$1,_xll.dNormalDev($C$3,$D$3),0)","v":0},{"$f":"IF(RAND()<$F$1,_xll.dNormalDev($C$3,$D$3),0)","v":-5.2727067341546852E-3},{"$f":"IF(RAND()<$F$1,_xll.dNormalDev($C$3,$D$3),0)","v":0},{"$f":"IF(RAND()<$F$1,_xll.dNormalDev($C$3,$D$3),0)","v":0},{"$f":"IF(RAND()<$F$1,_xll.dNormalDev($C$3,$D$3),0)","v":0},{"$f":"IF(RAND()<$F$1,_xll.dNormalDev($C$3,$D$3),0)","v":0},0]
["stdev",{"$f":"STDEV(I24:R522)","v":0.50307306692581222},null,{"$f":"K44","v":2.2194759485297023E-2},null,null,10,1,4.3290910756820858E-2,5.4694013798474966E-2,1.4593716739015524E-2,1.2758154527790153E-2,6.2290806905366484E-3,1.4462336723227054E-2,2.9447399300988764E-2,2.4235150730237368E-2,2.8874957037623973E-2,3.8826484465971589E-2,0,0,null,null,null,{"$f":"SUM(X24:X32)","v":0},-9.5395079721252024E-3,0,0,1.6353772106802614E-2,6.8930499388827164E-3,0,-8.6784087047801998E-3,0,-1.9955558106368705E-3,null,null,{"$f":"IF(RAND()<$F$1,_xll.dNormalDev($C$3,$D$3),0)","v":0},{"$f":"IF(RAND()<$F$1,_xll.dNormalDev($C$3,$D$3),0)","v":0},{"$f":"IF(RAND()<$F$1,_xll.dNormalDev($C$3,$D$3),0)","v":3.2984756967182026E-2},{"$f":"IF(RAND()<$F$1,_xll.dNormalDev($C$3,$D$3),0)","v":0},{"$f":"IF(RAND()<$F$1,_xll.dNormalDev($C$3,$D$3),0)","v":0},{"$f":"IF(RAND()<$F$1,_xll.dNormalDev($C$3,$D$3),0)","v":0},{"$f":"IF(RAND()<$F$1,_xll.dNormalDev($C$3,$D$3),0)","v":0},{"$f":"IF(RAND()<$F$1,_xll.dNormalDev($C$3,$D$3),0)","v":-3.4551825650028241E-2},{"$f":"IF(RAND()<$F$1,_xll.dNormalDev($C$3,$D$3),0)","v":3.0152831190144817E-5},0]
[null,null,null,{"$f":"K64","v":4.6973898280632836E-2},null,null,11,1.1000000000000001,4.5657181000565823E-2,5.7460576593188172E-2,1.5162630599191766E-2,1.3501658646517516E-2,6.2290806905366484E-3,1.4462336723227054E-2,2.9447399300988764E-2,2.4235150730237368E-2,2.8874957037623973E-2,3.8826484465971589E-2,0,0]
["maxlevel",{"$f":"MAX(B22:B31)","v":1.962281964004311},null,{"$f":"K84","v":9.6421108144172249E-2},null,null,12,1.2,4.8145799239187742E-2,6.035817530606763E-2,1.5753365150786975E-2,1.4288015402063948E-2,6.2290806905366484E-3,1.4462336723227054E-2,2.9447399300988764E-2,2.4235150730237368E-2,2.8874957037623973E-2,3.8826484465971589E-2,0,0,null,null,{"$f":"IF(RAND()<poisson_parameter*model!K35,1,0)","v":0},{"$f":"IF(RAND()<K24*$T$22,1,0)","v":0},1]
["average endlevel",{"$f":"AVERAGE(endlevel10)","v":1.0486014679276245},null,{"$f":"K104","v":0.18665389613766054},null,null,13,1.3,5.076231303976584E-2,6.3392095540844212E-2,1.636672895320913E-2,1.5119637597469773E-2,6.2290806905366484E-3,1.4462336723227054E-2,2.9447399300988764E-2,2.4235150730237368E-2,2.8874957037623973E-2,3.8826484465971589E-2,0,0,null,null,{"$f":"IF(RAND()<poisson_parameter*model!K36,1,0)","v":0},{"$f":"IF(RAND()<K25*$T$22,1,0)","v":0},2,null,null,null,null,null,null,null,null,null,null,null,null,null,null,null,null,null,null,null,null,null,null,null,null,null,null,null,null,null,null,null,null,null,null,null,null,null,null,null,null,null,{"$f":"$C$3-BP36/50","v":0},{"$f":"1-(501-BO23)/500","v":0}]
["totsupport maxlevel",{"$f":"AG20","v":-46.876917051070706},null,{"$f":"K124","v":0.32698206876518349},null,null,14,1.4,5.3512435202811848E-2,6.6567740918320281E-2,1.7003558277744413E-2,1.59990670631978E-2,6.2290806905366484E-3,1.4462336723227054E-2,2.9447399300988764E-2,2.4235150730237368E-2,2.8874957037623973E-2,3.8826484465971589E-2,0,0,null,null,{"$f":"IF(RAND()<poisson_parameter*model!K37,1,0)","v":0},{"$f":"IF(RAND()<(K26-$T$21)*$T$22*(1+SUM($X$35:X36)),1,0)","v":0},3,null,null,null,null,null,null,null,null,null,null,null,null,null,null,null,null,null,null,null,null,null,null,null,null,null,null,null,null,null,null,null,null,null,null,null,null,null,null,null,null,null,{"$f":"$C$3-BP37/50","v":0},{"$f":"1-(501-BO24)/500","v":0}]
["support maxlevel",{"$f":"my_lookup(B35,B22:B31,connectionsum)","v":4.2053514749556722E-2},null,{"$f":"K144","v":0.4972839706238974},null,null,15,1.5,5.6402038675659565E-2,6.9890625183337496E-2,1.7664717877569843E-2,1.6928980736919414E-2,6.2290806905366484E-3,1.4462336723227054E-2,2.9447399300988764E-2,2.4235150730237368E-2,2.8874957037623973E-2,3.8826484465971589E-2,0,0,null,null,{"$f":"IF(RAND()<poisson_parameter*model!K38,1,0)","v":0},{"$f":"IF(RAND()<(K27-$T$21)*$T$22*(1+pref_attach_on*SUM($X$35:X37)),1,0)","v":0},4,{"$f":"IF(AND(SUM($X$35:X37)=0,X38=1),Y38,\"\")","v":""},null,null,null,null,null,null,null,null,null,"Average","Median","Minimum","Maximum","Perc 0.025","Perc 0.975","StDev","Skewness","P value","# of simulations",null,null,null,null,null,null,null,null,null,null,null,null,null,null,null,null,null,null,null,null,null,{"$f":"$C$3-BP38/50","v":-1.4799999999999991E-3},{"$f":"1-(501-BO25)/500","v":7.3999999999999955E-2}]
["correl sum and max",{"$f":"CORREL(connectionsum,maxlevel10)","v":0.92462751081151917},null,{"$f":"K164","v":0.64664209234509928},null,null,16,1.6,5.9437150008322656E-2,7.3366362896690879E-2,1.8351101764205114E-2,1.7912196928883781E-2,6.2290806905366484E-3,1.4462336723227054E-2,2.9447399300988764E-2,2.4235150730237368E-2,2.8874957037623973E-2,3.8826484465971589E-2,0,0,null,null,{"$f":"IF(RAND()<poisson_parameter*model!K39,1,0)","v":0},{"$f":"IF(RAND()<(K28^quadratic_condition*L28-$T$21)*$T$22*(1+pref_attach_on*SUM($X$35:X38)),1,0)","v":0},5,{"$f":"IF(AND(SUM($X$35:X38)=0,X39=1),Y39,\"\")","v":""},null,null,null,null,null,null,null,null,null,2.238,2,0,6,0,5,1.2619592236535728,0.31922963359951867,0.57399999999999995,500,null,null,null,null,null,null,null,null,null,null,null,null,null,null,null,null,null,null,null,null,null,-1.2000000000000011E-4,6.0000000000000053E-3]
["correl carcap",{"$f":"CORREL(B22:B31,E10:E19)","v":-0.5693538616977738},null,{"$f":"K184","v":0.73597525714800383},null,null,17,1.7,6.2623941211688336E-2,7.700065860300527E-2,1.9063633988992437E-2,1.8951681764975459E-2,6.2290806905366484E-3,1.4462336723227054E-2,2.9447399300988764E-2,2.4235150730237368E-2,2.8874957037623973E-2,3.8826484465971589E-2,0,0,null,null,{"$f":"IF(RAND()<poisson_parameter*model!K40,1,0)","v":0},{"$f":"IF(RAND()<(K29^quadratic_condition*L29-$T$21)*$T$22*(1+pref_attach_on*SUM($X$35:X39)),1,0)","v":0},6,{"$f":"IF(AND(SUM($X$35:X39)=0,X40=1),Y40,\"\")","v":""},null,null,null,null,null,null,null,null,null,2.3079999999999998,2,0,6,0,5,1.2807875833514841,0.24231922045059553,0.628,500,null,null,null,null,null,null,null,null,null,null,null,null,null,null,null,null,null,null,null,null,null,-5.1999999999999998E-3,0.26]
["correl rate",{"$f":"CORREL(B22:B31,D10:D19)","v":-0.11322374608145643},null,{"$f":"K204","v":0.76673281293098194},null,null,18,1.8,6.5968719873721729E-2,8.0799294364873667E-2,1.9803269428034051E-2,2.0050555797186363E-2,6.2290806905366484E-3,1.4462336723227054E-2,2.9447399300988764E-2,2.4235150730237368E-2,2.8874957037623973E-2,3.8826484465971589E-2,0,0,null,null,{"$f":"IF(RAND()<poisson_parameter*model!K41,1,0)","v":0},{"$f":"IF(RAND()<(K30^quadratic_condition*L30-$T$21)*$T$22*(1+pref_attach_on*SUM($X$35:X40)),1,0)","v":0},7,{"$f":"IF(AND(SUM($X$35:X40)=0,X41=1),Y41,\"\")","v":""},null,null,null,null,null,null,null,null,null,2.27,2,0,7,0,5,1.2394241988477468,0.53499264596935403,0.60599999999999998,500,null,null,null,null,null,null,null,null,null,null,null,null,null,null,null,null,null,null,null,null,null,-6.3999999999999994E-3,0.31999999999999995]
[null,null,null,{"$f":"K224","v":0.7629135391453622},null,null,19,1.9,6.9477917386445792E-2,8.4768115554109333E-2,2.0570994568846888E-2,2.1212100768539455E-2,6.2290806905366484E-3,1.4462336723227054E-2,2.9447399300988764E-2,2.4235150730237368E-2,2.8874957037623973E-2,3.8826484465971589E-2,0,0,null,null,{"$f":"IF(RAND()<poisson_parameter*model!K42,1,0)","v":0},{"$f":"IF(RAND()<(K31^quadratic_condition*L31-$T$21)*$T$22*(1+pref_attach_on*SUM($X$35:X41)),1,0)","v":0},8,{"$f":"IF(AND(SUM($X$35:X41)=0,X42=1),Y42,\"\")","v":""},null,null,null,null,null,null,null,null,null,2.3199999999999998,2,0,8,0,5,1.2872116483528693,0.47347499093391321,0.59799999999999998,500,null,null,null,null,null,null,null,null,null,null,null,null,null,null,null,null,null,null,null,null,null,-8.1600000000000006E-3,0.40800000000000003]
[null,null,null,{"$f":"E11","v":1.0035508822577617},null,null,20,2,7.3158075135129993E-2,8.8913014793002523E-2,2.1367828296811896E-2,2.2439766516476112E-2,6.4592221586495585E-3,1.4462336723227054E-2,2.9447399300988764E-2,2.4235150730237368E-2,2.8874957037623973E-2,3.8826484465971589E-2,0,0,null,null,{"$f":"IF(RAND()<poisson_parameter*model!K43,1,0)","v":0},{"$f":"IF(RAND()<(K32^quadratic_condition*L32-$T$21)*$T$22*(1+pref_attach_on*SUM($X$35:X42)),1,0)","v":0},9,{"$f":"IF(AND(SUM($X$35:X42)=0,X43=1),Y43,\"\")","v":""},null,null,null,null,null,null,null,null,null,2.2639999999999998,2,0,7,0,5,1.2543727124756849,0.37817002792818716,0.628,500,null,null,null,null,null,null,null,null,null,null,null,null,null,null,null,null,null,null,null,null,null,-3.0400000000000006E-3,0.15200000000000002]
[null,null,null,null,null,null,21,2.1,7.7016004692030487E-2,9.323991394223069E-2,2.2194759485297023E-2,2.3737177995327274E-2,6.6978066442320216E-3,1.4462336723227054E-2,2.9447399300988764E-2,2.4235150730237368E-2,2.8874957037623973E-2,3.8826484465971589E-2,0,0,null,null,{"$f":"IF(RAND()<poisson_parameter*model!K44,1,0)","v":0},{"$f":"IF(RAND()<(K33^quadratic_condition*L33-$T$21)*$T$22*(1+pref_attach_on*SUM($X$35:X43)),1,0)","v":0},10,{"$f":"IF(AND(SUM($X$35:X43)=0,X44=1),Y44,\"\")","v":""},null,null,null,null,null,null,null,null,null,2.274,2,0,6,0,5,1.3647891040732976,0.3646352869207703,0.62,500,null,null,null,null,null,null,null,null,null,null,null,null,null,null,null,null,null,null,null,null,null,-6.4000000000000059E-4,3.2000000000000028E-2]
[null,null,null,null,null,null,22,2.2000000000000002,8.1058450722630654E-2,9.7754744037790303E-2,2.3052864483896606E-2,2.5108142394699849E-2,6.9451393884155154E-3,1.4462336723227054E-2,2.9447399300988764E-2,2.4235150730237368E-2,2.8874957037623973E-2,3.8826484465971589E-2,0,0,null,null,{"$f":"IF(RAND()<poisson_parameter*model!K45,1,0)","v":0},{"$f":"IF(RAND()<(K34^quadratic_condition*L34-$T$21)*$T$22*(1+pref_attach_on*SUM($X$35:X44)),1,0)","v":0},11,{"$f":"IF(AND(SUM($X$35:X44)=0,X45=1),Y45,\"\")","v":""},null,null,null,null,null,null,null,null,null,2.286,2,0,7,0,5,1.2788568918764129,0.39931358867455802,0.59399999999999997,500,null,null,null,null,null,null,null,null,null,null,null,null,null,null,null,null,null,null,null,null,null,-8.0000000000000069E-4,4.0000000000000036E-2]
[null,null,null,null,null,null,23,2.2999999999999998,8.5292216691386785E-2,0.10246342308724896,2.394325337971584E-2,2.6556656326393636E-2,7.2015363294568539E-3,1.4462336723227054E-2,2.9447399300988764E-2,2.4235150730237368E-2,2.8874957037623973E-2,3.8826484465971589E-2,0,0,null,null,{"$f":"IF(RAND()<poisson_parameter*model!K46,1,0)","v":0},{"$f":"IF(RAND()<(K35^quadratic_condition*L35-$T$21)*$T$22*(1+pref_attach_on*SUM($X$35:X45)),1,0)","v":0},12,{"$f":"IF(AND(SUM($X$35:X45)=0,X46=1),Y46,\"\")","v":""},null,null,null,null,null,null,null,null,null,2.29,2,0,7,0,5,1.2445874802487704,0.24457294011863931,0.60799999999999998,500,null,null,null,null,null,null,null,null,null,null,null,null,null,null,null,null,null,null,null,null,null,{"$f":"$C$3-BP46/50","v":-1.9799999999999998E-2},0.99]
[null,null,null,null,null,null,24,2.4,8.9724141768703553E-2,0.10737183164601168,2.4867070674898347E-2,2.8086913047788712E-2,7.4673244521162455E-3,1.4462336723227054E-2,2.9447399300988764E-2,2.4235150730237368E-2,2.8874957037623973E-2,3.8826484465971589E-2,0,0,null,null,{"$f":"IF(RAND()<poisson_parameter*model!K47,1,0)","v":0},{"$f":"IF(RAND()<(K36^quadratic_condition*L36-$T$21)*$T$22*(1+pref_attach_on*SUM($X$35:X46)),1,0)","v":0},13,{"$f":"IF(AND(SUM($X$35:X46)=0,X47=1),Y47,\"\")","v":""},null,null,null,null,null,null,null,null,null,2.2200000000000002,2,0,7,0,5,1.2879898430000691,0.39769733159603049,0.62,500]
[null,null,null,null,null,null,25,2.5,9.4361075024291849E-2,0.11248578610740417,2.5825495944912302E-2,2.970330968447786E-2,7.7428421464973661E-3,1.4462336723227054E-2,2.9447399300988764E-2,2.4235150730237368E-2,2.8874957037623973E-2,3.8826484465971589E-2,0,0,null,null,{"$f":"IF(RAND()<poisson_parameter*model!K48,1,0)","v":0},{"$f":"IF(RAND()<(K37^quadratic_condition*L37-$T$21)*$T$22*(1+pref_attach_on*SUM($X$35:X47)),1,0)","v":0},14,{"$f":"IF(AND(SUM($X$35:X47)=0,X48=1),Y48,\"\")","v":""},null,null,null,null,null,null,null,null,null,2.2200000000000002,2,0,6,0,5,1.2484860571387011,0.32188979469606976,1,500]
[null,null,null,null,null,null,26,2.6,9.9209846800837387E-2,0.11781100965643862,2.6819744473923931E-2,3.141045440923277E-2,8.0284395764497925E-3,1.4462336723227054E-2,2.9447399300988764E-2,2.4235150730237368E-2,2.8874957037623973E-2,3.8826484465971589E-2,0,0,null,null,{"$f":"IF(RAND()<poisson_parameter*model!K49,1,0)","v":0},{"$f":"IF(RAND()<(K38^quadratic_condition*L38-$T$21)*$T$22*(1+pref_attach_on*SUM($X$35:X48)),1,0)","v":0},15,{"$f":"IF(AND(SUM($X$35:X48)=0,X49=1),Y49,\"\")","v":""},null,null,null,null,null,null,null,null,null,{"$f":"AVERAGE(AJ39:AJ48)","v":2.2689999999999997},null,null,null,null,null,{"$f":"AVERAGE(AP39:AP48)","v":1.2748464743018608}]
[null,null,null,null,null,null,27,2.7,0.10427723718133317,0.12335310085636467,2.7851067863295657E-2,3.3213173528157725E-2,8.3244790576206037E-3,1.4462336723227054E-2,2.9447399300988764E-2,2.4235150730237368E-2,2.8874957037623973E-2,3.8826484465971589E-2,0,0,null,null,{"$f":"IF(RAND()<poisson_parameter*model!K50,1,0)","v":0},{"$f":"IF(RAND()<(K39^quadratic_condition*L39-$T$21)*$T$22*(1+pref_attach_on*SUM($X$35:X49)),1,0)","v":0},16,{"$f":"IF(AND(SUM($X$35:X49)=0,X50=1),Y50,\"\")","v":""}]
[null,null,null,null,null,null,28,2.8,0.1095699414873904,0.12911749985971321,2.89207546089401E-2,3.5116518418074047E-2,8.6313354452268419E-3,1.4462336723227054E-2,2.9447399300988764E-2,2.4235150730237368E-2,2.8874957037623973E-2,3.8826484465971589E-2,0,0,null,null,{"$f":"IF(RAND()<poisson_parameter*model!K51,1,0)","v":0},{"$f":"IF(RAND()<(K40^quadratic_condition*L40-$T$21)*$T$22*(1+pref_attach_on*SUM($X$35:X50)),1,0)","v":0},17,{"$f":"IF(AND(SUM($X$35:X50)=0,X51=1),Y51,\"\")","v":""},null,null,null,null,null,null,null,null,null,"Average","Median","Minimum","Maximum","Perc 0.025","Perc 0.975","StDev","Skewness","P value","# of simulations"]
[null,null,null,null,null,null,29,2.9,0.11509453277467106,0.13510945226166632,3.0030130642941123E-2,3.7125772251769863E-2,8.9493965316036223E-3,1.4462336723227054E-2,2.9447399300988764E-2,2.4235150730237368E-2,2.8874957037623973E-2,3.8826484465971589E-2,0,0,null,null,{"$f":"IF(RAND()<poisson_parameter*model!K52,1,0)","v":0},{"$f":"IF(RAND()<(K41^quadratic_condition*L41-$T$21)*$T$22*(1+pref_attach_on*SUM($X$35:X51)),1,0)","v":0},18,{"$f":"IF(AND(SUM($X$35:X51)=0,X52=1),Y52,\"\")","v":""},null,null,null,null,null,null,null,null,null,2.222,2,0,6,0,5,1.3336020750188171,0.28408170381883546,1,1000]
[null,null,null,null,null,null,30,3,0.12085742132555227,0.1413339706433353,3.1180559834519055E-2,3.9246456439725241E-2,9.2790634535639752E-3,1.4462336723227054E-2,2.9447399300988764E-2,2.4235150730237368E-2,2.8874957037623973E-2,3.8826484465971589E-2,0,0,null,null,{"$f":"IF(RAND()<poisson_parameter*model!K53,1,0)","v":0},{"$f":"IF(RAND()<(K42^quadratic_condition*L42-$T$21)*$T$22*(1+pref_attach_on*SUM($X$35:X52)),1,0)","v":0},19,{"$f":"IF(AND(SUM($X$35:X52)=0,X53=1),Y53,\"\")","v":""},null,null,null,null,null,null,null,null,null,2.3029999999999999,2,0,7,0,5,1.3729807267678873,0.41518971227189233,1,1000]
[null,null,null,null,null,null,31,3.1,0.12686481117843118,0.14779579388593839,3.2373444445069434E-2,4.1484336708270508E-2,9.620751109585754E-3,1.4462336723227054E-2,2.9447399300988764E-2,2.4235150730237368E-2,2.8874957037623973E-2,3.8826484465971589E-2,0,0,null,null,{"$f":"IF(RAND()<poisson_parameter*model!K54,1,0)","v":0},{"$f":"IF(RAND()<(K43^quadratic_condition*L43-$T$21)*$T$22*(1+pref_attach_on*SUM($X$35:X53)),1,0)","v":0},20,{"$f":"IF(AND(SUM($X$35:X53)=0,X54=1),Y54,\"\")","v":""},null,null,null,null,null,null,null,null,null,2.2440000000000002,2,0,7,0,5,1.2830082268286942,0.51182775557225313,1,1000]
[null,null,null,null,null,null,32,3.2,0.13312265377780064,0.15449934437389778,3.3610225531643875E-2,4.384542872485294E-2,9.9748885868180572E-3,1.4462336723227054E-2,2.9447399300988764E-2,2.4235150730237368E-2,2.8874957037623973E-2,3.8826484465971589E-2,0,0,null,null,{"$f":"IF(RAND()<poisson_parameter*model!K55,1,0)","v":0},{"$f":"IF(RAND()<(K44^quadratic_condition*L44-$T$21)*$T$22*(1+pref_attach_on*SUM($X$35:X54)),1,0)","v":0},21,{"$f":"IF(AND(SUM($X$35:X54)=0,X55=1),Y55,\"\")","v":""},null,null,null,null,null,null,null,null,null,2.25,2,0,6,0,5,1.2677172820101126,0.29944623403144754,1,1000]
[null,null,null,null,{"$f":"B22","v":1.3123353516437986},{"$f":"B24","v":0.76804687439868347},33,3.3,0.13963659887933408,0.16144868324538886,3.4892383292868263E-2,4.6336003171180321E-2,1.0341919597874458E-2,1.4462336723227054E-2,2.9447399300988764E-2,2.4235150730237368E-2,2.8874957037623973E-2,3.8826484465971589E-2,0,0,null,null,{"$f":"IF(RAND()<poisson_parameter*model!K56,1,0)","v":0},{"$f":"IF(RAND()<(K45^quadratic_condition*L45-$T$21)*$T$22*(1+pref_attach_on*SUM($X$35:X55)),1,0)","v":0},22,{"$f":"IF(AND(SUM($X$35:X55)=0,X56=1),Y56,\"\")","v":""},null,null,null,null,null,null,null,null,null,2.2250000000000001,2,0,6,0,5,1.2790664607482329,0.33284210353767085,1,1000]
[null,null,null,null,null,null,34,3.4,0.14641194289952653,0.16864746389262958,3.622143735090854E-2,4.8962590154498983E-2,1.0722302927352696E-2,1.4462336723227054E-2,2.9447399300988764E-2,2.4235150730237368E-2,2.8874957037623973E-2,3.8826484465971589E-2,0,0,null,null,{"$f":"IF(RAND()<poisson_parameter*model!K57,1,0)","v":0},{"$f":"IF(RAND()<(K46^quadratic_condition*L46-$T$21)*$T$22*(1+pref_attach_on*SUM($X$35:X56)),1,0)","v":0},23,{"$f":"IF(AND(SUM($X$35:X56)=0,X57=1),Y57,\"\")","v":""},null,null,null,null,null,null,null,null,null,2.2109999999999999,2,0,7,0,5,1.279889494103736,0.3959745747814587,1,1000]
[null,1,{"$f":"TRANSPOSE(maxlevel10)","v":1.3123353516437986},{"$f":"C58","v":1.3123353516437986},"within person corrleation endlevel","within person corrleation gen factor",35,3.5,0.15345357495958115,0.17609888396083406,3.7598946962698949E-2,5.1731982836183389E-2,1.1116512887990227E-2,1.4462336723227054E-2,2.9447399300988764E-2,2.4235150730237368E-2,2.8874957037623973E-2,3.8826484465971589E-2,0,0,null,null,{"$f":"IF(RAND()<poisson_parameter*model!K58,1,0)","v":0},{"$f":"IF(RAND()<(K47^quadratic_condition*L47-$T$21)*$T$22*(1+pref_attach_on*SUM($X$35:X57)),1,0)","v":0},24,{"$f":"IF(AND(SUM($X$35:X57)=0,X58=1),Y58,\"\")","v":""},null,null,null,null,null,null,null,null,null,2.2429999999999999,2,0,7,0,5,1.2874814983558438,0.43119076512566951,1,1000]
[null,2,0.84714543654767738,{"$f":"C68","v":5.7407456927186545E-2},{"$f":"CORREL(I60:R60,endlevel10)","v":-6.1008364542812964E-2},{"$f":"CORREL(I60:R60,$E$9:$E$18)","v":7.421645083264744E-2},36,3.6,0.16076592093764283,0.18380563614377327,3.9026511153242939E-2,5.4651240145216225E-2,1.1525039786331992E-2,1.4462336723227054E-2,2.9447399300988764E-2,2.4235150730237368E-2,2.8874957037623973E-2,3.8826484465971589E-2,0,0,null,null,{"$f":"IF(RAND()<poisson_parameter*model!K59,1,0)","v":0},{"$f":"IF(RAND()<(K48^quadratic_condition*L48-$T$21)*$T$22*(1+pref_attach_on*SUM($X$35:X58)),1,0)","v":0},25,{"$f":"IF(AND(SUM($X$35:X58)=0,X59=1),Y59,\"\")","v":""},null,null,null,null,null,null,null,null,null,2.2040000000000002,2,0,8,0,5,1.2892036480114559,0.39945632081579058,1,1000]
[null,3,0.76804687439868347,{"$f":"C59","v":0.84714543654767738},{"$f":"CORREL(I80:R80,endlevel10)","v":6.194449355886469E-3},{"$f":"CORREL(I80:R80,$E$9:$E$18)","v":0.14985364577851606},37,3.7,0.16835288591137115,0.19176985812464864,4.0505768763384707E-2,5.7727688432097142E-2,1.1948390397750742E-2,1.4462336723227054E-2,2.9447399300988764E-2,2.4235150730237368E-2,2.8874957037623973E-2,3.8826484465971589E-2,0,0,null,null,{"$f":"IF(RAND()<poisson_parameter*model!K60,1,0)","v":0},{"$f":"IF(RAND()<(K49^quadratic_condition*L49-$T$21)*$T$22*(1+pref_attach_on*SUM($X$35:X59)),1,0)","v":0},26,{"$f":"IF(AND(SUM($X$35:X59)=0,X60=1),Y60,\"\")","v":""},null,null,null,null,null,null,null,null,null,2.27,2,0,6,0,5,1.2556578660911886,0.31334291477064996,1,1000]
[null,4,1.3170561545254065,{"$f":"C69","v":5.3636858440922044E-2},{"$f":"CORREL(I100:R100,endlevel10)","v":5.2083616781800769E-2},{"$f":"CORREL(I100:R100,$E$9:$E$18)","v":0.2675875819118248},38,3.8,0.17621779544318847,0.19999308206270386,4.2038398404031507E-2,6.0968921906332303E-2,1.2387088450621036E-2,1.4462336723227054E-2,2.9447399300988764E-2,2.4235150730237368E-2,2.8874957037623973E-2,3.8826484465971589E-2,0,0,null,null,{"$f":"IF(RAND()<poisson_parameter*model!K61,1,0)","v":0},{"$f":"IF(RAND()<(K50^quadratic_condition*L50-$T$21)*$T$22*(1+pref_attach_on*SUM($X$35:X60)),1,0)","v":0},27,{"$f":"IF(AND(SUM($X$35:X60)=0,X61=1),Y61,\"\")","v":""},null,null,null,null,null,null,null,null,null,2.2970000000000002,2,0,6,0,5,1.284695077223168,0.2534247723899713,1,1000]
[null,5,1.962281964004311,{"$f":"C60","v":0.76804687439868347},{"$f":"CORREL(I120:R120,endlevel10)","v":8.9214513028162218E-2},{"$f":"CORREL(I120:R120,$E$9:$E$18)","v":0.40197709402028942},39,3.9,0.18436333623205448,0.20847618407772994,4.3626118308385628E-2,6.4382801688053479E-2,1.2841675119405484E-2,1.4462336723227054E-2,2.9447399300988764E-2,2.4235150730237368E-2,2.8874957037623973E-2,3.8826484465971589E-2,0,0,null,null,{"$f":"IF(RAND()<poisson_parameter*model!K62,1,0)","v":0},{"$f":"IF(RAND()<(K51^quadratic_condition*L51-$T$21)*$T$22*(1+pref_attach_on*SUM($X$35:X61)),1,0)","v":0},28,{"$f":"IF(AND(SUM($X$35:X61)=0,X62=1),Y62,\"\")","v":""},null,null,null,null,null,null,null,null,null,{"$f":"AVERAGE(AJ52:AJ61)","v":2.2469000000000001},null,null,null,null,null,{"$f":"AVERAGE(AP52:AP61)","v":1.2933302355159138}]
[null,6,0.98641896448445598,{"$f":"C70","v":3.9668947674233047E-2},{"$f":"CORREL(I140:R140,endlevel10)","v":0.1138569968500244},{"$f":"CORREL(I140:R140,$E$9:$E$18)","v":0.4770904212836114},40,4,0.19279149672677767,0.21721933423527168,4.5270686073322651E-2,6.7977453291653889E-2,1.3312709526365641E-2,1.4462336723227054E-2,2.9447399300988764E-2,2.4235150730237368E-2,2.8874957037623973E-2,3.8826484465971589E-2,0,0,null,null,{"$f":"IF(RAND()<poisson_parameter*model!K63,1,0)","v":0},{"$f":"IF(RAND()<(K52^quadratic_condition*L52-$T$21)*$T$22*(1+pref_attach_on*SUM($X$35:X62)),1,0)","v":0},29,{"$f":"IF(AND(SUM($X$35:X62)=0,X63=1),Y63,\"\")","v":""}]
[null,7,1.0115752919648155,{"$f":"C61","v":1.3170561545254065},{"$f":"CORREL(I160:R160,endlevel10)","v":0.14549815243837444},{"$f":"CORREL(I160:R160,$E$9:$E$18)","v":0.48949327330793779},41,4.0999999999999996,0.20150350836489839,0.22622194758367986,4.6973898280632836E-2,7.1761262346804078E-2,1.3800769251560036E-2,1.4462336723227054E-2,2.9447399300988764E-2,2.4235150730237368E-2,2.8874957037623973E-2,3.8826484465971589E-2,0,0,null,null,{"$f":"IF(RAND()<poisson_parameter*model!K64,1,0)","v":0},{"$f":"IF(RAND()<(K53^quadratic_condition*L53-$T$21)*$T$22*(1+pref_attach_on*SUM($X$35:X63)),1,0)","v":0},30,{"$f":"IF(AND(SUM($X$35:X63)=0,X64=1),Y64,\"\")","v":""}]
[{"$f":"rate10","v":5.3636858440922044E-2},8,0.90679960497365475,{"$f":"C71","v":5.8882591011908916E-2},{"$f":"CORREL(I180:R180,endlevel10)","v":0.20212828013235223},{"$f":"CORREL(I180:R180,$E$9:$E$18)","v":0.47056349827124183},42,4.2,0.21049978816606965,0.23548263683881682,4.8737589988427872E-2,7.5742868350061859E-2,1.4306450850737862E-2,1.4462336723227054E-2,2.9447399300988764E-2,2.4235150730237368E-2,2.8874957037623973E-2,3.8826484465971589E-2,0,0,null,null,{"$f":"IF(RAND()<poisson_parameter*model!K65,1,0)","v":0},{"$f":"IF(RAND()<(K54^quadratic_condition*L54-$T$21)*$T$22*(1+pref_attach_on*SUM($X$35:X64)),1,0)","v":0},31,{"$f":"IF(AND(SUM($X$35:X64)=0,X65=1),Y65,\"\")","v":""}]
[3.9668947674233047E-2,9,0.90954662271590059,{"$f":"C62","v":1.962281964004311},{"$f":"CORREL(I200:R200,endlevel10)","v":0.2731904108089912},{"$f":"CORREL(I200:R200,$E$9:$E$18)","v":0.43719862387399938},43,4.3,0.21977988346742655,0.24499916735174504,5.0563634082610193E-2,7.9931156228796138E-2,1.4830370380678651E-2,1.4462336723227054E-2,2.9447399300988764E-2,2.4235150730237368E-2,2.8874957037623973E-2,3.8826484465971589E-2,0,0,null,null,{"$f":"IF(RAND()<poisson_parameter*model!K66,1,0)","v":0},{"$f":"IF(RAND()<(K55^quadratic_condition*L55-$T$21)*$T$22*(1+pref_attach_on*SUM($X$35:X65)),1,0)","v":0},32,{"$f":"IF(AND(SUM($X$35:X65)=0,X66=1),Y66,\"\")","v":""}]
[5.8882591011908916E-2,10,0.95401641282368299,{"$f":"C72","v":3.5982929227115379E-2},{"$f":"CORREL(I220:R220,endlevel10)","v":0.33977758206490438},{"$f":"CORREL(I220:R220,$E$9:$E$18)","v":0.39641945445400023},44,4.4000000000000004,0.2293424196383364,0.25476841502757452,5.245394047791075E-2,8.4335245488635371E-2,1.5373163931465612E-2,1.4462336723227054E-2,2.9447399300988764E-2,2.4235150730237368E-2,2.8874957037623973E-2,3.8826484465971589E-2,0,0,null,null,{"$f":"IF(RAND()<poisson_parameter*model!K67,1,0)","v":0},{"$f":"IF(RAND()<(K56^quadratic_condition*L56-$T$21)*$T$22*(1+pref_attach_on*SUM($X$35:X66)),1,0)","v":0},33,{"$f":"IF(AND(SUM($X$35:X66)=0,X67=1),Y67,\"\")","v":""}]
[3.5982929227115379E-2,1,{"$f":"D9:D18","v":5.7407456927186545E-2},{"$f":"C63","v":0.98641896448445598},{"$f":"CORREL(I240:R240,endlevel10)","v":0.39630948957518874},{"$f":"CORREL(I240:R240,$E$9:$E$18)","v":0.33081207027619552},45,4.5,0.23918505165074375,0.26478632788824252,5.4410455157628067E-2,8.8964476706508033E-2,1.59354881651129E-2,1.4462336723227054E-2,2.9447399300988764E-2,2.4235150730237368E-2,2.8874957037623973E-2,3.8826484465971589E-2,0,0,null,null,{"$f":"IF(RAND()<poisson_parameter*model!K68,1,0)","v":0},{"$f":"IF(RAND()<(K57^quadratic_condition*L57-$T$21)*$T$22*(1+pref_attach_on*SUM($X$35:X67)),1,0)","v":0},34,{"$f":"IF(AND(SUM($X$35:X67)=0,X68=1),Y68,\"\")","v":""}]
[4.7147671775566759E-2,2,5.3636858440922044E-2,{"$f":"C73","v":4.7147671775566759E-2},{"$f":"CORREL(I260:R260,endlevel10)","v":0.44043075953969585},{"$f":"CORREL(I260:R260,$E$9:$E$18)","v":0.22865679745118284},46,4.5999999999999996,0.24930442040664644,0.27504789198679297,5.643515904085239E-2,9.3828395123999653E-2,1.6518020859894768E-2,1.4462336723227054E-2,2.9447399300988764E-2,2.4235150730237368E-2,2.8874957037623973E-2,3.8826484465971589E-2,0,0,null,null,{"$f":"IF(RAND()<poisson_parameter*model!K69,1,0)","v":0},{"$f":"IF(RAND()<(K58^quadratic_condition*L58-$T$21)*$T$22*(1+pref_attach_on*SUM($X$35:X68)),1,0)","v":0},35,{"$f":"IF(AND(SUM($X$35:X68)=0,X69=1),Y69,\"\")","v":""}]
[7.1124704440279657E-2,3,3.9668947674233047E-2,{"$f":"C64","v":1.0115752919648155},{"$f":"CORREL(I280:R280,endlevel10)","v":0.47559355155583749},{"$f":"CORREL(I280:R280,$E$9:$E$18)","v":0.1286403082260619},47,4.7,0.25969611473373028,0.28554710238422359,5.853006666563923E-2,9.8936731090699656E-2,1.712146145964695E-2,1.4462336723227054E-2,2.9447399300988764E-2,2.4235150730237368E-2,2.8874957037623973E-2,3.8826484465971589E-2,0,0,null,null,{"$f":"IF(RAND()<poisson_parameter*model!K70,1,0)","v":0},{"$f":"IF(RAND()<(K59^quadratic_condition*L59-$T$21)*$T$22*(1+pref_attach_on*SUM($X$35:X69)),1,0)","v":0},36,{"$f":"IF(AND(SUM($X$35:X69)=0,X70=1),Y70,\"\")","v":""}]
[5.0859744564017886E-2,4,5.8882591011908916E-2,{"$f":"C74","v":7.1124704440279657E-2},{"$f":"CORREL(I300:R300,endlevel10)","v":0.55818746040900102},{"$f":"CORREL(I300:R300,$E$9:$E$18)","v":7.5817827230758722E-2},48,4.8,0.27035463995171122,0.29627693989081438,6.0697224676313319E-2,0.10429937710499647,1.7746531627227679E-2,1.4462336723227054E-2,2.9447399300988764E-2,2.4235150730237368E-2,2.8874957037623973E-2,3.8826484465971589E-2,0,0,null,null,{"$f":"IF(RAND()<poisson_parameter*model!K71,1,0)","v":0},{"$f":"IF(RAND()<(K60^quadratic_condition*L60-$T$21)*$T$22*(1+pref_attach_on*SUM($X$35:X70)),1,0)","v":0},37,{"$f":"IF(AND(SUM($X$35:X70)=0,X71=1),Y71,\"\")","v":""}]
[3.9101224353676717E-2,5,3.5982929227115379E-2,{"$f":"C65","v":0.90679960497365475},{"$f":"CORREL(I320:R320,endlevel10)","v":0.70659904455618372},{"$f":"CORREL(I320:R320,$E$9:$E$18)","v":5.5788696871077681E-2},49,4.9000000000000004,0.28127339388364769,0.30722935425087278,6.2938710102843687E-2,0.10992636120100177,1.8393975801236931E-2,1.4462336723227054E-2,2.9447399300988764E-2,2.4235150730237368E-2,2.8874957037623973E-2,3.8826484465971589E-2,0,0,null,null,{"$f":"IF(RAND()<poisson_parameter*model!K72,1,0)","v":0},{"$f":"IF(RAND()<(K61^quadratic_condition*L61-$T$21)*$T$22*(1+pref_attach_on*SUM($X$35:X71)),1,0)","v":0},38,{"$f":"IF(AND(SUM($X$35:X71)=0,X72=1),Y72,\"\")","v":""}]
[4.2165011192423968E-2,6,4.7147671775566759E-2,{"$f":"C75","v":5.0859744564017886E-2},{"$f":"CORREL(I340:R340,endlevel10)","v":0.86378756101752252},{"$f":"CORREL(I340:R340,$E$9:$E$18)","v":5.3038491344117068E-2},50,5,0.29244465113697138,0.31839525441211664,6.5256628420041124E-2,0.1158278164355931,1.9064561754997853E-2,1.4462336723227054E-2,2.9447399300988764E-2,2.4235150730237368E-2,2.8874957037623973E-2,3.8826484465971589E-2,0,0,null,null,{"$f":"IF(RAND()<poisson_parameter*model!K73,1,0)","v":0},{"$f":"IF(RAND()<(K62^quadratic_condition*L62-$T$21)*$T$22*(1+pref_attach_on*SUM($X$35:X72)),1,0)","v":0},39,{"$f":"IF(AND(SUM($X$35:X72)=0,X73=1),Y73,\"\")","v":""}]
[0,7,7.1124704440279657E-2,{"$f":"C66","v":0.90954662271590059},{"$f":"CORREL(I360:R360,endlevel10)","v":0.95444609711757633},{"$f":"CORREL(I360:R360,$E$9:$E$18)","v":5.6180829314811609E-2},51,5.0999999999999996,0.30385955640734619,0.32976450646787381,6.7653111374198549E-2,0.12201394623965059,1.9759081156703384E-2,1.4462336723227054E-2,2.9447399300988764E-2,2.4235150730237368E-2,2.8874957037623973E-2,3.8826484465971589E-2,0,0,null,null,{"$f":"IF(RAND()<poisson_parameter*model!K74,1,0)","v":0},{"$f":"IF(RAND()<(K63^quadratic_condition*L63-$T$21)*$T$22*(1+pref_attach_on*SUM($X$35:X73)),1,0)","v":0},40,{"$f":"IF(AND(SUM($X$35:X73)=0,X74=1),Y74,\"\")","v":""}]
[{"$f":"carcap10","v":1.0442434475213958},8,5.0859744564017886E-2,{"$f":"C76","v":3.9101224353676717E-2},{"$f":"CORREL(I380:R380,endlevel10)","v":0.9865964916200225},{"$f":"CORREL(I380:R380,$E$9:$E$18)","v":5.8228308246265466E-2},52,5.2,0.31550812746443746,0.34132593979169418,7.0130314564731969E-2,0.12849498541315388,2.0478350129523711E-2,1.4462336723227054E-2,2.9447399300988764E-2,2.4235150730237368E-2,2.8874957037623973E-2,3.8826484465971589E-2,0,0,null,null,{"$f":"IF(RAND()<poisson_parameter*model!K75,1,0)","v":0},{"$f":"IF(RAND()<(K64^quadratic_condition*L64-$T$21)*$T$22*(1+pref_attach_on*SUM($X$35:X74)),1,0)","v":0},41,{"$f":"IF(AND(SUM($X$35:X74)=0,X75=1),Y75,\"\")","v":""}]
[1.0035508822577617,9,3.9101224353676717E-2,{"$f":"C67","v":0.95401641282368299},{"$f":"CORREL(I400:R400,endlevel10)","v":0.99579823955286484},{"$f":"CORREL(I400:R400,$E$9:$E$18)","v":5.803173385650829E-2},53,5.3,0.32737926836270376,0.3530673618000687,7.2690414768393399E-2,0.13528115656564377,2.1223209810356129E-2,1.4462336723227054E-2,2.9447399300988764E-2,2.4235150730237368E-2,2.8874957037623973E-2,3.8826484465971589E-2,0,0,null,null,{"$f":"IF(RAND()<poisson_parameter*model!K76,1,0)","v":0},{"$f":"IF(RAND()<(K65^quadratic_condition*L65-$T$21)*$T$22*(1+pref_attach_on*SUM($X$35:X75)),1,0)","v":0},42,{"$f":"IF(AND(SUM($X$35:X75)=0,X76=1),Y76,\"\")","v":""}]
[1.3170561546389679,10,4.2165011192423968E-2,{"$f":"C77","v":4.2165011192423968E-2},{"$f":"CORREL(I420:R420,endlevel10)","v":0.99848381945218301},{"$f":"CORREL(I420:R420,$E$9:$E$18)","v":5.6499683984498131E-2},54,5.4,0.3394607932836381,0.36497558168041538,7.5335606993728099E-2,0.14238262183238401,2.199452690577787E-2,1.4462336723227054E-2,2.9447399300988764E-2,2.4235150730237368E-2,2.8874957037623973E-2,3.8826484465971589E-2,0,0,null,null,{"$f":"IF(RAND()<poisson_parameter*model!K77,1,0)","v":0},{"$f":"IF(RAND()<(K66^quadratic_condition*L66-$T$21)*$T$22*(1+pref_attach_on*SUM($X$35:X76)),1,0)","v":0},43,{"$f":"IF(AND(SUM($X$35:X76)=0,X77=1),Y77,\"\")","v":""}]
[0.95145734339483001,null,null,null,{"$f":"CORREL(I440:R440,endlevel10)","v":0.99940216973021156},{"$f":"CORREL(I440:R440,$E$9:$E$18)","v":5.4528680641087728E-2},55,5.5,0.35173946126051803,0.37703644330950925,7.8068101253646133E-2,0.1498094297331081,2.2793194243634272E-2,1.4462336723227054E-2,2.9447399300988764E-2,2.4235150730237368E-2,2.8874957037623973E-2,3.8826484465971589E-2,0,0,null,null,{"$f":"IF(RAND()<poisson_parameter*model!K78,1,0)","v":0},{"$f":"IF(RAND()<(K67^quadratic_condition*L67-$T$21)*$T$22*(1+pref_attach_on*SUM($X$35:X77)),1,0)","v":0},44,{"$f":"IF(AND(SUM($X$35:X77)=0,X78=1),Y78,\"\")","v":""}]
[0.85413755029320304,null,"max",{"$f":"B24","v":0.76804687439868347},{"$f":"CORREL(I460:R460,endlevel10)","v":0.99977031999286181},{"$f":"CORREL(I460:R460,$E$9:$E$18)","v":5.2631221368906314E-2},56,5.6,0.36420102186552006,0.38923486746378289,8.0890119044284156E-2,0.15757145708517534,2.3620131318559223E-2,1.4462336723227054E-2,2.9447399300988764E-2,2.4235150730237368E-2,2.8874957037623973E-2,3.8826484465971589E-2,0,0,null,null,{"$f":"IF(RAND()<poisson_parameter*model!K79,1,0)","v":0},{"$f":"IF(RAND()<(K68^quadratic_condition*L68-$T$21)*$T$22*(1+pref_attach_on*SUM($X$35:X78)),1,0)","v":0},45,{"$f":"IF(AND(SUM($X$35:X78)=0,X79=1),Y79,\"\")","v":""}]
[1.0115753009202262,null,"totsup",{"$f":"Z33","v":0},{"$f":"CORREL(I480:R480,endlevel10)","v":0.99992568613789501},{"$f":"CORREL(I480:R480,$E$9:$E$18)","v":5.1018211555727756E-2},57,5.7,0.37683027175562028,0.4015549032895645,8.3803889518757987E-2,0.16567834593688566,2.4476284829581706E-2,1.4462336723227054E-2,2.9447399300988764E-2,2.4235150730237368E-2,2.8874957037623973E-2,3.8826484465971589E-2,0,0,null,null,{"$f":"IF(RAND()<poisson_parameter*model!K80,1,0)","v":0},{"$f":"IF(RAND()<(K69^quadratic_condition*L69-$T$21)*$T$22*(1+pref_attach_on*SUM($X$35:X79)),1,0)","v":0},46,{"$f":"IF(AND(SUM($X$35:X79)=0,X80=1),Y80,\"\")","v":""}]
[1.1829232977513537,null,"sup",{"$f":"K20","v":-1.2864261417780312E-2},null,null,58,5.8,0.38961112178233664,0.41397978886096759,8.6811645344961622E-2,0.17413943555008329,2.5362629207821601E-2,1.4462336723227054E-2,2.9447399300988764E-2,2.4235150730237368E-2,2.8874957037623973E-2,3.8826484465971589E-2,0,0,null,null,{"$f":"IF(RAND()<poisson_parameter*model!K81,1,0)","v":0},{"$f":"IF(RAND()<(K70^quadratic_condition*L70-$T$21)*$T$22*(1+pref_attach_on*SUM($X$35:X80)),1,0)","v":0},47,{"$f":"IF(AND(SUM($X$35:X80)=0,X81=1),Y81,\"\")","v":""}]
[0.90993904278600912,null,"carcap",{"$f":"E11","v":1.0035508822577617},null,null,59,5.9,0.40252667417592314,0.42649202050878232,8.9915618237265738E-2,0.18296368953432834,2.6280167132119326E-2,1.4462336723227054E-2,2.9447399300988764E-2,2.4235150730237368E-2,2.8874957037623973E-2,3.8826484465971589E-2,0,0,null,null,{"$f":"IF(RAND()<poisson_parameter*model!K82,1,0)","v":0},{"$f":"IF(RAND()<(K71^quadratic_condition*L71-$T$21)*$T$22*(1+pref_attach_on*SUM($X$35:X81)),1,0)","v":0},48,{"$f":"IF(AND(SUM($X$35:X81)=0,X82=1),Y82,\"\")","v":""}]
[1.0075972421652155,null,"rate",{"$f":"D11","v":3.9668947674233047E-2},null,null,60,6,0.41555930912236022,0.43907343045864733,9.3118034152819107E-2,0.19215961831793091,2.7229930030277467E-2,1.4462336723227054E-2,2.9447399300988764E-2,2.4235150730237368E-2,2.8874957037623973E-2,3.8826484465971589E-2,0,0,null,null,{"$f":"IF(RAND()<poisson_parameter*model!K83,1,0)","v":0},{"$f":"IF(RAND()<(K72^quadratic_condition*L72-$T$21)*$T$22*(1+pref_attach_on*SUM($X$35:X82)),1,0)","v":0},49,{"$f":"IF(AND(SUM($X$35:X82)=0,X83=1),Y83,\"\")","v":""}]
[0,null,null,{"$f":"B25","v":1.3170561545254065},null,null,61,6.1,0.42869077986686688,0.45170527217449069,9.6421108144172249E-2,0.20173519723387004,2.8212978563418138E-2,1.4462336723227054E-2,2.9447399300988764E-2,2.4235150730237368E-2,2.8874957037623973E-2,3.8826484465971589E-2,0,0,null,null,{"$f":"IF(RAND()<poisson_parameter*model!K84,1,0)","v":0},{"$f":"IF(RAND()<(K73^quadratic_condition*L73-$T$21)*$T$22*(1+pref_attach_on*SUM($X$35:X83)),1,0)","v":0},50,{"$f":"IF(AND(SUM($X$35:X83)=0,X84=1),Y84,\"\")","v":""}]
[{"$f":"TRANSPOSE(connectionsum)","v":1.0541777243829469E-2},null,null,{"$f":"AA33","v":0},null,null,62,6.2,0.44190231530615287,0.46436831266730727,9.9827038861134559E-2,0.21169778060059005,2.9230403090777398E-2,1.4462336723227054E-2,2.9447399300988764E-2,2.4235150730237368E-2,2.8874957037623973E-2,3.8826484465971589E-2,0,0,null,null,{"$f":"IF(RAND()<poisson_parameter*model!K85,1,0)","v":0},{"$f":"IF(RAND()<(K74^quadratic_condition*L74-$T$21)*$T$22*(1+pref_attach_on*SUM($X$35:X84)),1,0)","v":0},51,{"$f":"IF(AND(SUM($X$35:X84)=0,X85=1),Y85,\"\")","v":""}]
[-8.849270258260062E-3,null,null,{"$f":"L20","v":0},null,null,63,6.3,0.45517472887847443,0.47704293090332245,0.10333800269615485,0.22205401228805607,3.0283324112067769E-2,1.4462336723227054E-2,2.9447399300988764E-2,2.4235150730237368E-2,2.8874957037623973E-2,3.8826484465971589E-2,0,0,null,null,{"$f":"IF(RAND()<poisson_parameter*model!K86,1,0)","v":0},{"$f":"IF(RAND()<(K75^quadratic_condition*L75-$T$21)*$T$22*(1+pref_attach_on*SUM($X$35:X85)),1,0)","v":0},52,{"$f":"IF(AND(SUM($X$35:X85)=0,X86=1),Y86,\"\")","v":""}]
[-1.2864261417780312E-2,null,null,{"$f":"E12","v":1.3170561546389679},null,null,64,6.4,0.46848853243053329,0.48970922133285116,0.10695614756909082,0.23280973337702435,3.137289268434177E-2,1.4462336723227054E-2,2.9447399300988764E-2,2.4235150730237368E-2,2.8874957037623973E-2,3.8826484465971589E-2,0,0,null,null,{"$f":"IF(RAND()<poisson_parameter*model!K87,1,0)","v":0},{"$f":"IF(RAND()<(K76^quadratic_condition*L76-$T$21)*$T$22*(1+pref_attach_on*SUM($X$35:X86)),1,0)","v":0},53,{"$f":"IF(AND(SUM($X$35:X86)=0,X87=1),Y87,\"\")","v":""}]
[0,null,null,{"$f":"D12","v":5.8882591011908916E-2},null,null,65,6.5,0.48182405363749603,0.50234710146476047,0.11068358634901443,0.24396988764256541,3.250029081008355E-2,1.4462336723227054E-2,2.9447399300988764E-2,2.4235150730237368E-2,2.8874957037623973E-2,3.8826484465971589E-2,0,0,null,null,{"$f":"IF(RAND()<poisson_parameter*model!K88,1,0)","v":0},{"$f":"IF(RAND()<(K77^quadratic_condition*L77-$T$21)*$T$22*(1+pref_attach_on*SUM($X$35:X87)),1,0)","v":0},54,{"$f":"IF(AND(SUM($X$35:X87)=0,X88=1),Y88,\"\")","v":""}]
[4.2053514749556722E-2,null,null,{"$f":"B26","v":1.962281964004311},null,null,66,6.6,0.49516155548017138,0.51493642233402692,0.1145223899126951,0.25553842571931495,3.3666731793042602E-2,1.4462336723227054E-2,2.9447399300988764E-2,2.4235150730237368E-2,2.8874957037623973E-2,3.8826484465971589E-2,0,0,null,null,{"$f":"IF(RAND()<poisson_parameter*model!K89,1,0)","v":0},{"$f":"IF(RAND()<(K78^quadratic_condition*L78-$T$21)*$T$22*(1+pref_attach_on*SUM($X$35:X88)),1,0)","v":0},55,{"$f":"IF(AND(SUM($X$35:X88)=0,X89=1),Y89,\"\")","v":""}]
[-1.5933590757695428E-2,null,null,{"$f":"AB33","v":1.6353772106802614E-2},null,null,67,6.7,0.50848135624394697,0.527457080653566,0.11847457984161702,0.26751820893307338,3.4873460558103239E-2,1.4462336723227054E-2,2.9447399300988764E-2,2.4235150730237368E-2,2.8874957037623973E-2,3.8826484465971589E-2,0,{"$f":"S90-S89","v":0},null,null,{"$f":"IF(RAND()<poisson_parameter*model!K90,1,0)","v":0},{"$f":"IF(RAND()<(K79^quadratic_condition*L79-$T$21)*$T$22*(1+pref_attach_on*SUM($X$35:X89)),1,0)","v":0},56,{"$f":"IF(AND(SUM($X$35:X89)=0,X90=1),Y90,\"\")","v":""}]
[0,null,null,{"$f":"M20","v":4.2053514749556722E-2},null,null,68,6.8,0.52176394849862395,0.53988913140780537,0.12254212076182569,0.27991091390809902,3.6121753931256696E-2,1.4462336723227054E-2,2.9447399300988764E-2,2.4235150730237368E-2,2.8874957037623973E-2,3.8826484465971589E-2,0,0,null,null,{"$f":"IF(RAND()<poisson_parameter*model!K91,1,0)","v":0},{"$f":"IF(RAND()<(K80^quadratic_condition*L80-$T$21)*$T$22*(1+pref_attach_on*SUM($X$35:X90)),1,0)","v":0},57,{"$f":"IF(AND(SUM($X$35:X90)=0,X91=1),Y91,\"\")","v":""}]
[-1.3759513665554252E-2,null,null,{"$f":"E13","v":0.95145734339483001},null,null,69,6.9,0.53499011554681741,0.55221289963520681,0.12672691233356345,0.29271693917814723,3.741292087550982E-2,1.4462336723227054E-2,2.9447399300988764E-2,2.4235150730237368E-2,2.8874957037623973E-2,3.8826484465971589E-2,0,0,null,null,{"$f":"IF(RAND()<poisson_parameter*model!K92,1,0)","v":0},{"$f":"IF(RAND()<(K81^quadratic_condition*L81-$T$21)*$T$22*(1+pref_attach_on*SUM($X$35:X91)),1,0)","v":0},58,{"$f":"IF(AND(SUM($X$35:X91)=0,X92=1),Y92,\"\")","v":""}]
[0,null,null,{"$f":"D13","v":3.5982929227115379E-2},null,null,70,7,0.54814104388999463,0.56440909016025986,0.13103078090054435,0.30593531513798944,3.8748302678325831E-2,1.4462336723227054E-2,2.9447399300988764E-2,2.4235150730237368E-2,2.8874957037623973E-2,3.8826484465971589E-2,0,0,null,null,{"$f":"IF(RAND()<poisson_parameter*model!K93,1,0)","v":0},{"$f":"IF(RAND()<(K82^quadratic_condition*L82-$T$21)*$T$22*(1+pref_attach_on*SUM($X$35:X92)),1,0)","v":0},59,{"$f":"IF(AND(SUM($X$35:X92)=0,X93=1),Y93,\"\")","v":""}]
[-1.6889781951858699E-3,null,null,{"$f":"B27","v":0.98641896448445598},null,null,71,7.1,0.56119843035328243,0.57645889407180351,0.13545547081183137,0.31956361876646999,4.0129273085949838E-2,1.4462336723227054E-2,2.9447399300988764E-2,2.4235150730237368E-2,2.8874957037623973E-2,3.8826484465971589E-2,0,0,null,null,{"$f":"IF(RAND()<poisson_parameter*model!K94,1,0)","v":0},{"$f":"IF(RAND()<(K83^quadratic_condition*L83-$T$21)*$T$22*(1+pref_attach_on*SUM($X$35:X93)),1,0)","v":0},60,{"$f":"IF(AND(SUM($X$35:X93)=0,X94=1),Y94,\"\")","v":""}]
[null,null,null,{"$f":"AC33","v":6.8930499388827164E-3},null,null,72,7.2,0.57414458262971424,0.58834409080266103,0.14000263543260799,0.33359789462757022,4.1557238379724942E-2,1.4462336723227054E-2,2.9447399300988764E-2,2.4235150730237368E-2,2.8874957037623973E-2,3.8826484465971589E-2,0,0,null,null,{"$f":"IF(RAND()<poisson_parameter*model!K95,1,0)","v":0},{"$f":"IF(RAND()<(K84^quadratic_condition*L84-$T$21)*$T$22*(1+pref_attach_on*SUM($X$35:X94)),1,0)","v":0},61,{"$f":"IF(AND(SUM($X$35:X94)=0,X95=1),Y95,\"\")","v":""}]
[null,null,null,{"$f":"N20","v":-1.5933590757695428E-2},null,null,73,7.3,0.58696251214759321,0.60004714474366472,0.14467382786366978,0.34803258370781848,4.3033637389255593E-2,1.4462336723227054E-2,2.9447399300988764E-2,2.4235150730237368E-2,2.8874957037623973E-2,3.8826484465971589E-2,0,0,null,null,{"$f":"IF(RAND()<poisson_parameter*model!K96,1,0)","v":0},{"$f":"IF(RAND()<(K85^quadratic_condition*L85-$T$21)*$T$22*(1+pref_attach_on*SUM($X$35:X95)),1,0)","v":0},62,{"$f":"IF(AND(SUM($X$35:X95)=0,X96=1),Y96,\"\")","v":""}]
[null,null,null,{"$f":"E14","v":0.85413755029320304},null,null,74,7.4,0.59963601832647773,0.61155129542085052,0.14947049139318791,0.3628604616721865,4.4559941437024096E-2,1.4462336723227054E-2,2.9447399300988764E-2,2.4235150730237368E-2,2.8874957037623973E-2,3.8826484465971589E-2,0,0,null,null,{"$f":"IF(RAND()<poisson_parameter*model!K97,1,0)","v":0},{"$f":"IF(RAND()<(K86^quadratic_condition*L86-$T$21)*$T$22*(1+pref_attach_on*SUM($X$35:X96)),1,0)","v":0},63,{"$f":"IF(AND(SUM($X$35:X96)=0,X97=1),Y97,\"\")","v":""}]
[null,null,null,{"$f":"D14","v":4.7147671775566759E-2},null,null,75,7.5,0.61214976346288896,0.6228406403751543,0.15439394970819464,0.37807258811211819,4.6137654208815757E-2,1.4462336723227054E-2,2.9447399300988764E-2,2.4235150730237368E-2,2.8874957037623973E-2,3.8826484465971589E-2,0,0,null,null,{"$f":"IF(RAND()<poisson_parameter*model!K98,1,0)","v":0},{"$f":"IF(RAND()<(K87^quadratic_condition*L87-$T$21)*$T$22*(1+pref_attach_on*SUM($X$35:X97)),1,0)","v":0},64,{"$f":"IF(AND(SUM($X$35:X97)=0,X98=1),Y98,\"\")","v":""}]
[null,"early_levels",null,null,null,null,76,7.6,0.62448933767091142,0.63390021000627494,0.15944539689728909,0.39365826831483197,4.7768311544059104E-2,1.4462336723227054E-2,2.9447399300988764E-2,2.4235150730237368E-2,2.8874957037623973E-2,3.8826484465971589E-2,0,0,null,null,{"$f":"IF(RAND()<poisson_parameter*model!K99,1,0)","v":0},{"$f":"IF(RAND()<(K88^quadratic_condition*L88-$T$21)*$T$22*(1+pref_attach_on*SUM($X$35:X98)),1,0)","v":0},65,{"$f":"IF(AND(SUM($X$35:X98)=0,X99=1),Y99,\"\")","v":""}]
[null,{"$f":"TRANSPOSE(early_levels)","v":0.29244465113697138},{"$f":"TRANSPOSE(maxlevel10)","v":1.3123353516437986},null,{"$f":"B100","v":0.29244465113697138},null,77,7.7,0.63664131349014685,0.64471603377325082,0.16462588728023195,0.40960502899956597,4.9453481139942461E-2,1.4462336723227054E-2,2.9447399300988764E-2,2.4235150730237368E-2,2.8874957037623973E-2,3.8826484465971589E-2,0,0,null,null,{"$f":"IF(RAND()<poisson_parameter*model!K100,1,0)","v":0},{"$f":"IF(RAND()<(K89^quadratic_condition*L89-$T$21)*$T$22*(1+pref_attach_on*SUM($X$35:X99)),1,0)","v":0},66,{"$f":"IF(AND(SUM($X$35:X99)=0,X100=1),Y100,\"\")","v":""}]
[null,0.31839525441211664,0.84714543654767738,null,{"$f":"C100","v":1.3123353516437986},null,78,7.8,0.64859328995892773,0.65527519728043526,0.16993632510435691,0.42589860934201057,5.1194762162928287E-2,1.4462336723227054E-2,2.9447399300988764E-2,2.4235150730237368E-2,2.8874957037623973E-2,3.8826484465971589E-2,0,0,null,null,{"$f":"IF(RAND()<poisson_parameter*model!K101,1,0)","v":0},{"$f":"IF(RAND()<(K90^quadratic_condition*L90-$T$21)*$T$22*(1+pref_attach_on*SUM($X$35:X100)),1,0)","v":0},67,{"$f":"IF(AND(SUM($X$35:X100)=0,X101=1),Y101,\"\")","v":""}]
[null,6.5256628420041124E-2,0.76804687439868347,null,{"$f":"B101","v":0.31839525441211664},null,79,7.9,0.66033392612962594,0.66556588991573917,0.17537745415203718,0.44252296844200323,5.2993784761054992E-2,1.4462336723227054E-2,2.9447399300988764E-2,2.4235150730237368E-2,2.8874957037623973E-2,3.8826484465971589E-2,0,0,null,null,{"$f":"IF(RAND()<poisson_parameter*model!K102,1,0)","v":0},{"$f":"IF(RAND()<(K91^quadratic_condition*L91-$T$21)*$T$22*(1+pref_attach_on*SUM($X$35:X101)),1,0)","v":0},68,{"$f":"IF(AND(SUM($X$35:X101)=0,X102=1),Y102,\"\")","v":""}]
[null,0.1158278164355931,1.3170561545254065,null,{"$f":"C101","v":0.84714543654767738},null,80,8,0.67185296417117368,0.67557744284518317,0.18094984730776251,0.45946031018224343,5.485220947019441E-2,1.4462336723227054E-2,2.9447399300988764E-2,2.4235150730237368E-2,2.8874957037623973E-2,3.8826484465971589E-2,0,0,null,null,{"$f":"IF(RAND()<poisson_parameter*model!K103,1,0)","v":0},{"$f":"IF(RAND()<(K92^quadratic_condition*L92-$T$21)*$T$22*(1+pref_attach_on*SUM($X$35:X102)),1,0)","v":0},69,{"$f":"IF(AND(SUM($X$35:X102)=0,X103=1),Y103,\"\")","v":""}]
[null,1.9064561754997853E-2,1.962281964004311,null,{"$f":"B102","v":6.5256628420041124E-2},null,81,8.1,0.68314124235804974,0.68530035730119088,0.18665389613766054,0.47669112617942688,5.6771726507225E-2,1.4462336723227054E-2,2.9447399300988764E-2,2.4235150730237368E-2,2.8874957037623973E-2,3.8826484465971589E-2,0,0,null,null,{"$f":"IF(RAND()<poisson_parameter*model!K104,1,0)","v":0},{"$f":"IF(RAND()<(K93^quadratic_condition*L93-$T$21)*$T$22*(1+pref_attach_on*SUM($X$35:X103)),1,0)","v":0},70,{"$f":"IF(AND(SUM($X$35:X103)=0,X104=1),Y104,\"\")","v":""}]
[null,1.4462336723227054E-2,0.98641896448445598,null,{"$f":"C102","v":0.76804687439868347},null,82,8.1999999999999993,0.69419069838220593,0.69472632322919714,0.19248980053847894,0.49419425724752664,5.8754054942888774E-2,1.4462336723227054E-2,2.9447399300988764E-2,2.4235150730237368E-2,2.8874957037623973E-2,3.8826484465971589E-2,0,0,null,null,{"$f":"IF(RAND()<poisson_parameter*model!K105,1,0)","v":0},{"$f":"IF(RAND()<(K94^quadratic_condition*L94-$T$21)*$T$22*(1+pref_attach_on*SUM($X$35:X104)),1,0)","v":0},71,{"$f":"IF(AND(SUM($X$35:X104)=0,X105=1),Y105,\"\")","v":""}]
[null,2.9447399300988764E-2,1.0115752919648155,null,{"$f":"B103","v":0.1158278164355931},null,83,8.3000000000000007,0.70499436354269274,0.70384822847597117,0.19845755851707725,0.51194697348129725,6.0800941746927739E-2,1.4462336723227054E-2,2.9447399300988764E-2,2.4235150730237368E-2,2.8874957037623973E-2,3.8826484465971589E-2,0,0,null,null,{"$f":"IF(RAND()<poisson_parameter*model!K106,1,0)","v":0},{"$f":"IF(RAND()<(K95^quadratic_condition*L95-$T$21)*$T$22*(1+pref_attach_on*SUM($X$35:X105)),1,0)","v":0},72,{"$f":"IF(AND(SUM($X$35:X105)=0,X106=1),Y106,\"\")","v":""}]
[null,2.4235150730237368E-2,0.90679960497365475,null,{"$f":"C103","v":1.3170561545254065},null,84,8.4,0.71554634846582699,0.71266015881188605,0.20455695616529451,0.529925072733342,6.2914160697946392E-2,1.4462336723227054E-2,2.9447399300988764E-2,2.4235150730237368E-2,2.8874957037623973E-2,3.8826484465971589E-2,0,0,null,null,{"$f":"IF(RAND()<poisson_parameter*model!K107,1,0)","v":0},{"$f":"IF(RAND()<(K96^quadratic_condition*L96-$T$21)*$T$22*(1+pref_attach_on*SUM($X$35:X106)),1,0)","v":0},73,{"$f":"IF(AND(SUM($X$35:X106)=0,X107=1),Y107,\"\")","v":""}]
[null,2.8874957037623973E-2,0.90954662271590059,null,null,null,85,8.5,0.72584182108607298,0.72115738917694505,0.2107875578985986,0.54810299690853903,6.5095511150324761E-2,1.4462336723227054E-2,2.9447399300988764E-2,2.4235150730237368E-2,2.8874957037623973E-2,3.8826484465971589E-2,0,0,null,null,{"$f":"IF(RAND()<poisson_parameter*model!K108,1,0)","v":0},{"$f":"IF(RAND()<(K97^quadratic_condition*L97-$T$21)*$T$22*(1+pref_attach_on*SUM($X$35:X107)),1,0)","v":0},74,{"$f":"IF(AND(SUM($X$35:X107)=0,X108=1),Y108,\"\")","v":""}]
[null,3.8826484465971589E-2,0.95401641282368299,null,null,null,86,8.6,0.73587697767450277,0.72933636662583412,0.21714869703011186,0.56645396514470681,6.7346816650415559E-2,1.4462336723227054E-2,2.9447399300988764E-2,2.4235150730237368E-2,2.8874957037623973E-2,3.8826484465971589E-2,0,0,null,null,{"$f":"IF(RAND()<poisson_parameter*model!K109,1,0)","v":0},{"$f":"IF(RAND()<(K98^quadratic_condition*L98-$T$21)*$T$22*(1+pref_attach_on*SUM($X$35:X108)),1,0)","v":0},75,{"$f":"IF(AND(SUM($X$35:X108)=0,X109=1),Y109,\"\")","v":""}]
[null,null,null,null,null,null,87,8.6999999999999993,0.74564900773845444,0.73719468552011092,0.2236394667543809,0.58495012259835422,6.9669923394204081E-2,1.4462336723227054E-2,2.9447399300988764E-2,2.4235150730237368E-2,2.8874957037623973E-2,3.8826484465971589E-2,0,0,null,null,{"$f":"IF(RAND()<poisson_parameter*model!K110,1,0)","v":0},{"$f":"IF(RAND()<(K99^quadratic_condition*L99-$T$21)*$T$22*(1+pref_attach_on*SUM($X$35:X109)),1,0)","v":0},76,{"$f":"IF(AND(SUM($X$35:X109)=0,X110=1),Y110,\"\")","v":""}]
[null,{"$f":"CORREL(B100:B109,C100:C109)","v":-4.4331563954035313E-2},null,null,null,null,88,8.8000000000000007,0.75515605363400651,0.74473105557570995,0.23025871161753847,0.60356270321990468,7.2066698518594596E-2,1.4462336723227054E-2,2.9447399300988764E-2,2.4235150730237368E-2,2.8874957037623973E-2,3.8826484465971589E-2,0,0,null,null,{"$f":"IF(RAND()<poisson_parameter*model!K111,1,0)","v":0},{"$f":"IF(RAND()<(K100^quadratic_condition*L100-$T$21)*$T$22*(1+pref_attach_on*SUM($X$35:X110)),1,0)","v":0},77,{"$f":"IF(AND(SUM($X$35:X110)=0,X111=1),Y111,\"\")","v":""}]
[null,null,null,null,null,null,89,8.9,0.76439716573370842,0.7519452634213516,0.23700501955222536,0.62226220459457515,7.4539028218517614E-2,1.4462336723227054E-2,2.9447399300988764E-2,2.4235150730237368E-2,2.8874957037623973E-2,3.8826484465971589E-2,0,0,null,null,{"$f":"IF(RAND()<poisson_parameter*model!K112,1,0)","v":0},{"$f":"IF(RAND()<(K101^quadratic_condition*L101-$T$21)*$T$22*(1+pref_attach_on*SUM($X$35:X111)),1,0)","v":0},78,{"$f":"IF(AND(SUM($X$35:X111)=0,X112=1),Y112,\"\")","v":""}]
[null,null,null,null,null,null,90,9,0.77337225397752118,0.7588381283585699,0.24387671455672755,0.64101857265334838,7.7088815682133952E-2,1.4462336723227054E-2,2.9447399300988764E-2,2.4235150730237368E-2,2.8874957037623973E-2,3.8826484465971589E-2,0,0,null,null,{"$f":"IF(RAND()<poisson_parameter*model!K113,1,0)","v":0},{"$f":"IF(RAND()<(K102^quadratic_condition*L102-$T$21)*$T$22*(1+pref_attach_on*SUM($X$35:X112)),1,0)","v":0},79,{"$f":"IF(AND(SUM($X$35:X112)=0,X113=1),Y113,\"\")","v":""}]
[null,null,null,null,null,null,91,9.1,0.78208203660717668,0.76541145303745772,0.25087185009817231,0.65980139383243486,7.9717978836548492E-2,1.4462336723227054E-2,2.9447399300988764E-2,2.4235150730237368E-2,2.8874957037623973E-2,3.8826484465971589E-2,0,0,null,null,{"$f":"IF(RAND()<poisson_parameter*model!K114,1,0)","v":0},{"$f":"IF(RAND()<(K103^quadratic_condition*L103-$T$21)*$T$22*(1+pref_attach_on*SUM($X$35:X113)),1,0)","v":0},80,{"$f":"IF(AND(SUM($X$35:X113)=0,X114=1),Y114,\"\")","v":""}]
[null,null,null,null,null,null,92,9.1999999999999993,0.79052798684531789,0.7716679697745743,0.25798820331925415,0.67858009208715775,8.2428447896645954E-2,1.4462336723227054E-2,2.9447399300988764E-2,2.4235150730237368E-2,2.8874957037623973E-2,3.8826484465971589E-2,0,0,null,null,{"$f":"IF(RAND()<poisson_parameter*model!K115,1,0)","v":0},{"$f":"IF(RAND()<(K104^quadratic_condition*L104-$T$21)*$T$22*(1+pref_attach_on*SUM($X$35:X114)),1,0)","v":0},81,{"$f":"IF(AND(SUM($X$35:X114)=0,X115=1),Y115,\"\")","v":""}]
[null,null,null,null,null,null,93,9.3000000000000007,0.79871227823299951,0.77761128324156603,0.26522327012676905,0.69732412805338606,8.5222162709926969E-2,1.4462336723227054E-2,2.9447399300988764E-2,2.4235150730237368E-2,2.8874957037623973E-2,3.8826484465971589E-2,0,0,null,null,{"$f":"IF(RAND()<poisson_parameter*model!K116,1,0)","v":0},{"$f":"IF(RAND()<(K105^quadratic_condition*L105-$T$21)*$T$22*(1+pref_attach_on*SUM($X$35:X115)),1,0)","v":0},82,{"$f":"IF(AND(SUM($X$35:X115)=0,X116=1),Y116,\"\")","v":""}]
[null,null,null,null,null,null,94,9.4,0.80663772928452449,0.78324581024577833,0.27257426123817813,0.7160031976005039,8.8101069890562989E-2,1.4462336723227054E-2,2.9447399300988764E-2,2.4235150730237368E-2,2.8874957037623973E-2,3.8826484465971589E-2,0,0,null,null,{"$f":"IF(RAND()<poisson_parameter*model!K117,1,0)","v":0},{"$f":"IF(RAND()<(K106^quadratic_condition*L106-$T$21)*$T$22*(1+pref_attach_on*SUM($X$35:X116)),1,0)","v":0},83,{"$f":"IF(AND(SUM($X$35:X116)=0,X117=1),Y117,\"\")","v":""}]
[null,null,null,null,null,null,95,9.5,0.81430774805916528,0.78857671730839907,0.28003809925945367,0.73458742703615887,9.1067119736307309E-2,1.4462336723227054E-2,2.9447399300988764E-2,2.4235150730237368E-2,2.8874957037623973E-2,3.8826484465971589E-2,0,0,null,null,{"$f":"IF(RAND()<poisson_parameter*model!K118,1,0)","v":0},{"$f":"IF(RAND()<(K107^quadratic_condition*L107-$T$21)*$T$22*(1+pref_attach_on*SUM($X$35:X117)),1,0)","v":0},84,{"$f":"IF(AND(SUM($X$35:X117)=0,X118=1),Y118,\"\")","v":""}]
[null,null,null,null,null,null,96,9.6,0.82172627718692048,0.79360985672238515,0.28761141686355979,0.75304756230404568,9.4122262922403666E-2,1.4462336723227054E-2,2.9447399300988764E-2,2.4235150730237368E-2,2.8874957037623973E-2,3.8826484465971589E-2,0,0,null,null,{"$f":"IF(RAND()<poisson_parameter*model!K119,1,0)","v":0},{"$f":"IF(RAND()<(K108^quadratic_condition*L108-$T$21)*$T$22*(1+pref_attach_on*SUM($X$35:X118)),1,0)","v":0},85,{"$f":"IF(AND(SUM($X$35:X118)=0,X119=1),Y119,\"\")","v":""}]
[null,null,null,null,null,null,97,9.6999999999999993,0.82889773982173787,0.79835170174251313,0.2952905561340648,0.77135514965877572,9.726844696722925E-2,1.4462336723227054E-2,2.9447399300988764E-2,2.4235150730237368E-2,2.8874957037623973E-2,3.8826484465971589E-2,0,0,null,null,{"$f":"IF(RAND()<poisson_parameter*model!K120,1,0)","v":0},{"$f":"IF(RAND()<(K109^quadratic_condition*L109-$T$21)*$T$22*(1+pref_attach_on*SUM($X$35:X119)),1,0)","v":0},86,{"$f":"IF(AND(SUM($X$35:X119)=0,X120=1),Y120,\"\")","v":""},null,10,20,30,50,12.5,22.5,32.5,23.5,33.5,14.5,24.5,34.5,54.5]
[null,null,null,null,null,null,98,9.8000000000000007,0.83582698693205582,0.80280928152427777,0.30307156913257044,0.78948270550131328,0.10050761246510073,1.4462336723227054E-2,2.9447399300988764E-2,2.4235150730237368E-2,2.8874957037623973E-2,3.8826484465971589E-2,0,0,null,null,{"$f":"IF(RAND()<poisson_parameter*model!K121,1,0)","v":0},{"$f":"IF(RAND()<(K110^quadratic_condition*L110-$T$21)*$T$22*(1+pref_attach_on*SUM($X$35:X120)),1,0)","v":0},87,{"$f":"IF(AND(SUM($X$35:X120)=0,X121=1),Y121,\"\")","v":""},10,125,2,"","",1,"","","","",1,"","","",129]
[null,null,null,null,null,null,99,9.9,0.84251924627629915,0.80699011638793505,0.31095021974189124,0.807403873307451,0.10384168908246565,1.4462336723227054E-2,2.9447399300988764E-2,2.4235150730237368E-2,2.8874957037623973E-2,3.8826484465971589E-2,0,0,null,null,{"$f":"IF(RAND()<poisson_parameter*model!K122,1,0)","v":0},{"$f":"IF(RAND()<(K111^quadratic_condition*L111-$T$21)*$T$22*(1+pref_attach_on*SUM($X$35:X121)),1,0)","v":0},88,{"$f":"IF(AND(SUM($X$35:X121)=0,X122=1),Y122,\"\")","v":""},20,"",116,2,"","",1,"","","","",1,"","",120]
[null,null,null,null,null,null,100,10,0.84898007335114378,0.81090215393963183,0.31892198682924605,0.82509356587172522,0.10727259131460276,1.4462336723227054E-2,2.9447399300988764E-2,2.4235150730237368E-2,2.8874957037623973E-2,3.8826484465971589E-2,0,0,null,null,{"$f":"IF(RAND()<poisson_parameter*model!K123,1,0)","v":0},{"$f":"IF(RAND()<(K112^quadratic_condition*L112-$T$21)*$T$22*(1+pref_attach_on*SUM($X$35:X122)),1,0)","v":0},89,{"$f":"IF(AND(SUM($X$35:X122)=0,X123=1),Y123,\"\")","v":""},30,1,2,88,"","","","","","","","",3,"",94]
[null,null,null,null,null,null,101,10.1,0.85521530454373607,0.81455370653413617,0.32698206876518349,0.84252809141024898,0.11080221400096739,1.4462336723227054E-2,2.9447399300988764E-2,2.4235150730237368E-2,2.8874957037623973E-2,3.8826484465971589E-2,0,0,null,null,{"$f":"IF(RAND()<poisson_parameter*model!K124,1,0)","v":0},{"$f":"IF(RAND()<(K113^quadratic_condition*L113-$T$21)*$T$22*(1+pref_attach_on*SUM($X$35:X123)),1,0)","v":0},90,{"$f":"IF(AND(SUM($X$35:X123)=0,X124=1),Y124,\"\")","v":""},50,"","","",22,"","","","","","","","",1,23]
[null,null,null,null,null,null,102,10.199999999999999,0.8612310126662357,0.81795339051401228,0.33512538932461255,0.85968526240770904,0.11443242759844606,1.4462336723227054E-2,2.9447399300988764E-2,2.4235150730237368E-2,2.8874957037623973E-2,3.8826484465971589E-2,0,0,null,null,{"$f":"IF(RAND()<poisson_parameter*model!K125,1,0)","v":0},{"$f":"IF(RAND()<(K114^quadratic_condition*L114-$T$21)*$T$22*(1+pref_attach_on*SUM($X$35:X124)),1,0)","v":0},91,{"$f":"IF(AND(SUM($X$35:X124)=0,X125=1),Y125,\"\")","v":""},12.5,2,"","","",171,1,"","","","",1,"","",175]
[null,null,null,null,null,null,103,10.3,0.86703346500247247,0.82111006760897398,0.34334660498622677,0.87654448644554273,0.1181650732130317,1.4462336723227054E-2,2.9447399300988764E-2,2.4235150730237368E-2,2.8874957037623973E-2,3.8826484465971589E-2,0,0,null,null,{"$f":"IF(RAND()<poisson_parameter*model!K126,1,0)","v":0},{"$f":"IF(RAND()<(K115^quadratic_condition*L115-$T$21)*$T$22*(1+pref_attach_on*SUM($X$35:X125)),1,0)","v":0},92,{"$f":"IF(AND(SUM($X$35:X125)=0,X126=1),Y126,\"\")","v":""},22.5,"","","","","",209,1,1,"","",2,"","",213]
[null,null,null,null,null,null,104,10.4,0.87262908395243866,0.82403278882736652,0.35164011363589015,0.89308683859964377,0.12200195739179877,1.4462336723227054E-2,2.9447399300988764E-2,2.4235150730237368E-2,2.8874957037623973E-2,3.8826484465971589E-2,0,0,null,null,{"$f":"IF(RAND()<poisson_parameter*model!K127,1,0)","v":0},{"$f":"IF(RAND()<(K116^quadratic_condition*L116-$T$21)*$T$22*(1+pref_attach_on*SUM($X$35:X126)),1,0)","v":0},93,{"$f":"IF(AND(SUM($X$35:X126)=0,X127=1),Y127,\"\")","v":""},32.5,"","",1,"","","",63,"",1,"","",1,"",66]
[null,null,null,null,null,null,105,10.5,0.87802441032090861,0.82673074111999967,0.36000006466830625,0.90929511533704532,0.12594484667854813,1.4462336723227054E-2,2.9447399300988764E-2,2.4235150730237368E-2,2.8874957037623973E-2,3.8826484465971589E-2,0,0,null,null,{"$f":"IF(RAND()<poisson_parameter*model!K128,1,0)","v":0},{"$f":"IF(RAND()<(K117^quadratic_condition*L117-$T$21)*$T$22*(1+pref_attach_on*SUM($X$35:X127)),1,0)","v":0},94,{"$f":"IF(AND(SUM($X$35:X127)=0,X128=1),Y128,\"\")","v":""},23.5,"","","","","",1,"",10,"","","","","",11]
[null,null,null,null,null,null,106,10.6,0.88322606926169367,0.82921319704556662,0.36842037046964116,0.92515387016310691,0.12999546193810463,1.4462336723227054E-2,2.9447399300988764E-2,2.4235150730237368E-2,2.8874957037623973E-2,3.8826484465971589E-2,0,0,null,null,{"$f":"IF(RAND()<poisson_parameter*model!K129,1,0)","v":0},{"$f":"IF(RAND()<(K118^quadratic_condition*L118-$T$21)*$T$22*(1+pref_attach_on*SUM($X$35:X128)),1,0)","v":0},95,{"$f":"IF(AND(SUM($X$35:X128)=0,X129=1),Y129,\"\")","v":""},33.5,"","","","","","",1,"",11,"","","","",12]
[null,null,null,null,null,null,107,10.7,0.8882407388588146,0.83148946761726983,0.3768947192518553,0.94064943156628822,0.13415547245598425,1.4462336723227054E-2,2.9447399300988764E-2,2.4235150730237368E-2,2.8874957037623973E-2,3.8826484465971589E-2,0,0,null,null,{"$f":"IF(RAND()<poisson_parameter*model!K130,1,0)","v":0},{"$f":"IF(RAND()<(K119^quadratic_condition*L119-$T$21)*$T$22*(1+pref_attach_on*SUM($X$35:X129)),1,0)","v":0},96,{"$f":"IF(AND(SUM($X$35:X129)=0,X130=1),Y130,\"\")","v":""},14.5,1,"","","",3,"","","","",47,"","","",51]
[null,null,null,null,null,null,108,10.8,0.89307512130003708,0.83356885846260642,0.38541658919746508,0.95576990407058549,0.13842648982200112,1.4462336723227054E-2,2.9447399300988764E-2,2.4235150730237368E-2,2.8874957037623973E-2,3.8826484465971589E-2,0,0,null,null,{"$f":"IF(RAND()<poisson_parameter*model!K131,1,0)","v":0},{"$f":"IF(RAND()<(K120^quadratic_condition*L120-$T$21)*$T$22*(1+pref_attach_on*SUM($X$35:X130)),1,0)","v":0},97,{"$f":"IF(AND(SUM($X$35:X130)=0,X131=1),Y131,\"\")","v":""},24.5,"","","","","",1,"","","",1,102,"",1,105]
[null,null,null,null,null,null,109,10.9,0.89773591657653473,0.83546062938304611,0.39397926386145898,0.97050515343169785,0.14281006160835061,1.4462336723227054E-2,2.9447399300988764E-2,2.4235150730237368E-2,2.8874957037623973E-2,3.8826484465971589E-2,0,0,null,null,{"$f":"IF(RAND()<poisson_parameter*model!K132,1,0)","v":0},{"$f":"IF(RAND()<(K121^quadratic_condition*L121-$T$21)*$T$22*(1+pref_attach_on*SUM($X$35:X131)),1,0)","v":0},98,{"$f":"IF(AND(SUM($X$35:X131)=0,X132=1),Y132,\"\")","v":""},34.5,"","",2,"","","",1,"","",1,"",164,"",168]
[null,null,null,null,null,null,110,11,0.90222979862465036,0.83717395735800693,0.40257584876529667,0.98484677719912284,0.14730766485478039,1.4462336723227054E-2,2.9447399300988764E-2,2.4235150730237368E-2,2.8874957037623973E-2,3.8826484465971589E-2,0,0,null,null,{"$f":"IF(RAND()<poisson_parameter*model!K133,1,0)","v":0},{"$f":"IF(RAND()<(K122^quadratic_condition*L122-$T$21)*$T$22*(1+pref_attach_on*SUM($X$35:X132)),1,0)","v":0},99,{"$f":"IF(AND(SUM($X$35:X132)=0,X133=1),Y133,\"\")","v":""},54.5,"","","",1,"","","","","",1,"","",95,97]
[null,null,null,null,null,null,111,11.1,0.90656339381150608,0.8387179029984474,0.41119928910648651,0.99878806201136661,0.15192069937563482,1.4462336723227054E-2,2.9447399300988764E-2,2.4235150730237368E-2,2.8874957037623973E-2,3.8826484465971589E-2,0,0,null,null,{"$f":"IF(RAND()<poisson_parameter*model!K134,1,0)","v":0},{"$f":"IF(RAND()<(K123^quadratic_condition*L123-$T$21)*$T$22*(1+pref_attach_on*SUM($X$35:X133)),1,0)","v":0},100,{"$f":"IF(AND(SUM($X$35:X133)=0,X134=1),Y134,\"\")","v":""},null,129,120,93,23,175,213,66,11,12,51,106,168,97,1264]
[null,null,null,null,null,null,112,11.2,0.91074326165525377,0.84010138041982907,0.41984238849633121,1.0123239290954236,0.15665048090582206,1.4462336723227054E-2,2.9447399300988764E-2,2.4235150730237368E-2,2.8874957037623973E-2,3.8826484465971589E-2,0,0,null,null,{"$f":"IF(RAND()<poisson_parameter*model!K135,1,0)","v":0},{"$f":"IF(RAND()<(K124^quadratic_condition*L124-$T$21)*$T$22*(1+pref_attach_on*SUM($X$35:X134)),1,0)","v":0},101,{"$f":"IF(AND(SUM($X$35:X134)=0,X135=1),Y135,\"\")","v":""}]
[null,null,null,null,null,null,113,11.3,0.91477587766272173,0.84133313047236324,0.4284978286282124,1.0254508695060514,0.16149823410509337,1.4462336723227054E-2,2.9447399300988764E-2,2.4235150730237368E-2,2.8874957037623973E-2,3.8826484465971589E-2,0,0,null,null,{"$f":"IF(RAND()<poisson_parameter*model!K136,1,0)","v":0},{"$f":"IF(RAND()<(K125^quadratic_condition*L125-$T$21)*$T$22*(1+pref_attach_on*SUM($X$35:X135)),1,0)","v":0},102,{"$f":"IF(AND(SUM($X$35:X135)=0,X136=1),Y136,\"\")","v":""}]
[null,null,null,null,null,null,114,11.4,0.91866761816177778,0.84242169723844473,0.43715818976940463,1.0381668706676002,0.16646508544242594,1.4462336723227054E-2,2.9447399300988764E-2,2.4235150730237368E-2,2.8874957037623973E-2,3.8826484465971589E-2,0,0,null,null,{"$f":"IF(RAND()<poisson_parameter*model!K137,1,0)","v":0},{"$f":"IF(RAND()<(K126^quadratic_condition*L126-$T$21)*$T$22*(1+pref_attach_on*SUM($X$35:X136)),1,0)","v":0},103,{"$f":"IF(AND(SUM($X$35:X136)=0,X137=1),Y137,\"\")","v":""}]
[null,null,null,null,null,null,115,11.5,0.92242474700257338,0.84337540768305319,0.44581597196101147,1.0504713357745794,0.17155205598474738,1.4462336723227054E-2,2.9447399300988764E-2,2.4235150730237368E-2,2.8874957037623973E-2,3.8826484465971589E-2,0,0,null,null,{"$f":"IF(RAND()<poisson_parameter*model!K138,1,0)","v":0},{"$f":"IF(RAND()<(K127^quadratic_condition*L127-$T$21)*$T$22*(1+pref_attach_on*SUM($X$35:X137)),1,0)","v":0},104,{"$f":"IF(AND(SUM($X$35:X137)=0,X138=1),Y138,\"\")","v":""}]
[null,null,null,null,null,null,116,11.6,0.92605340400065017,0.8442023543226197,0.45446361680332548,1.0623649975706873,0.17676005411671078,1.4462336723227054E-2,2.9447399300988764E-2,2.4235150730237368E-2,2.8874957037623973E-2,3.8826484465971589E-2,0,0,null,null,{"$f":"IF(RAND()<poisson_parameter*model!K139,1,0)","v":0},{"$f":"IF(RAND()<(K128^quadratic_condition*L128-$T$21)*$T$22*(1+pref_attach_on*SUM($X$35:X138)),1,0)","v":0},105,{"$f":"IF(AND(SUM($X$35:X138)=0,X139=1),Y139,\"\")","v":""}]
[null,null,null,null,null,null,117,11.7,0.92955959499539342,0.84491038076133085,0.46309352969784801,1.0738498279640272,0.1820898682207033,1.4462336723227054E-2,2.9447399300988764E-2,2.4235150730237368E-2,2.8874957037623973E-2,3.8826484465971589E-2,0,0,null,null,{"$f":"IF(RAND()<poisson_parameter*model!K140,1,0)","v":0},{"$f":"IF(RAND()<(K129^quadratic_condition*L129-$T$21)*$T$22*(1+pref_attach_on*SUM($X$35:X139)),1,0)","v":0},106,{"$f":"IF(AND(SUM($X$35:X139)=0,X140=1),Y140,\"\")","v":""}]
[null,null,null,null,null,null,118,11.8,0.93294918339923827,0.84550706993091929,0.47169810241245236,1.0849289448532113,0.18754215934872229,1.4462336723227054E-2,2.9447399300988764E-2,2.4235150730237368E-2,2.8874957037623973E-2,3.8826484465971589E-2,0,0,null,null,{"$f":"IF(RAND()<poisson_parameter*model!K141,1,0)","v":0},{"$f":"IF(RAND()<(K130^quadratic_condition*L130-$T$21)*$T$22*(1+pref_attach_on*SUM($X$35:X140)),1,0)","v":0},107,{"$f":"IF(AND(SUM($X$35:X140)=0,X141=1),Y141,\"\")","v":""}]
[null,null,null,null,null,null,119,11.9,0.93622788311612648,0.84599973486046331,0.48026973583280835,1.0956065174395209,0.19311745392015589,1.4462336723227054E-2,2.9447399300988764E-2,2.4235150730237368E-2,2.8874957037623973E-2,3.8826484465971589E-2,0,0,null,null,{"$f":"IF(RAND()<poisson_parameter*model!K142,1,0)","v":0},{"$f":"IF(RAND()<(K131^quadratic_condition*L131-$T$21)*$T$22*(1+pref_attach_on*SUM($X$35:X141)),1,0)","v":0},108,{"$f":"IF(AND(SUM($X$35:X141)=0,X142=1),Y142,\"\")","v":""}]
[null,null,null,null,null,null,120,12,0.9394012527117529,0.84639541179635602,0.48880086276126161,1.1058876711886612,0.19881613648182905,1.4462336723227054E-2,2.9447399300988764E-2,2.4235150730237368E-2,2.8874957037623973E-2,3.8826484465971589E-2,0,0,null,null,{"$f":"IF(RAND()<poisson_parameter*model!K143,1,0)","v":0},{"$f":"IF(RAND()<(K132^quadratic_condition*L132-$T$21)*$T$22*(1+pref_attach_on*SUM($X$35:X142)),1,0)","v":0},109,{"$f":"IF(AND(SUM($X$35:X142)=0,X143=1),Y143,\"\")","v":""}]
[null,null,null,null,null,null,121,12.1,0.94247469072293044,0.84670085548913687,0.4972839706238974,1.1157783934859975,0.20463844256889047,1.4462336723227054E-2,2.9447399300988764E-2,2.4235150730237368E-2,2.8874957037623973E-2,3.8826484465971589E-2,0,0,null,null,{"$f":"IF(RAND()<poisson_parameter*model!K144,1,0)","v":0},{"$f":"IF(RAND()<(K133^quadratic_condition*L133-$T$21)*$T$22*(1+pref_attach_on*SUM($X$35:X143)),1,0)","v":0},110,{"$f":"IF(AND(SUM($X$35:X143)=0,X144=1),Y144,\"\")","v":""}]
[null,null,null,null,null,null,122,12.2,0.94545343199876286,0.84692253646301163,0.50571162394752467,1.1252854409052484,0.21058445170718904,1.4462336723227054E-2,2.9447399300988764E-2,2.4235150730237368E-2,2.8874957037623973E-2,3.8826484465971589E-2,0,0,null,null,{"$f":"IF(RAND()<poisson_parameter*model!K145,1,0)","v":0},{"$f":"IF(RAND()<(K134^quadratic_condition*L134-$T$21)*$T$22*(1+pref_attach_on*SUM($X$35:X144)),1,0)","v":0},111,{"$f":"IF(AND(SUM($X$35:X144)=0,X145=1),Y145,\"\")","v":""}]
[null,null,null,null,null,null,123,12.3,0.94834254497208659,0.84706664008532662,0.51407648647076487,1.1344162488857459,0.21665408059968433,1.4462336723227054E-2,2.9447399300988764E-2,2.4235150730237368E-2,2.8874957037623973E-2,3.8826484465971589E-2,0,0,null,null,{"$f":"IF(RAND()<poisson_parameter*model!K146,1,0)","v":0},{"$f":"IF(RAND()<(K135^quadratic_condition*L135-$T$21)*$T$22*(1+pref_attach_on*SUM($X$35:X145)),1,0)","v":0},112,{"$f":"IF(AND(SUM($X$35:X145)=0,X146=1),Y146,\"\")","v":""}]
[null,null,null,null,null,null,124,12.4,0.95114692976569526,0.84713906725670307,0.5223713427572817,1.1431788444903943,0.22284707654111938,1.4462336723227054E-2,2.9447399300988764E-2,2.4235150730237368E-2,2.8874957037623973E-2,3.8826484465971589E-2,0,0,null,null,{"$f":"IF(RAND()<poisson_parameter*model!K147,1,0)","v":0},{"$f":"IF(RAND()<(K136^quadratic_condition*L136-$T$21)*$T$22*(1+pref_attach_on*SUM($X$35:X146)),1,0)","v":0},113,{"$f":"IF(AND(SUM($X$35:X146)=0,X147=1),Y147,\"\")","v":""}]
[null,null,null,null,null,null,125,12.5,0.95387131704407047,0.84714543654767738,0.53058911918436935,1.1515817627977454,0.22916301110662088,1.4462336723227054E-2,2.9447399300988764E-2,2.4235150730237368E-2,2.8874957037623973E-2,3.8826484465971589E-2,0,0,null,null,{"$f":"IF(RAND()<poisson_parameter*model!K148,1,0)","v":0},{"$f":"IF(RAND()<(K137^quadratic_condition*L137-$T$21)*$T$22*(1+pref_attach_on*SUM($X$35:X147)),1,0)","v":0},114,{"$f":"IF(AND(SUM($X$35:X147)=0,X148=1),Y148,\"\")","v":""}]
[null,null,null,null,null,null,126,12.6,0.95652026752761488,0.84709108761423857,0.53872290418654634,1.1596339673690212,0.23560127416104404,1.4462336723227054E-2,2.9447399300988764E-2,2.4235150730237368E-2,2.8874957037623973E-2,3.8826484465971589E-2,0,0,null,null,{"$f":"IF(RAND()<poisson_parameter*model!K149,1,0)","v":0},{"$f":"IF(RAND()<(K138^quadratic_condition*L138-$T$21)*$T$22*(1+pref_attach_on*SUM($X$35:X148)),1,0)","v":0},115,{"$f":"IF(AND(SUM($X$35:X148)=0,X149=1),Y149,\"\")","v":""}]
[null,null,null,null,null,null,127,12.7,0.95909817209262849,0.84698108573233621,0.54676596764136576,1.1673447751259354,0.24216106823671207,1.4462336723227054E-2,2.9447399300988764E-2,2.4235150730237368E-2,2.8874957037623973E-2,3.8826484465971589E-2,0,0,null,null,{"$f":"IF(RAND()<poisson_parameter*model!K150,1,0)","v":0},{"$f":"IF(RAND()<(K139^quadratic_condition*L139-$T$21)*$T$22*(1+pref_attach_on*SUM($X$35:X149)),1,0)","v":0},116,{"$f":"IF(AND(SUM($X$35:X149)=0,X150=1),Y150,\"\")","v":""}]
[null,null,null,null,null,null,128,12.8,0.96160925238642569,0.84682022729998507,0.55471177929323778,1.1747237858787647,0.24884140332767929,1.4462336723227054E-2,2.9447399300988764E-2,2.4235150730237368E-2,2.8874957037623973E-2,3.8826484465971589E-2,0,0,null,null,{"$f":"IF(RAND()<poisson_parameter*model!K151,1,0)","v":0},{"$f":"IF(RAND()<(K140^quadratic_condition*L140-$T$21)*$T$22*(1+pref_attach_on*SUM($X$35:X150)),1,0)","v":0},117,{"$f":"IF(AND(SUM($X$35:X150)=0,X151=1),Y151,\"\")","v":""}]
[null,null,null,null,null,null,129,12.9,0.9640575618929903,0.84661304616477961,0.5625540261205193,1.1817808166569945,0.25564109214873865,1.4462336723227054E-2,2.9447399300988764E-2,2.4235150730237368E-2,2.8874957037623973E-2,3.8826484465971589E-2,0,0,null,null,{"$f":"IF(RAND()<poisson_parameter*model!K152,1,0)","v":0},{"$f":"IF(RAND()<(K141^quadratic_condition*L141-$T$21)*$T$22*(1+pref_attach_on*SUM($X$35:X151)),1,0)","v":0},118,{"$f":"IF(AND(SUM($X$35:X151)=0,X152=1),Y152,\"\")","v":""}]
[null,null,null,null,null,null,130,13,0.96644698739037405,0.84636382064424387,0.57028662856132328,1.1885258409172932,0.2625587459070689,1.4462336723227054E-2,2.9447399300988764E-2,2.4235150730237368E-2,2.8874957037623973E-2,3.8826484465971589E-2,0,0,null,null,{"$f":"IF(RAND()<poisson_parameter*model!K153,1,0)","v":0},{"$f":"IF(RAND()<(K142^quadratic_condition*L142-$T$21)*$T$22*(1+pref_attach_on*SUM($X$35:X152)),1,0)","v":0},119,{"$f":"IF(AND(SUM($X$35:X152)=0,X153=1),Y153,\"\")","v":""}]
[null,null,null,null,null,null,131,13.1,0.96878125074661481,0.84607658111628081,0.57790375552427753,1.194968932635615,0.2695927706336475,1.4462336723227054E-2,2.9447399300988764E-2,2.4235150730237368E-2,2.8874957037623973E-2,3.8826484465971589E-2,0,{"$f":"S154-S153","v":0},null,null,{"$f":"IF(RAND()<poisson_parameter*model!K154,1,0)","v":0},{"$f":"IF(RAND()<(K143^quadratic_condition*L143-$T$21)*$T$22*(1+pref_attach_on*SUM($X$35:X153)),1,0)","v":0},120,{"$f":"IF(AND(SUM($X$35:X153)=0,X154=1),Y154,\"\")","v":""}]
[null,null,null,null,null,null,132,13.2,0.9710639110062661,0.84575511806688963,0.58539983812166341,1.2011202152317006,0.27674136412031652,1.4462336723227054E-2,2.9447399300988764E-2,2.4235150730237368E-2,2.8874957037623973E-2,3.8826484465971589E-2,0,0,null,null,{"$f":"IF(RAND()<poisson_parameter*model!K155,1,0)","v":0},{"$f":"IF(RAND()<(K144^quadratic_condition*L144-$T$21)*$T$22*(1+pref_attach_on*SUM($X$35:X154)),1,0)","v":0},121,{"$f":"IF(AND(SUM($X$35:X154)=0,X155=1),Y155,\"\")","v":""}]
[null,null,null,null,null,null,133,13.3,0.97329836672465941,0.84540299049214374,0.59276958207383645,1.2069898152247602,0.28400251350666539,1.4462336723227054E-2,2.9447399300988764E-2,2.4235150730237368E-2,2.8874957037623973E-2,3.8826484465971589E-2,0,0,null,null,{"$f":"IF(RAND()<poisson_parameter*model!K156,1,0)","v":0},{"$f":"IF(RAND()<(K145^quadratic_condition*L145-$T$21)*$T$22*(1+pref_attach_on*SUM($X$35:X155)),1,0)","v":0},122,{"$f":"IF(AND(SUM($X$35:X155)=0,X156=1),Y156,\"\")","v":""}]
[null,null,null,null,null,null,134,13.4,0.97548785851175956,0.84502353456104673,0.60000797874540879,1.2125878204781841,0.291373993558669,1.4462336723227054E-2,2.9447399300988764E-2,2.4235150730237368E-2,2.8874957037623973E-2,3.8826484465971589E-2,0,0,null,null,{"$f":"IF(RAND()<poisson_parameter*model!K157,1,0)","v":0},{"$f":"IF(RAND()<(K146^quadratic_condition*L146-$T$21)*$T$22*(1+pref_attach_on*SUM($X$35:X156)),1,0)","v":0},123,{"$f":"IF(AND(SUM($X$35:X156)=0,X157=1),Y157,\"\")","v":""}]
[null,null,null,null,null,null,135,13.5,0.97763547175190801,0.84461987245521064,0.60711031478522137,1.217924242858109,0.29885336567828741,1.4462336723227054E-2,2.9447399300988764E-2,2.4235150730237368E-2,2.8874957037623973E-2,3.8826484465971589E-2,0,0,null,null,{"$f":"IF(RAND()<poisson_parameter*model!K158,1,0)","v":0},{"$f":"IF(RAND()<(K147^quadratic_condition*L147-$T$21)*$T$22*(1+pref_attach_on*SUM($X$35:X157)),1,0)","v":0},124,{"$f":"IF(AND(SUM($X$35:X157)=0,X158=1),Y158,\"\")","v":""}]
[null,null,null,null,null,null,136,13.6,0.97974413946987471,0.84419492131024931,0.61407218035349609,1.2230089851049093,0.30643797767999181,1.4462336723227054E-2,2.9447399300988764E-2,2.4235150730237368E-2,2.8874957037623973E-2,3.8826484465971589E-2,0,0,null,null,{"$f":"IF(RAND()<poisson_parameter*model!K159,1,0)","v":0},{"$f":"IF(RAND()<(K148^quadratic_condition*L148-$T$21)*$T$22*(1+pref_attach_on*SUM($X$35:X158)),1,0)","v":0},125,{"$f":"IF(AND(SUM($X$35:X158)=0,X159=1),Y159,\"\")","v":""}]
[null,null,null,null,null,null,137,13.7,0.98181664531745894,0.8437514021922935,0.62088947593061472,1.2278518116974571,0.31412496436643667,1.4462336723227054E-2,2.9447399300988764E-2,2.4235150730237368E-2,2.8874957037623973E-2,3.8826484465971589E-2,0,0,null,null,{"$f":"IF(RAND()<poisson_parameter*model!K160,1,0)","v":0},{"$f":"IF(RAND()<(K149^quadratic_condition*L149-$T$21)*$T$22*(1+pref_attach_on*SUM($X$35:X159)),1,0)","v":0},126,{"$f":"IF(AND(SUM($X$35:X159)=0,X160=1),Y160,\"\")","v":""}]
[null,null,null,null,null,null,138,13.8,0.98385562665839332,0.84329184905106425,0.62755841771259524,1.2324623234765881,0.32191124893126477,1.4462336723227054E-2,2.9447399300988764E-2,2.4235150730237368E-2,2.8874957037623973E-2,3.8826484465971589E-2,0,0,null,null,{"$f":"IF(RAND()<poisson_parameter*model!K161,1,0)","v":0},{"$f":"IF(RAND()<(K150^quadratic_condition*L150-$T$21)*$T$22*(1+pref_attach_on*SUM($X$35:X160)),1,0)","v":0},127,{"$f":"IF(AND(SUM($X$35:X160)=0,X161=1),Y161,\"\")","v":""}]
[null,null,null,null,null,null,139,13.9,0.98586357773251454,0.84281861759846066,0.63407554160842361,1.236849935785906,0.32979354521232834,1.4462336723227054E-2,2.9447399300988764E-2,2.4235150730237368E-2,2.8874957037623973E-2,3.8826484465971589E-2,0,0,null,null,{"$f":"IF(RAND()<poisson_parameter*model!K162,1,0)","v":0},{"$f":"IF(RAND()<(K151^quadratic_condition*L151-$T$21)*$T$22*(1+pref_attach_on*SUM($X$35:X161)),1,0)","v":0},128,{"$f":"IF(AND(SUM($X$35:X161)=0,X162=1),Y162,\"\")","v":""}]
[null,null,null,null,null,null,140,14,0.98784285288308704,0.84233389406861059,0.64043770586386084,1.2410238598841512,0.33776836081346823,1.4462336723227054E-2,2.9447399300988764E-2,2.4235150730237368E-2,2.8874957037623973E-2,3.8826484465971589E-2,0,0,null,null,{"$f":"IF(RAND()<poisson_parameter*model!K163,1,0)","v":0},{"$f":"IF(RAND()<(K152^quadratic_condition*L152-$T$21)*$T$22*(1+pref_attach_on*SUM($X$35:X162)),1,0)","v":0},129,{"$f":"IF(AND(SUM($X$35:X162)=0,X163=1),Y163,\"\")","v":""}]
[null,null,null,null,null,null,141,14.1,0.98979566983379452,0.8418397038217883,0.64664209234509928,1.24499308738322,0.3458320011074496,1.4462336723227054E-2,2.9447399300988764E-2,2.4235150730237368E-2,2.8874957037623973E-2,3.8826484465971589E-2,0,0,null,null,{"$f":"IF(RAND()<poisson_parameter*model!K164,1,0)","v":0},{"$f":"IF(RAND()<(K153^quadratic_condition*L153-$T$21)*$T$22*(1+pref_attach_on*SUM($X$35:X163)),1,0)","v":0},130,{"$f":"IF(AND(SUM($X$35:X163)=0,X164=1),Y164,\"\")","v":""}]
[null,null,null,null,null,null,142,14.2,0.99172411300427477,0.84133791976052719,0.65268620652363474,1.2487663774689057,0.35398057412674955,1.4462336723227054E-2,2.9447399300988764E-2,2.4235150730237368E-2,2.8874957037623973E-2,3.8826484465971589E-2,0,0,null,null,{"$f":"IF(RAND()<poisson_parameter*model!K165,1,0)","v":0},{"$f":"IF(RAND()<(K154^quadratic_condition*L154-$T$21)*$T$22*(1+pref_attach_on*SUM($X$35:X164)),1,0)","v":0},131,{"$f":"IF(AND(SUM($X$35:X164)=0,X165=1),Y165,\"\")","v":""}]
[null,null,null,null,null,null,143,14.3,0.99363013685516355,0.84083027053165893,0.65856787621090107,1.2523522466670114,0.36220999634268702,1.4462336723227054E-2,2.9447399300988764E-2,2.4235150730237368E-2,2.8874957037623973E-2,3.8826484465971589E-2,0,0,null,null,{"$f":"IF(RAND()<poisson_parameter*model!K166,1,0)","v":0},{"$f":"IF(RAND()<(K155^quadratic_condition*L155-$T$21)*$T$22*(1+pref_attach_on*SUM($X$35:X165)),1,0)","v":0},132,{"$f":"IF(AND(SUM($X$35:X165)=0,X166=1),Y166,\"\")","v":""}]
[null,null,null,null,null,null,144,14.4,0.99551556925545281,0.84031834849290321,0.66428524909755604,1.2557589609251196,0.37051599932693169,1.4462336723227054E-2,2.9447399300988764E-2,2.4235150730237368E-2,2.8874957037623973E-2,3.8826484465971589E-2,0,0,null,null,{"$f":"IF(RAND()<poisson_parameter*model!K167,1,0)","v":0},{"$f":"IF(RAND()<(K156^quadratic_condition*L156-$T$21)*$T$22*(1+pref_attach_on*SUM($X$35:X166)),1,0)","v":0},133,{"$f":"IF(AND(SUM($X$35:X166)=0,X167=1),Y167,\"\")","v":""}]
[null,null,null,null,null,null,145,14.5,0.99738211486656647,0.83980361742704257,0.66983678915779243,1.2589945297895622,0.37889413728279592,1.4462336723227054E-2,2.9447399300988764E-2,2.4235150730237368E-2,2.8874957037623973E-2,3.8826484465971589E-2,0,0,null,null,{"$f":"IF(RAND()<poisson_parameter*model!K168,1,0)","v":0},{"$f":"IF(RAND()<(K157^quadratic_condition*L157-$T$21)*$T$22*(1+pref_attach_on*SUM($X$35:X167)),1,0)","v":0},134,{"$f":"IF(AND(SUM($X$35:X167)=0,X168=1),Y168,\"\")","v":""}]
[null,null,null,null,null,null,146,14.6,0.99923135853892509,0.83928741999066259,0.67522127198367765,1.262066702467596,0.38733979542697217,1.4462336723227054E-2,2.9447399300988764E-2,2.4235150730237368E-2,2.8874957037623973E-2,3.8826484465971589E-2,0,0,null,null,{"$f":"IF(RAND()<poisson_parameter*model!K169,1,0)","v":0},{"$f":"IF(RAND()<(K158^quadratic_condition*L158-$T$21)*$T$22*(1+pref_attach_on*SUM($X$35:X168)),1,0)","v":0},135,{"$f":"IF(AND(SUM($X$35:X168)=0,X169=1),Y169,\"\")","v":""}]
[null,null,null,null,null,null,147,14.7,1.0010647687179255,0.83877098488794788,0.68043777911830594,1.2649829655761164,0.39584819919560305,1.4462336723227054E-2,2.9447399300988764E-2,2.4235150730237368E-2,2.8874957037623973E-2,4.0288401735710418E-2,0,0,null,null,{"$f":"IF(RAND()<poisson_parameter*model!K170,1,0)","v":0},{"$f":"IF(RAND()<(K159^quadratic_condition*L159-$T$21)*$T$22*(1+pref_attach_on*SUM($X$35:X169)),1,0)","v":0},136,{"$f":"IF(AND(SUM($X$35:X169)=0,X170=1),Y170,\"\")","v":""}]
[null,null,null,null,null,null,148,14.8,1.0028837008572102,0.83825543376312583,0.68548569145950367,1.267750542390119,0.4044144242418416,1.4462336723227054E-2,2.9447399300988764E-2,2.4235150730237368E-2,2.8874957037623973E-2,4.1802465435995508E-2,0,0,null,null,{"$f":"IF(RAND()<poisson_parameter*model!K171,1,0)","v":0},{"$f":"IF(RAND()<(K160^quadratic_condition*L160-$T$21)*$T$22*(1+pref_attach_on*SUM($X$35:X170)),1,0)","v":0},137,{"$f":"IF(AND(SUM($X$35:X170)=0,X171=1),Y171,\"\")","v":""}]
[null,null,null,null,null,null,149,14.9,1.0046894008378673,0.83774178780787445,0.69036468180798916,1.2703763934162977,0.41303340718545745,1.4462336723227054E-2,2.9447399300988764E-2,2.4235150730237368E-2,2.8874957037623973E-2,4.3370350570252153E-2,0,0,null,null,{"$f":"IF(RAND()<poisson_parameter*model!K172,1,0)","v":0},{"$f":"IF(RAND()<(K161^quadratic_condition*L161-$T$21)*$T$22*(1+pref_attach_on*SUM($X$35:X171)),1,0)","v":0},138,{"$f":"IF(AND(SUM($X$35:X171)=0,X172=1),Y172,\"\")","v":""}]
[null,null,null,null,null,null,150,15,1.006483008392784,0.83723097408238001,0.69507470663529602,1.2728672181294316,0.42169995706865149,1.4462336723227054E-2,2.9447399300988764E-2,2.4235150730237368E-2,2.8874957037623973E-2,4.4993771366397282E-2,0,0,null,null,{"$f":"IF(RAND()<poisson_parameter*model!K173,1,0)","v":0},{"$f":"IF(RAND()<(K162^quadratic_condition*L162-$T$21)*$T$22*(1+pref_attach_on*SUM($X$35:X172)),1,0)","v":0},139,{"$f":"IF(AND(SUM($X$35:X172)=0,X173=1),Y173,\"\")","v":""}]
[null,null,null,null,null,null,151,15.1,1.0082655605358064,0.83672383155078278,0.69961599714746392,1.2752294577213703,0.43040876746614032,1.4462336723227054E-2,2.9447399300988764E-2,2.4235150730237368E-2,2.8874957037623973E-2,4.6674481020461463E-2,0,0,null,null,{"$f":"IF(RAND()<poisson_parameter*model!K174,1,0)","v":0},{"$f":"IF(RAND()<(K163^quadratic_condition*L163-$T$21)*$T$22*(1+pref_attach_on*SUM($X$35:X173)),1,0)","v":0},140,{"$f":"IF(AND(SUM($X$35:X173)=0,X174=1),Y174,\"\")","v":""}]
[null,null,null,null,null,null,152,15.2,1.0100379949956344,0.83622111683350508,0.70398904972054055,1.2774692987243577,0.43915442919184011,1.4462336723227054E-2,2.9447399300988764E-2,2.4235150730237368E-2,2.8874957037623973E-2,4.8414271324331286E-2,0,0,null,null,{"$f":"IF(RAND()<poisson_parameter*model!K175,1,0)","v":0},{"$f":"IF(RAND()<(K164^quadratic_condition*L164-$T$21)*$T$22*(1+pref_attach_on*SUM($X$35:X174)),1,0)","v":0},141,{"$f":"IF(AND(SUM($X$35:X174)=0,X175=1),Y175,\"\")","v":""}]
[null,null,null,null,null,null,153,15.3,1.0118011536545253,0.83572350968044551,0.70819461578337328,1.2795926773819941,0.44793144353919534,1.4462336723227054E-2,2.9447399300988764E-2,2.4235150730237368E-2,2.8874957037623973E-2,5.0214972168420045E-2,0,0,null,null,{"$f":"IF(RAND()<poisson_parameter*model!K176,1,0)","v":0},{"$f":"IF(RAND()<(K165^quadratic_condition*L165-$T$21)*$T$22*(1+pref_attach_on*SUM($X$35:X175)),1,0)","v":0},142,{"$f":"IF(AND(SUM($X$35:X175)=0,X176=1),Y176,\"\")","v":""}]
[null,null,null,null,null,null,154,15.4,1.0135557859919031,0.83523161817027325,0.7122336912220576,1.2816052846522656,0.45673423598743185,1.5302353277737372E-2,2.9447399300988764E-2,2.4235150730237368E-2,2.8874957037623973E-2,5.2078450909713712E-2,0,0,null,null,{"$f":"IF(RAND()<poisson_parameter*model!K177,1,0)","v":0},{"$f":"IF(RAND()<(K166^quadratic_condition*L166-$T$21)*$T$22*(1+pref_attach_on*SUM($X$35:X176)),1,0)","v":0},143,{"$f":"IF(AND(SUM($X$35:X176)=0,X177=1),Y177,\"\")","v":""}]
[null,null,null,null,null,null,155,15.5,1.0153025525328931,0.83474598364208907,0.71610750537881129,1.2835125717376783,0.46555717030183019,1.6190056168337793E-2,2.9447399300988764E-2,2.4235150730237368E-2,2.8874957037623973E-2,5.4006611595294879E-2,0,0,null,null,{"$f":"IF(RAND()<poisson_parameter*model!K178,1,0)","v":0},{"$f":"IF(RAND()<(K167^quadratic_condition*L167-$T$21)*$T$22*(1+pref_attach_on*SUM($X$35:X177)),1,0)","v":0},144,{"$f":"IF(AND(SUM($X$35:X177)=0,X178=1),Y178,\"\")","v":""}]
[null,null,null,null,null,null,156,15.6,1.0170420283016204,0.83426708536656013,0.71981750971601388,1.2853197560475917,0.47439456295257271,1.7128081366256757E-2,2.9447399300988764E-2,2.4235150730237368E-2,2.8874957037623973E-2,5.600139403112437E-2,0,0,null,null,{"$f":"IF(RAND()<poisson_parameter*model!K179,1,0)","v":0},{"$f":"IF(RAND()<(K168^quadratic_condition*L168-$T$21)*$T$22*(1+pref_attach_on*SUM($X$35:X178)),1,0)","v":0},145,{"$f":"IF(AND(SUM($X$35:X178)=0,X179=1),Y179,\"\")","v":""}]
[null,null,null,null,null,null,157,15.7,1.0187747062788652,0.83379534496430396,0.72336536621375347,1.2870318275073198,0.48324069777386541,1.811920327148352E-2,2.9447399300988764E-2,2.4235150730237368E-2,2.8874957037623973E-2,5.806477268556353E-2,0,0,null,null,{"$f":"IF(RAND()<poisson_parameter*model!K180,1,0)","v":0},{"$f":"IF(RAND()<(K169^quadratic_condition*L169-$T$21)*$T$22*(1+pref_attach_on*SUM($X$35:X179)),1,0)","v":0},146,{"$f":"IF(AND(SUM($X$35:X179)=0,X180=1),Y180,\"\")","v":""}]
[null,null,null,null,null,null,158,15.8,1.0205010008633459,0.83333113057981312,0.72675293556650666,1.2886535551374318,0.49208984078291096,1.916634095287216E-2,2.9447399300988764E-2,2.4235150730237368E-2,2.8874957037623973E-2,6.0198755416856015E-2,0,0,null,null,{"$f":"IF(RAND()<poisson_parameter*model!K181,1,0)","v":0},{"$f":"IF(RAND()<(K170^quadratic_condition*L170-$T$21)*$T$22*(1+pref_attach_on*SUM($X$35:X180)),1,0)","v":0},147,{"$f":"IF(AND(SUM($X$35:X180)=0,X181=1),Y181,\"\")","v":""}]
[null,null,null,null,null,null,159,15.9,1.0222212513355284,0.83287476081959633,0.72998226524160215,1.2901894938349519,0.50093625507694362,2.0272564525666802E-2,2.9447399300988764E-2,2.4235150730237368E-2,2.8874957037623973E-2,6.2405382013562063E-2,0,0,null,null,{"$f":"IF(RAND()<poisson_parameter*model!K182,1,0)","v":0},{"$f":"IF(RAND()<(K171^quadratic_condition*L171-$T$21)*$T$22*(1+pref_attach_on*SUM($X$35:X181)),1,0)","v":0},148,{"$f":"IF(AND(SUM($X$35:X181)=0,X182=1),Y182,\"\")","v":""}]
[null,null,null,null,null,null,160,16,1.0239357253224528,0.8324265084634781,0.73305557745892913,1.2916439912958133,0.5097742157259465,2.1441101648430057E-2,2.9447399300988764E-2,2.4235150730237368E-2,2.8874957037623973E-2,6.4686722536757613E-2,0,0,null,null,{"$f":"IF(RAND()<poisson_parameter*model!K183,1,0)","v":0},{"$f":"IF(RAND()<(K172^quadratic_condition*L172-$T$21)*$T$22*(1+pref_attach_on*SUM($X$35:X182)),1,0)","v":0},149,{"$f":"IF(AND(SUM($X$35:X182)=0,X183=1),Y183,\"\")","v":""}]
[null,null,null,null,null,null,161,16.100000000000001,1.0256446222616253,0.83198660395816393,0.73597525714800383,1.2930211950249999,0.51859802457886484,2.2675344117659882E-2,2.9447399300988764E-2,2.4235150730237368E-2,2.8874957037623973E-2,6.7044875452682548E-2,0,0,null,null,{"$f":"IF(RAND()<poisson_parameter*model!K184,1,0)","v":0},{"$f":"IF(RAND()<(K173^quadratic_condition*L173-$T$21)*$T$22*(1+pref_attach_on*SUM($X$35:X183)),1,0)","v":0},150,{"$f":"IF(AND(SUM($X$35:X183)=0,X184=1),Y184,\"\")","v":""}]
[null,null,null,null,null,null,162,16.2,1.0273480768615704,0.83155523870225712,0.73874383993503412,1.294325059387301,0.5274020249020982,2.3978854534251515E-2,2.9447399300988764E-2,2.4235150730237368E-2,2.8874957037623973E-2,6.9481965544454571E-2,0,0,null,null,{"$f":"IF(RAND()<poisson_parameter*model!K185,1,0)","v":0},{"$f":"IF(RAND()<(K174^quadratic_condition*L174-$T$21)*$T$22*(1+pref_attach_on*SUM($X$35:X184)),1,0)","v":0},151,{"$f":"IF(AND(SUM($X$35:X184)=0,X185=1),Y185,\"\")","v":""}]
[null,null,null,null,null,null,163,16.3,1.0290461625561742,0.83113256813191638,0.74136400020907267,1.2955593526575644,0.53618061577079046,2.5355373011368015E-2,2.9447399300988764E-2,2.4235150730237368E-2,2.8874957037623973E-2,7.2000141591466033E-2,0,0,null,null,{"$f":"IF(RAND()<poisson_parameter*model!K186,1,0)","v":0},{"$f":"IF(RAND()<(K175^quadratic_condition*L175-$T$21)*$T$22*(1+pref_attach_on*SUM($X$35:X185)),1,0)","v":0},152,{"$f":"IF(AND(SUM($X$35:X185)=0,X186=1),Y186,\"\")","v":""}]
[null,null,null,null,null,null,164,16.399999999999999,1.0307388949494976,0.83071871461628211,0.74383853931275656,1.2967276640347523,0.54492826613590251,2.6808823888192185E-2,2.9447399300988764E-2,2.4235150730237368E-2,2.8874957037623973E-2,7.4601573805159027E-2,0,0,null,null,{"$f":"IF(RAND()<poisson_parameter*model!K187,1,0)","v":0},{"$f":"IF(RAND()<(K176^quadratic_condition*L176-$T$21)*$T$22*(1+pref_attach_on*SUM($X$35:X186)),1,0)","v":0},153,{"$f":"IF(AND(SUM($X$35:X186)=0,X187=1),Y187,\"\")","v":""}]
[null,null,null,null,null,null,165,16.5,1.0324262352472904,0.83031377017168795,0.74617037389952601,1.2978334105890448,0.55363952849322184,2.8343322408412419E-2,2.9447399300988764E-2,2.4235150730237368E-2,2.8874957037623973E-2,7.7288451010038797E-2,0,0,null,null,{"$f":"IF(RAND()<poisson_parameter*model!K188,1,0)","v":0},{"$f":"IF(RAND()<(K177^quadratic_condition*L177-$T$21)*$T$22*(1+pref_attach_on*SUM($X$35:X187)),1,0)","v":0},154,{"$f":"IF(AND(SUM($X$35:X187)=0,X188=1),Y188,\"\")","v":""}]
[null,null,null,null,null,null,166,16.600000000000001,1.0341080936710245,0.82991779900351337,0.74836252449562701,1.2988798441156939,0.56230905208428317,2.9963181316114387E-2,2.9447399300988764E-2,2.4235150730237368E-2,2.8874957037623973E-2,8.006297755904597E-2,0,0,null,null,{"$f":"IF(RAND()<poisson_parameter*model!K189,1,0)","v":0},{"$f":"IF(RAND()<(K178^quadratic_condition*L178-$T$21)*$T$22*(1+pref_attach_on*SUM($X$35:X188)),1,0)","v":0},155,{"$f":"IF(AND(SUM($X$35:X188)=0,X189=1),Y189,\"\")","v":""}]
[null,null,null,null,null,null,167,16.7,1.0357843328498741,0.82953083988434051,0.75041810430166211,1.2998700578733657,0.57093159556358897,3.1672917314981765E-2,2.9447399300988764E-2,2.4235150730237368E-2,2.8874957037623973E-2,8.292736997277482E-2,0,0,null,null,{"$f":"IF(RAND()<poisson_parameter*model!K190,1,0)","v":0},{"$f":"IF(RAND()<(K179^quadratic_condition*L179-$T$21)*$T$22*(1+pref_attach_on*SUM($X$35:X189)),1,0)","v":0},156,{"$f":"IF(AND(SUM($X$35:X189)=0,X190=1),Y190,\"\")","v":""}]
[null,null,null,null,null,null,168,16.8,1.0374547711857194,0.82915290837685351,0.75234030826496989,1.3008069931883248,0.57950203907147091,3.3477257329327624E-2,2.9447399300988764E-2,2.4235150730237368E-2,2.8874957037623973E-2,8.5883853292507362E-2,0,0,null,null,{"$f":"IF(RAND()<poisson_parameter*model!K191,1,0)","v":0},{"$f":"IF(RAND()<(K180^quadratic_condition*L180-$T$21)*$T$22*(1+pref_attach_on*SUM($X$35:X190)),1,0)","v":0},157,{"$f":"IF(AND(SUM($X$35:X190)=0,X191=1),Y191,\"\")","v":""}]
[null,null,null,null,null,null,169,16.899999999999999,1.0391191861859492,0.82878399890967069,0.75413240245072211,1.3016934459090626,0.58801539565734984,3.5381144497464656E-2,2.9447399300988764E-2,2.4235150730237368E-2,2.8874957037623973E-2,8.893465713764187E-2,0,0,null,null,{"$f":"IF(RAND()<poisson_parameter*model!K192,1,0)","v":0},{"$f":"IF(RAND()<(K181^quadratic_condition*L181-$T$21)*$T$22*(1+pref_attach_on*SUM($X$35:X191)),1,0)","v":0},158,{"$f":"IF(AND(SUM($X$35:X191)=0,X192=1),Y192,\"\")","v":""}]
[null,null,null,null,null,null,170,17,1.0407773177585804,0.82842408671403622,0.7557977137363282,1.3025320726988656,0.59646682200395806,3.7389743819264493E-2,2.9447399300988764E-2,2.4235150730237368E-2,2.8874957037623973E-2,9.2082011458839833E-2,0,0,null,null,{"$f":"IF(RAND()<poisson_parameter*model!K193,1,0)","v":0},{"$f":"IF(RAND()<(K182^quadratic_condition*L182-$T$21)*$T$22*(1+pref_attach_on*SUM($X$35:X192)),1,0)","v":0},159,{"$f":"IF(AND(SUM($X$35:X192)=0,X193=1),Y193,\"\")","v":""}]
[null,null,null,null,null,null,171,17.100000000000001,1.0424288714640049,0.82807312962901725,0.75733961985055132,1.3033253971563938,0.60485162840921158,3.9508447370450082E-2,2.9447399300988764E-2,2.4235150730237368E-2,2.8874957037623973E-2,9.5328141979107647E-2,0,0,null,null,{"$f":"IF(RAND()<poisson_parameter*model!K194,1,0)","v":0},{"$f":"IF(RAND()<(K183^quadratic_condition*L183-$T$21)*$T$22*(1+pref_attach_on*SUM($X$35:X193)),1,0)","v":0},160,{"$f":"IF(AND(SUM($X$35:X193)=0,X194=1),Y194,\"\")","v":""}]
[null,null,null,null,null,null,172,17.2,1.0440735217175359,0.82773106978256605,0.75876153977568006,1.3040758157566186,0.61316528798877723,4.1742878986217632E-2,2.9447399300988764E-2,2.4235150730237368E-2,2.8874957037623973E-2,9.8675265316077995E-2,0,0,null,null,{"$f":"IF(RAND()<poisson_parameter*model!K195,1,0)","v":0},{"$f":"IF(RAND()<(K184^quadratic_condition*L184-$T$21)*$T$22*(1+pref_attach_on*SUM($X$35:X194)),1,0)","v":0},161,{"$f":"IF(AND(SUM($X$35:X194)=0,X195=1),Y195,\"\")","v":""}]
[null,null,null,null,null,null,173,17.3,1.0457109149368313,0.82739783515551357,0.76006692452816638,1.3047856036064851,0.62140344506889034,4.4098898306216584E-2,2.9447399300988764E-2,2.4235150730237368E-2,2.8874957037623973E-2,0.10212558377997054,0,0,null,null,{"$f":"IF(RAND()<poisson_parameter*model!K196,1,0)","v":0},{"$f":"IF(RAND()<(K185^quadratic_condition*L185-$T$21)*$T$22*(1+pref_attach_on*SUM($X$35:X195)),1,0)","v":0},162,{"$f":"IF(AND(SUM($X$35:X195)=0,X196=1),Y196,\"\")","v":""}]
[null,null,null,null,null,null,174,17.399999999999999,1.0473406726282446,0.82707334103526309,0.76125924833034775,1.3054569200114279,0.62956192274556932,4.6582604061764378E-2,2.9447399300988764E-2,2.4235150730237368E-2,2.8874957037623973E-2,0.10568127984310151,0,0,null,null,{"$f":"IF(RAND()<poisson_parameter*model!K197,1,0)","v":0},{"$f":"IF(RAND()<(K186^quadratic_condition*L186-$T$21)*$T$22*(1+pref_attach_on*SUM($X$35:X196)),1,0)","v":0},163,{"$f":"IF(AND(SUM($X$35:X196)=0,X197=1),Y197,\"\")","v":""}]
[null,null,null,null,null,null,175,17.5,1.0489623944061854,0.82675749136565813,0.76234200018321963,1.3060918138504118,0.6376367295929577,4.9200336474493934E-2,2.9447399300988764E-2,2.4235150730237368E-2,2.8874957037623973E-2,0.10934451027838396,0,0,null,null,{"$f":"IF(RAND()<poisson_parameter*model!K198,1,0)","v":0},{"$f":"IF(RAND()<(K187^quadratic_condition*L187-$T$21)*$T$22*(1+pref_attach_on*SUM($X$35:X197)),1,0)","v":0},164,{"$f":"IF(AND(SUM($X$35:X197)=0,X198=1),Y198,\"\")","v":""}]
[null,null,null,null,null,null,176,17.600000000000001,1.0505756609396608,0.82645017999920412,0.76331867584772028,1.3066922287585188,0.64562406551003615,5.1958678623505665E-2,2.9447399300988764E-2,2.4235150730237368E-2,2.8874957037623973E-2,0.11311739996602271,0,0,null,null,{"$f":"IF(RAND()<poisson_parameter*model!K199,1,0)","v":0},{"$f":"IF(RAND()<(K188^quadratic_condition*L188-$T$21)*$T$22*(1+pref_attach_on*SUM($X$35:X198)),1,0)","v":0},165,{"$f":"IF(AND(SUM($X$35:X198)=0,X199=1),Y199,\"\")","v":""}]
[null,null,null,null,null,null,177,17.7,1.0521800368203145,0.826151291857531,0.76419277023963095,1.3072600081172581,0.65352032670131122,5.4864456625629013E-2,2.9447399300988764E-2,2.4235150730237368E-2,2.8874957037623973E-2,0.11700203536956506,0,0,null,null,{"$f":"IF(RAND()<poisson_parameter*model!K200,1,0)","v":0},{"$f":"IF(RAND()<(K189^quadratic_condition*L189-$T$21)*$T$22*(1+pref_attach_on*SUM($X$35:X199)),1,0)","v":0},166,{"$f":"IF(AND(SUM($X$35:X199)=0,X200=1),Y200,\"\")","v":""}]
[null,null,null,null,null,null,178,17.8,1.0537750733464848,0.825860704005702,0.76496777024098794,1.3077968998537799,0.66132210979324235,5.7924738460728917E-2,2.9447399300988764E-2,2.4235150730237368E-2,2.8874957037623973E-2,0.12100045768462482,0,0,null,null,{"$f":"IF(RAND()<poisson_parameter*model!K201,1,0)","v":0},{"$f":"IF(RAND()<(K190^quadratic_condition*L190-$T$21)*$T$22*(1+pref_attach_on*SUM($X$35:X200)),1,0)","v":0},167,{"$f":"IF(AND(SUM($X$35:X200)=0,X201=1),Y201,\"\")","v":""}]
[null,null,null,null,null,null,179,17.899999999999999,1.0553603112180538,0.82557828664569133,0.76564714792884325,1.3083045610510216,0.66902621509405258,6.1146831261293763E-2,2.9447399300988764E-2,2.4235150730237368E-2,2.8874957037623973E-2,0.12511465566595376,0,0,null,null,{"$f":"IF(RAND()<poisson_parameter*model!K202,1,0)","v":0},{"$f":"IF(RAND()<(K191^quadratic_condition*L191-$T$21)*$T$22*(1+pref_attach_on*SUM($X$35:X201)),1,0)","v":0},168,{"$f":"IF(AND(SUM($X$35:X201)=0,X202=1),Y202,\"\")","v":""}]
[null,null,null,null,null,null,180,18,1.056935283137163,0.8253039040340846,0.76623435422029962,1.3087845623715384,0.67662964901013345,6.4538276873026837E-2,2.9447399300988764E-2,2.4235150730237368E-2,2.8874957037623973E-2,0.12934655814109253,0,0,null,null,{"$f":"IF(RAND()<poisson_parameter*model!K203,1,0)","v":0},{"$f":"IF(RAND()<(K192^quadratic_condition*L192-$T$21)*$T$22*(1+pref_attach_on*SUM($X$35:X202)),1,0)","v":0},169,{"$f":"IF(AND(SUM($X$35:X202)=0,X203=1),Y203,\"\")","v":""}]
[null,null,null,null,null,null,181,18.100000000000001,1.0584995163102149,0.82503741532879149,0.76673281293098194,1.3092383922983744,0.68412962563745006,6.8106845481090653E-2,2.9447399300988764E-2,2.4235150730237368E-2,2.8874957037623973E-2,0.13369802622158766,0,0,null,null,{"$f":"IF(RAND()<poisson_parameter*model!K204,1,0)","v":0},{"$f":"IF(RAND()<(K193^quadratic_condition*L193-$T$21)*$T$22*(1+pref_attach_on*SUM($X$35:X203)),1,0)","v":0},170,{"$f":"IF(AND(SUM($X$35:X203)=0,X204=1),Y204,\"\")","v":""}]
[null,null,null,null,null,null,182,18.2,1.0600525348469685,0.82477867536930427,0.76714591524248821,1.3096674611968284,0.69152356755114508,7.1860527085330653E-2,2.9447399300988764E-2,2.4235150730237368E-2,2.8874957037623973E-2,0.13817084522570863,0,0,null,null,{"$f":"IF(RAND()<poisson_parameter*model!K205,1,0)","v":0},{"$f":"IF(RAND()<(K194^quadratic_condition*L194-$T$21)*$T$22*(1+pref_attach_on*SUM($X$35:X204)),1,0)","v":0},171,{"$f":"IF(AND(SUM($X$35:X204)=0,X205=1),Y205,\"\")","v":""}]
[null,null,null,null,null,null,183,18.3,1.0615938620529519,0.82452753539479295,0.76747701457288409,1.3100731052013774,0.69880910582089906,7.5807520597590286E-2,3.1477715282932014E-2,2.4235150730237368E-2,2.8874957037623973E-2,0.14276671632972804,0,0,null,null,{"$f":"IF(RAND()<poisson_parameter*model!K206,1,0)","v":0},{"$f":"IF(RAND()<(K195^quadratic_condition*L195-$T$21)*$T$22*(1+pref_attach_on*SUM($X$35:X205)),1,0)","v":0},172,{"$f":"IF(AND(SUM($X$35:X205)=0,X206=1),Y206,\"\")","v":""}]
[null,null,null,null,null,null,184,18.399999999999999,1.0631230226118664,0.82428384370408803,0.76772942184296755,1.3104565899323461,0.70598407928350382,7.9956220325540978E-2,3.3643297508373041E-2,2.4235150730237368E-2,2.8874957037623973E-2,0.14748724796812834,0,0,null,null,{"$f":"IF(RAND()<poisson_parameter*model!K207,1,0)","v":0},{"$f":"IF(RAND()<(K196^quadratic_condition*L196-$T$21)*$T$22*(1+pref_attach_on*SUM($X$35:X206)),1,0)","v":0},173,{"$f":"IF(AND(SUM($X$35:X206)=0,X207=1),Y207,\"\")","v":""}]
[null,null,null,null,null,null,185,18.5,1.0646395446551273,0.82404744626137816,0.76790640112982556,1.3108191140471679,0.7130465331075363,8.4315199600761781E-2,3.5952488135099096E-2,2.4235150730237368E-2,2.8874957037623973E-2,0.15233394700655267,0,0,null,null,{"$f":"IF(RAND()<poisson_parameter*model!K208,1,0)","v":0},{"$f":"IF(RAND()<(K197^quadratic_condition*L197-$T$21)*$T$22*(1+pref_attach_on*SUM($X$35:X207)),1,0)","v":0},174,{"$f":"IF(AND(SUM($X$35:X207)=0,X208=1),Y208,\"\")","v":""}]
[null,null,null,null,null,null,186,18.600000000000001,1.0661429617161784,0.82381818725123035,0.76801116569813099,1.3111618126312667,0.71999471668796367,8.8893191304650107E-2,3.8414049064161064E-2,2.4235150730237368E-2,2.8874957037623973E-2,0.15730820971490464,0,0,null,null,{"$f":"IF(RAND()<poisson_parameter*model!K209,1,0)","v":0},{"$f":"IF(RAND()<(K198^quadratic_condition*L198-$T$21)*$T$22*(1+pref_attach_on*SUM($X$35:X208)),1,0)","v":0},175,{"$f":"IF(AND(SUM($X$35:X208)=0,X209=1),Y209,\"\")","v":""}]
[null,null,null,null,null,null,187,18.7,1.0676328145677185,0.82359590958633466,0.76804687439868347,1.3114857604337353,0.72682708091097936,9.3699065044721044E-2,4.1037169379864701E-2,2.4235150730237368E-2,2.8874957037623973E-2,0.16241131257169991,0,0,null,null,{"$f":"IF(RAND()<poisson_parameter*model!K210,1,0)","v":0},{"$f":"IF(RAND()<(K199^quadratic_condition*L199-$T$21)*$T$22*(1+pref_attach_on*SUM($X$35:X209)),1,0)","v":0},176,{"$f":"IF(AND(SUM($X$35:X209)=0,X210=1),Y210,\"\")","v":""}]
[null,null,null,null,null,null,188,18.8,1.0691086529404896,0.82338045537117632,0.76801662842286966,1.3117919749530635,0.73354227483135415,9.8741800736609417E-2,4.3831470674047655E-2,2.4235150730237368E-2,2.8874957037623973E-2,0.16764440293454935,0,0,null,null,{"$f":"IF(RAND()<poisson_parameter*model!K211,1,0)","v":0},{"$f":"IF(RAND()<(K200^quadratic_condition*L200-$T$21)*$T$22*(1+pref_attach_on*SUM($X$35:X210)),1,0)","v":0},177,{"$f":"IF(AND(SUM($X$35:X210)=0,X211=1),Y211,\"\")","v":""}]
[null,null,null,null,null,null,189,18.899999999999999,1.0705700371227889,0.82317166632464844,0.76792346840101477,1.3120814193782242,0.74013914180610862,0.10403045835432762,4.6807009845761943E-2,2.4235150730237368E-2,2.8874957037623973E-2,0.17300848961547868,0,0,null,null,{"$f":"IF(RAND()<poisson_parameter*model!K212,1,0)","v":0},{"$f":"IF(RAND()<(K201^quadratic_condition*L201-$T$21)*$T$22*(1+pref_attach_on*SUM($X$35:X211)),1,0)","v":0},178,{"$f":"IF(AND(SUM($X$35:X211)=0,X212=1),Y212,\"\")","v":""}]
[null,null,null,null,null,null,190,19,1.072016539440376,0.8229693841644411,0.76777037183199792,1.3123550053904285,0.74661671512937944,0.10957414362379812,4.9974278924937963E-2,2.4235150730237368E-2,2.8874957037623973E-2,0.1785044334036224,0,0,null,null,{"$f":"IF(RAND()<poisson_parameter*model!K213,1,0)","v":0},{"$f":"IF(RAND()<(K202^quadratic_condition*L202-$T$21)*$T$22*(1+pref_attach_on*SUM($X$35:X212)),1,0)","v":0},179,{"$f":"IF(AND(SUM($X$35:X212)=0,X213=1),Y213,\"\")","v":""}]
[null,null,null,null,null,null,191,19.100000000000001,1.0734477456169476,0.82277345095586996,0.76756025083101653,1.3126135958308489,0.75297421321399161,0.1153819694531463,5.3344201425199675E-2,2.4235150730237368E-2,2.8874957037623973E-2,0.18413293758163063,0,0,null,null,{"$f":"IF(RAND()<poisson_parameter*model!K214,1,0)","v":0},{"$f":"IF(RAND()<(K203^quadratic_condition*L203-$T$21)*$T$22*(1+pref_attach_on*SUM($X$35:X213)),1,0)","v":0},180,{"$f":"IF(AND(SUM($X$35:X213)=0,X214=1),Y214,\"\")","v":""}]
[null,null,null,null,null,null,192,19.2,1.0748632560158409,0.82258370942764669,0.76729595018199503,1.3128580072395559,0.75921103436547488,0.12146301291849219,5.6928124687552553E-2,2.4235150730237368E-2,2.8874957037623973E-2,0.1898945384858467,0,0,null,null,{"$f":"IF(RAND()<poisson_parameter*model!K215,1,0)","v":0},{"$f":"IF(RAND()<(K204^quadratic_condition*L204-$T$21)*$T$22*(1+pref_attach_on*SUM($X$35:X214)),1,0)","v":0},181,{"$f":"IF(AND(SUM($X$35:X214)=0,X215=1),Y215,\"\")","v":""}]
[null,null,null,null,null,null,193,19.3,1.0762626867641036,0.82240000325693918,0.76698024568084056,1.3130890122708485,0.76532675119411309,0.12782626765679689,6.0737807634221909E-2,2.4235150730237368E-2,2.8874957037623973E-2,0.19578959616390265,0,0,null,null,{"$f":"IF(RAND()<poisson_parameter*model!K216,1,0)","v":0},{"$f":"IF(RAND()<(K205^quadratic_condition*L205-$T$21)*$T$22*(1+pref_attach_on*SUM($X$35:X215)),1,0)","v":0},182,{"$f":"IF(AND(SUM($X$35:X215)=0,X216=1),Y216,\"\")","v":""}]
[null,null,null,null,null,null,194,19.399999999999999,1.0776456707605158,0.8222221773259244,0.76661584275554406,1.313307341990072,0.77132110471011062,0.1344805915584372,6.4785403311780537E-2,2.4235150730237368E-2,2.8874957037623973E-2,0.20181828518678258,0,0,null,null,{"$f":"IF(RAND()<poisson_parameter*model!K217,1,0)","v":0},{"$f":"IF(RAND()<(K206^quadratic_condition*L206-$T$21)*$T$22*(1+pref_attach_on*SUM($X$35:X216)),1,0)","v":0},183,{"$f":"IF(AND(SUM($X$35:X216)=0,X217=1),Y217,\"\")","v":""}]
[null,null,null,null,null,null,195,19.5,1.0790118585695818,0.82205007795190022,0.7662053753490049,1.313513688056914,0.77719399814613566,0.14143464970226999,6.908343556645391E-2,2.4235150730237368E-2,2.8874957037623973E-2,0.2079805856755636,0,{"$f":"S218-S217","v":0},null,null,{"$f":"IF(RAND()<poisson_parameter*model!K218,1,0)","v":0},{"$f":"IF(RAND()<(K207^quadratic_condition*L207-$T$21)*$T$22*(1+pref_attach_on*SUM($X$35:X217)),1,0)","v":0},184,{"$f":"IF(AND(SUM($X$35:X217)=0,X218=1),Y218,\"\")","v":""}]
[null,null,null,null,null,null,196,19.600000000000001,1.0803609192039161,0.82188355309288963,0.76575140505041517,1.3137087048000526,0.78294549055039164,0.14869685253556236,7.3644769164020352E-2,2.4235150730237368E-2,2.8874957037623973E-2,0.21427627460590024,0,0,null,null,{"$f":"IF(RAND()<poisson_parameter*model!K219,1,0)","v":0},{"$f":"IF(RAND()<(K208^quadratic_condition*L208-$T$21)*$T$22*(1+pref_attach_on*SUM($X$35:X218)),1,0)","v":0},185,{"$f":"IF(AND(SUM($X$35:X218)=0,X219=1),Y219,\"\")","v":""}]
[null,null,null,null,null,null,197,19.7,1.0816925407978155,0.82172245253055154,0.76525642046106834,1.3138930111879099,0.78857579019199819,0.15627528937070667,7.8482572644248877E-2,2.4235150730237368E-2,2.8874957037623973E-2,0.22070491745580834,0,0,null,null,{"$f":"IF(RAND()<poisson_parameter*model!K220,1,0)","v":0},{"$f":"IF(RAND()<(K209^quadratic_condition*L209-$T$21)*$T$22*(1+pref_attach_on*SUM($X$35:X219)),1,0)","v":0},186,{"$f":"IF(AND(SUM($X$35:X219)=0,X220=1),Y220,\"\")","v":""}]
[null,null,null,null,null,null,198,19.8,1.0830064311751644,0.8215666280320939,0.76472283678055386,1.314067192700128,0.79408524781887946,0.16417765735031045,8.3610273187892964E-2,2.4235150730237368E-2,2.8874957037623973E-2,0.22726586026436568,0,0,null,null,{"$f":"IF(RAND()<poisson_parameter*model!K221,1,0)","v":0},{"$f":"IF(RAND()<(K210^quadratic_condition*L210-$T$21)*$T$22*(1+pref_attach_on*SUM($X$35:X220)),1,0)","v":0},187,{"$f":"IF(AND(SUM($X$35:X220)=0,X221=1),Y221,\"\")","v":""}]
[null,null,null,null,null,null,199,19.899999999999999,1.084302318315121,0.82141593349277608,0.76415299559945382,1.3142318031042468,0.79947434980657861,0.17241118612198694,8.9041502775768597E-2,2.4235150730237368E-2,2.8874957037623973E-2,0.23395822217051612,0,0,null,null,{"$f":"IF(RAND()<poisson_parameter*model!K222,1,0)","v":0},{"$f":"IF(RAND()<(K211^quadratic_condition*L211-$T$21)*$T$22*(1+pref_attach_on*SUM($X$35:X221)),1,0)","v":0},188,{"$f":"IF(AND(SUM($X$35:X221)=0,X222=1),Y222,\"\")","v":""}]
[null,null,null,null,null,null,200,20,1.0855799507193244,0.8212702250604853,0.76354916488486924,1.3143873661419216,0.80474371123448718,0.18098255856360101,9.4790034937587725E-2,2.4235150730237368E-2,2.8874957037623973E-2,0.24078088850217996,0,0,null,null,{"$f":"IF(RAND()<poisson_parameter*model!K223,1,0)","v":0},{"$f":"IF(RAND()<(K212^quadratic_condition*L212-$T$21)*$T$22*(1+pref_attach_on*SUM($X$35:X222)),1,0)","v":0},189,{"$f":"IF(AND(SUM($X$35:X222)=0,X223=1),Y223,\"\")","v":""}]
[null,null,null,null,null,null,201,20.100000000000001,1.0868390976845976,0.82112936124377389,0.7629135391453622,1.3145343771288707,0.80989406892391913,0.18989782800810071,0.10086971142645919,2.4235150730237368E-2,2.8874957037623973E-2,0.24773250448627657,0,0,null,null,{"$f":"IF(RAND()<poisson_parameter*model!K224,1,0)","v":0},{"$f":"IF(RAND()<(K213^quadratic_condition*L213-$T$21)*$T$22*(1+pref_attach_on*SUM($X$35:X223)),1,0)","v":0},190,{"$f":"IF(AND(SUM($X$35:X223)=0,X224=1),Y224,\"\")","v":""}]
[null,null,null,null,null,null,202,20.2,1.0880795494853421,0.82099320300465295,0.76224823976220424,1.3146733044725956,0.81492627447030697,0.19916233253322227,0.10729435821697159,2.4235150730237368E-2,2.8874957037623973E-2,0.25481146965000029,0,0,null,null,{"$f":"IF(RAND()<poisson_parameter*model!K225,1,0)","v":0},{"$f":"IF(RAND()<(K214^quadratic_condition*L214-$T$21)*$T$22*(1+pref_attach_on*SUM($X$35:X224)),1,0)","v":0},191,{"$f":"IF(AND(SUM($X$35:X224)=0,X225=1),Y225,\"\")","v":""}]
[null,null,null,null,null,null,203,20.3,1.0893011174699916,0.82086161383735268,0.76155531547416155,1.3148045911117727,0.81984128729957439,0.20878060700365944,0.11407769031429557,2.4235150730237368E-2,2.9965920601282746E-2,0.26201593298270776,0,0,null,null,{"$f":"IF(RAND()<poisson_parameter*model!K226,1,0)","v":0},{"$f":"IF(RAND()<(K215^quadratic_condition*L215-$T$21)*$T$22*(1+pref_attach_on*SUM($X$35:X225)),1,0)","v":0},192,{"$f":"IF(AND(SUM($X$35:X225)=0,X226=1),Y226,\"\")","v":""}]
[null,null,null,null,null,null,204,20.399999999999999,1.0905036340760421,0.82073445983417792,0.76083674300342341,1.3149286558810611,0.82467572535384004,0.21875100939948058,0.12123320498249618,2.4235150730237368E-2,3.1096613119217641E-2,0.26934378892602884,0,0,null,null,{"$f":"IF(RAND()<poisson_parameter*model!K227,1,0)","v":0},{"$f":"IF(RAND()<(K216^quadratic_condition*L216-$T$21)*$T$22*(1+pref_attach_on*SUM($X$35:X226)),1,0)","v":0},193,{"$f":"IF(AND(SUM($X$35:X226)=0,X227=1),Y227,\"\")","v":""}]
[null,null,null,null,null,null,205,20.5,1.0916873169568209,0.82061160973951286,0.76009409302669062,1.3150458948049299,0.82943158236388537,0.22907531642740736,0.12877406315570938,2.4235150730237368E-2,3.2268367109827313E-2,0.27679267425727233,0,0,null,null,{"$f":"IF(RAND()<poisson_parameter*model!K228,1,0)","v":0},{"$f":"IF(RAND()<(K217^quadratic_condition*L217-$T$21)*$T$22*(1+pref_attach_on*SUM($X$35:X227)),1,0)","v":0},194,{"$f":"IF(AND(SUM($X$35:X227)=0,X228=1),Y228,\"\")","v":""}]
[null,null,null,null,null,null,206,20.6,1.0928523935715291,0.82049293499295561,0.75932886887893569,1.3151566823239631,0.83411093974504713,0.23975416359103946,0.1367129589890298,2.4235150730237368E-2,3.3482551039651219E-2,0.28435996618055775,0,0,null,null,{"$f":"IF(RAND()<poisson_parameter*model!K229,1,0)","v":0},{"$f":"IF(RAND()<(K218^quadratic_condition*L218-$T$21)*$T$22*(1+pref_attach_on*SUM($X$35:X228)),1,0)","v":0},195,{"$f":"IF(AND(SUM($X$35:X228)=0,X229=1),Y229,\"\")","v":""}]
[null,null,null,null,null,null,207,20.7,1.0939991015143935,0.82037830976249881,0.75854250752494656,1.3152613724569544,0.83871596217264088,0.25078695795567807,0.14506197773916413,2.4235150730237368E-2,3.4740569606874459E-2,0.2920427812007394,0,0,null,null,{"$f":"IF(RAND()<poisson_parameter*model!K230,1,0)","v":0},{"$f":"IF(RAND()<(K219^quadratic_condition*L219-$T$21)*$T$22*(1+pref_attach_on*SUM($X$35:X229)),1,0)","v":0},196,{"$f":"IF(AND(SUM($X$35:X229)=0,X230=1),Y230,\"\")","v":""}]
[null,null,null,null,null,null,208,20.8,1.0951276887797416,0.82026761096860668,0.75773638059319881,1.3153602999019691,0.84324889330129682,0.26217179478901725,0.15383244243936328,2.4235150730237368E-2,3.6043863964800568E-2,0.29983797506210746,0,0,null,null,{"$f":"IF(RAND()<poisson_parameter*model!K231,1,0)","v":0},{"$f":"IF(RAND()<(K220^quadratic_condition*L220-$T$21)*$T$22*(1+pref_attach_on*SUM($X$35:X230)),1,0)","v":0},197,{"$f":"IF(AND(SUM($X$35:X230)=0,X231=1),Y231,\"\")","v":""}]
[null,null,null,null,null,null,209,20.9,1.0962384139677523,0.82016071829998316,0.75691179546408527,1.3154537810794122,0.84771205163579755,0.2739053795413055,0.16303475014869348,2.4235150730237368E-2,3.7393911879224515E-2,0.30774214379827036,0,0,null,null,{"$f":"IF(RAND()<poisson_parameter*model!K232,1,0)","v":0},{"$f":"IF(RAND()<(K221^quadratic_condition*L221-$T$21)*$T$22*(1+pref_attach_on*SUM($X$35:X231)),1,0)","v":0},198,{"$f":"IF(AND(SUM($X$35:X231)=0,X232=1),Y232,\"\")","v":""}]
[null,null,null,null,null,null,210,21,1.0973315464355031,0.82005751422176787,0.75606999640499106,1.3155421151200071,0.85210782655943984,0.28598295669463292,0.17267819891040992,2.4235150730237368E-2,3.8792227813299121E-2,0.31575162593292849,0,0,null,null,{"$f":"IF(RAND()<poisson_parameter*model!K233,1,0)","v":0},{"$f":"IF(RAND()<(K222^quadratic_condition*L222-$T$21)*$T$22*(1+pref_attach_on*SUM($X$35:X232)),1,0)","v":0},199,{"$f":"IF(AND(SUM($X$35:X232)=0,X233=1),Y233,\"\")","v":""}]
[null,null,null,null,null,null,211,21.1,1.0984073663977956,0.81995788397684666,0.75521216574515682,1.3156255848004623,0.85643867452443945,0.29839824705001605,0.18277080694398598,2.4235150730237368E-2,4.024036293314532E-2,0.32386250586379062,0,0,null,null,{"$f":"IF(RAND()<poisson_parameter*model!K234,1,0)","v":0},{"$f":"IF(RAND()<(K223^quadratic_condition*L223-$T$21)*$T$22*(1+pref_attach_on*SUM($X$35:X233)),1,0)","v":0},200,{"$f":"IF(AND(SUM($X$35:X233)=0,X234=1),Y234,\"\")","v":""}]
[null,null,null,null,null,null,212,21.2,1.0994661649820832,0.81986171558091336,0.75433942508372076,1.3157044574294798,0.86070711540745848,0.31114339502819899,0.19331912601366616,2.4235150730237368E-2,4.1739905027112126E-2,0.33207061845370567,0,0,null,null,{"$f":"IF(RAND()<poisson_parameter*model!K235,1,0)","v":0},{"$f":"IF(RAND()<(K224^quadratic_condition*L224-$T$21)*$T$22*(1+pref_attach_on*SUM($X$35:X234)),1,0)","v":0},201,{"$f":"IF(AND(SUM($X$35:X234)=0,X235=1),Y235,\"\")","v":""}]
[null,null,null,null,null,null,213,21.3,1.1005082442416629,0.81976889981187573,0.75345283652477235,1.3157789856866318,0.86491572903196234,0.32420892753129216,0.20432805135392099,2.4235150730237368E-2,4.3292478331247899E-2,0.34037155484425918,0,0,null,null,{"$f":"IF(RAND()<poisson_parameter*model!K236,1,0)","v":0},{"$f":"IF(RAND()<(K225^quadratic_condition*L225-$T$21)*$T$22*(1+pref_attach_on*SUM($X$35:X235)),1,0)","v":0},202,{"$f":"IF(AND(SUM($X$35:X235)=0,X236=1),Y236,\"\")","v":""}]
[null,null,null,null,null,null,214,21.4,1.1015339171311163,0.81967933019415395,0.75255340393368098,1.3158494084165202,0.86906715185780881,0.33758372584396507,0.21580063097658819,2.4235150730237368E-2,4.4899743253203013E-2,0.34876066949769274,0,0,null,null,{"$f":"IF(RAND()<poisson_parameter*model!K237,1,0)","v":0},{"$f":"IF(RAND()<(K226^quadratic_condition*L226-$T$21)*$T$22*(1+pref_attach_on*SUM($X$35:X236)),1,0)","v":0},203,{"$f":"IF(AND(SUM($X$35:X236)=0,X237=1),Y237,\"\")","v":""}]
[null,null,null,null,null,null,215,21.5,1.1025435074478009,0.81959290297838261,0.75164207420938689,1.3159159513805199,0.87316407383723604,0.35125501194229897,0.22773787762047726,2.4235150730237368E-2,4.656339598644841E-2,0.35723308846314472,0,0,null,null,{"$f":"IF(RAND()<poisson_parameter*model!K238,1,0)","v":0},{"$f":"IF(RAND()<(K227^quadratic_condition*L227-$T$21)*$T$22*(1+pref_attach_on*SUM($X$35:X237)),1,0)","v":0},204,{"$f":"IF(AND(SUM($X$35:X237)=0,X238=1),Y238,\"\")","v":""}]
[null,null,null,null,null,null,216,21.6,1.1035373497430108,0.81950951711698716,0.75071973856775065,1.3159788279682931,0.87720923543524809,0.36520835042422511,0.24013858701360374,2.4235150730237368E-2,4.828516800636759E-2,0.3657837188529896,0,0,null,null,{"$f":"IF(RAND()<poisson_parameter*model!K239,1,0)","v":0},{"$f":"IF(RAND()<(K228^quadratic_condition*L228-$T$21)*$T$22*(1+pref_attach_on*SUM($X$35:X238)),1,0)","v":0},205,{"$f":"IF(AND(SUM($X$35:X238)=0,X239=1),Y239,\"\")","v":""}]
[null,null,null,null,null,null,217,21.7,1.1045157892062187,0.81942907423607325,0.74978723383145862,1.3160382398711632,0.88120542481129616,0.3794276670778009,0.25299916648030696,2.4235150730237368E-2,5.0066825439465251E-2,0.37440725950459119,0,0,null,null,{"$f":"IF(RAND()<poisson_parameter*model!K240,1,0)","v":0},{"$f":"IF(RAND()<(K229^quadratic_condition*L229-$T$21)*$T$22*(1+pref_attach_on*SUM($X$35:X239)),1,0)","v":0},206,{"$f":"IF(AND(SUM($X$35:X239)=0,X240=1),Y240,\"\")","v":""}]
[null,null,null,null,null,null,218,21.8,1.1054791815256291,0.8193514786040339,0.74884534372236744,1.3160943777193319,0.88515547515811843,0.39389528486412145,0.26631347821769785,2.5237196251603266E-2,5.1910168296637874E-2,0.38309821279221112,0,0,null,null,{"$f":"IF(RAND()<poisson_parameter*model!K241,1,0)","v":0},{"$f":"IF(RAND()<(K230^quadratic_condition*L230-$T$21)*$T$22*(1+pref_attach_on*SUM($X$35:X240)),1,0)","v":0},207,{"$f":"IF(AND(SUM($X$35:X240)=0,X241=1),Y241,\"\")","v":""}]
[null,null,null,null,null,null,219,21.9,1.1064278927280526,0.81927663709724818,0.74789480015254628,1.3161474216848277,0.88906226219263129,0.40859197781388984,0.28007270176461363,2.6277123691558116E-2,5.3817029561174415E-2,0.39185089754326602,0,0,null,null,{"$f":"IF(RAND()<poisson_parameter*model!K242,1,0)","v":0},{"$f":"IF(RAND()<(K231^quadratic_condition*L231-$T$21)*$T$22*(1+pref_attach_on*SUM($X$35:X241)),1,0)","v":0},208,{"$f":"IF(AND(SUM($X$35:X241)=0,X242=1),Y242,\"\")","v":""}]
[null,null,null,null,null,null,220,22,1.107362299000926,0.81920445916321849,0.74693628451063543,1.3161975420519811,0.89292870179285211,0.42349704302582114,0.29426522026815216,2.7356121375183881E-2,5.5789274121903716E-2,0.40065946300274657,0,0,null,null,{"$f":"IF(RAND()<poisson_parameter*model!K243,1,0)","v":0},{"$f":"IF(RAND()<(K232^quadratic_condition*L232-$T$21)*$T$22*(1+pref_attach_on*SUM($X$35:X242)),1,0)","v":0},209,{"$f":"IF(AND(SUM($X$35:X242)=0,X243=1),Y243,\"\")","v":""}]
[null,null,null,null,null,null,221,22.1,1.108282786499081,0.81913485678146547,0.74597042894048815,1.3162448997571334,0.89675774777398709,0.43858839061812427,0.30887653509618801,2.8475402028855332E-2,5.7828797541684712E-2,0.40951790377954389,0,0,null,null,{"$f":"IF(RAND()<poisson_parameter*model!K244,1,0)","v":0},{"$f":"IF(RAND()<(K233^quadratic_condition*L233-$T$21)*$T$22*(1+pref_attach_on*SUM($X$35:X243)),1,0)","v":0},210,{"$f":"IF(AND(SUM($X$35:X243)=0,X244=1),Y244,\"\")","v":""}]
[null,null,null,null,null,null,222,22.2,1.1091897511386761,0.81906774442247476,0.74499781760939754,1.3162896468991987,0.90055238979601815,0.45384265112986,0.32388921313056035,2.963620292230754E-2,5.9937524651251343E-2,0.41842007569881678,0,0,null,null,{"$f":"IF(RAND()<poisson_parameter*model!K245,1,0)","v":0},{"$f":"IF(RAND()<(K234^quadratic_condition*L234-$T$21)*$T$22*(1+pref_attach_on*SUM($X$35:X244)),1,0)","v":0},211,{"$f":"IF(AND(SUM($X$35:X244)=0,X245=1),Y245,\"\")","v":""}]
[null,null,null,null,null,null,223,22.3,1.110083598380488,0.81900303900496818,0.74401898796353061,1.3163319272226219,0.90431565139438541,0.46923529950692017,0.33928287069138013,3.0839786019132332E-2,6.2117407958282855E-2,0.42735971247552162,0,0,null,null,{"$f":"IF(RAND()<poisson_parameter*model!K246,1,0)","v":0},{"$f":"IF(RAND()<(K235^quadratic_condition*L235-$T$21)*$T$22*(1+pref_attach_on*SUM($X$35:X245)),1,0)","v":0},212,{"$f":"IF(AND(SUM($X$35:X245)=0,X246=1),Y246,\"\")","v":""}]
[null,null,null,null,null,null,224,22.4,1.1109647430045662,0.81894065985174835,0.74303443196849916,1.3163718765741941,0.90805058812466855,0.48474079444860074,0.35503419748131093,3.2087438133468961E-2,6.4370425861478078E-2,0.43633044311594693,0,0,null,null,{"$f":"IF(RAND()<poisson_parameter*model!K247,1,0)","v":0},{"$f":"IF(RAND()<(K236^quadratic_condition*L236-$T$21)*$T$22*(1+pref_attach_on*SUM($X$35:X246)),1,0)","v":0},213,{"$f":"IF(AND(SUM($X$35:X246)=0,X247=1),Y247,\"\")","v":""}]
[null,null,null,null,null,null,225,22.5,1.1118336088780496,0.81888052864434713,0.74204459733329242,1.3164096233351106,0.91176028581152735,0.50033273154669178,0.37111702320110235,3.33804710896317E-2,6.6698580659376519E-2,0.44532580994667587,0,0,null,null,{"$f":"IF(RAND()<poisson_parameter*model!K248,1,0)","v":0},{"$f":"IF(RAND()<(K237^quadratic_condition*L237-$T$21)*$T$22*(1+pref_attach_on*SUM($X$35:X247)),1,0)","v":0},214,{"$f":"IF(AND(SUM($X$35:X247)=0,X248=1),Y248,\"\")","v":""}]
[null,null,null,null,null,null,226,22.6,1.1126906287177469,0.81882256937668929,0.74104988871607658,1.3164452888295948,0.91544785889156399,0.5159840083311833,0.38750242858482531,3.472022188034142E-2,6.9103896343697457E-2,0.45433928716395644,0,0,null,null,{"$f":"IF(RAND()<poisson_parameter*model!K249,1,0)","v":0},{"$f":"IF(RAND()<(K238^quadratic_condition*L238-$T$21)*$T$22*(1+pref_attach_on*SUM($X$35:X248)),1,0)","v":0},215,{"$f":"IF(AND(SUM($X$35:X248)=0,X249=1),Y249,\"\")","v":""}]
[null,null,null,null,null,null,227,22.7,1.1135362438488889,0.81876670830796405,0.7400506689106362,1.3164789877113319,0.91911644883921373,0.53166699905611758,0.40415890155591044,3.6108052818120601E-2,7.1588416167067598E-2,0.46336429979109239,0,0,null,null,{"$f":"IF(RAND()<poisson_parameter*model!K250,1,0)","v":0},{"$f":"IF(RAND()<(K239^quadratic_condition*L239-$T$21)*$T$22*(1+pref_attach_on*SUM($X$35:X249)),1,0)","v":0},216,{"$f":"IF(AND(SUM($X$35:X249)=0,X250=1),Y250,\"\")","v":""}]
[null,null,null,null,null,null,228,22.8,1.1143709039612679,0.81871287391488268,0.73904726001248811,1.316510828328902,0.9227692226642531,0.54735373682584199,0.42105253804399778,3.7545351673294453E-2,7.4154199975187782E-2,0.47239424292726062,0,0,null,null,{"$f":"IF(RAND()<poisson_parameter*model!K251,1,0)","v":0},{"$f":"IF(RAND()<(K240^quadratic_condition*L240-$T$21)*$T$22*(1+pref_attach_on*SUM($X$35:X250)),1,0)","v":0},217,{"$f":"IF(AND(SUM($X$35:X250)=0,X251=1),Y251,\"\")","v":""}]
[null,null,null,null,null,null,229,22.9,1.1151950668637942,0.81866099684348415,0.73803994456394306,1.3165409130713355,0.9264093714690399,0.56301610048445161,0.43814728576781375,3.9033531790938374E-2,7.6803321293756929E-2,0.48142250116818391,0,0,null,null,{"$f":"IF(RAND()<poisson_parameter*model!K252,1,0)","v":0},{"$f":"IF(RAND()<(K241^quadratic_condition*L241-$T$21)*$T$22*(1+pref_attach_on*SUM($X$35:X251)),1,0)","v":0},218,{"$f":"IF(AND(SUM($X$35:X251)=0,X252=1),Y252,\"\")","v":""}]
[null,null,null,null,null,null,230,23,1.1160091982383169,0.81861100986063684,0.73702896667762186,1.3165693386948556,0.93004010905315471,0.57862600357615523,0.45540522802859729,4.0574032178047538E-2,7.9537864160836622E-2,0.49044246807738173,0,0,null,null,{"$f":"IF(RAND()<poisson_parameter*model!K253,1,0)","v":0},{"$f":"IF(RAND()<(K242^quadratic_condition*L242-$T$21)*$T$22*(1+pref_attach_on*SUM($X$35:X252)),1,0)","v":0},219,{"$f":"IF(AND(SUM($X$35:X252)=0,X253=1),Y253,\"\")","v":""}]
[null,null,null,null,null,null,231,23.1,1.1168137713933763,0.81856284780537159,0.73601453313815568,1.3165961966318216,0.93366467055270941,0.59415558263593427,0.47278690332523515,4.2168317551200978E-2,8.2359919695810552E-2,0.49944756558631914,0,0,null,null,{"$f":"IF(RAND()<poisson_parameter*model!K254,1,0)","v":0},{"$f":"IF(RAND()<(K243^quadratic_condition*L243-$T$21)*$T$22*(1+pref_attach_on*SUM($X$35:X253)),1,0)","v":0},220,{"$f":"IF(AND(SUM($X$35:X253)=0,X254=1),Y254,\"\")","v":""}]
[null,null,null,null,null,null,232,23.2,1.1176092670183844,0.81851644754016828,0.73499681448200838,1.3166215732828266,0.93728631110121374,0.60957738208998835,0.49025165545197252,4.3817878334071497E-2,8.5271582396679355E-2,0.50843126320267507,0,0,null,null,{"$f":"IF(RAND()<poisson_parameter*model!K255,1,0)","v":0},{"$f":"IF(RAND()<(K244^quadratic_condition*L244-$T$21)*$T$22*(1+pref_attach_on*SUM($X$35:X254)),1,0)","v":0},221,{"$f":"IF(AND(SUM($X$35:X254)=0,X255=1),Y255,\"\")","v":""}]
[null,null,null,null,null,null,233,23.3,1.1183961729385592,0.81847174790230814,0.73397594605556016,1.3166455502928605,0.94090830449855445,0.62486453313323398,0.50775800772716517,4.5524230593312773E-2,8.8274946158141313E-2,0.51738709690814033,0,0,null,null,{"$f":"IF(RAND()<poisson_parameter*model!K256,1,0)","v":0},{"$f":"IF(RAND()<(K245^quadratic_condition*L245-$T$21)*$T$22*(1+pref_attach_on*SUM($X$35:X255)),1,0)","v":0},222,{"$f":"IF(AND(SUM($X$35:X255)=0,X256=1),Y256,\"\")","v":""}]
[null,null,null,null,null,null,234,23.4,1.1191749838707779,0.81842868965539273,0.73295202905177959,1.3166682048123957,0.94453394187433293,0.63999092410316449,0.52526405417737476,4.7288915900652512E-2,9.1372100003752385E-2,0.52630868763059691,0,0,null,null,{"$f":"IF(RAND()<poisson_parameter*model!K257,1,0)","v":0},{"$f":"IF(RAND()<(K246^quadratic_condition*L246-$T$21)*$T$22*(1+pref_attach_on*SUM($X$35:X256)),1,0)","v":0},223,{"$f":"IF(AND(SUM($X$35:X256)=0,X257=1),Y257,\"\")","v":""}]
[null,null,null,null,null,null,235,23.5,1.1199462011803551,0.81838721544112003,0.73192513152599126,1.3166896097442111,0.9481665303315383,0.65493136007991337,0.54272785990755268,4.911350110844781E-2,9.4565123526443265E-2,0.53518975918016409,0,0,null,null,{"$f":"IF(RAND()<poisson_parameter*model!K258,1,0)","v":0},{"$f":"IF(RAND()<(K247^quadratic_condition*L247-$T$21)*$T$22*(1+pref_attach_on*SUM($X$35:X257)),1,0)","v":0},224,{"$f":"IF(AND(SUM($X$35:X257)=0,X258=1),Y258,\"\")","v":""}]
[null,null,null,null,null,null,236,23.6,1.1207103326386012,0.81834726973140071,0.73089528939141657,1.3167098339767263,0.95180939155629485,0.66966170970355832,0.56010786255648359,5.0999578025524954E-2,9.7856082032804992E-2,0.54402415554434791,0,0,null,null,{"$f":"IF(RAND()<poisson_parameter*model!K259,1,0)","v":0},{"$f":"IF(RAND()<(K248^quadratic_condition*L248-$T$21)*$T$22*(1+pref_attach_on*SUM($X$35:X258)),1,0)","v":0},225,{"$f":"IF(AND(SUM($X$35:X258)=0,X259=1),Y259,\"\")","v":""}]
[null,null,null,null,null,null,237,23.7,1.1214678921808658,0.81830879878088814,0.72986250739532432,1.3167289426045734,0.95546586037922188,0.6841590375020572,0.5773632666851013,5.2948762979835681E-2,0.10124702138784532,0.55280585744430444,0,0,null,null,{"$f":"IF(RAND()<poisson_parameter*model!K260,1,0)","v":0},{"$f":"IF(RAND()<(K249^quadratic_condition*L249-$T$21)*$T$22*(1+pref_attach_on*SUM($X$35:X259)),1,0)","v":0},226,{"$f":"IF(AND(SUM($X$35:X259)=0,X260=1),Y260,\"\")","v":""}]
[null,null,null,null,null,null,238,23.8,1.1222193996646375,0.81827175057998824,0.7288267600767816,1.3167469971371029,0.95913928327378362,0.69840172035603887,0.59445442317708874,5.4962696254317184E-2,0.10473996255837216,0.56152899806191869,0,0,null,null,{"$f":"IF(RAND()<poisson_parameter*model!K261,1,0)","v":0},{"$f":"IF(RAND()<(K250^quadratic_condition*L250-$T$21)*$T$22*(1+pref_attach_on*SUM($X$35:X260)),1,0)","v":0},227,{"$f":"IF(AND(SUM($X$35:X260)=0,X261=1),Y261,\"\")","v":""}]
[null,null,null,null,null,null,239,23.9,1.1229653806271291,0.8182360748084071,0.72778799270713579,1.3167640556954743,0.9628330167768846,0.71236954707865896,0.61134318623466866,5.7043041382341175E-2,0.10833689585478398,0.57018787785588387,0,0,null,null,{"$f":"IF(RAND()<poisson_parameter*model!K262,1,0)","v":0},{"$f":"IF(RAND()<(K251^quadratic_condition*L251-$T$21)*$T$22*(1+pref_attach_on*SUM($X$35:X261)),1,0)","v":0},228,{"$f":"IF(AND(SUM($X$35:X261)=0,X262=1),Y262,\"\")","v":""}]
[null,null,null,null,null,null,240,24,1.1237063660416535,0.81820172278929049,0.72674612221449342,1.316780173198953,0.96655042581689032,0.72604380044840355,0.6279932413018634,5.9191484289273795E-2,0.11203977487284381,0.57877697839411846,0,0,null,null,{"$f":"IF(RAND()<poisson_parameter*model!K263,1,0)","v":0},{"$f":"IF(RAND()<(K252^quadratic_condition*L252-$T$21)*$T$22*(1+pref_attach_on*SUM($X$35:X262)),1,0)","v":0},229,{"$f":"IF(AND(SUM($X$35:X262)=0,X263=1),Y263,\"\")","v":""}]
[null,null,null,null,null,null,241,24.1,1.1244428920719702,0.81816864744399909,0.72570103809358844,1.3167954015410008,0.97029488193422431,0.73940732138901832,0.64437039820464626,6.1409732266934844E-2,0.11585051013898653,0.5872909751395331,0,0,null,null,{"$f":"IF(RAND()<poisson_parameter*model!K264,1,0)","v":0},{"$f":"IF(RAND()<(K253^quadratic_condition*L253-$T$21)*$T$22*(1+pref_attach_on*SUM($X$35:X263)),1,0)","v":0},230,{"$f":"IF(AND(SUM($X$35:X263)=0,X264=1),Y264,\"\")","v":""}]
[null,null,null,null,null,null,242,24.2,1.1251754998236667,0.81813680324756166,0.72465260330254666,1.3168097897557141,0.97406976137971646,0.75244455533340626,0.66044284491465344,6.3699512768133001E-2,0.11977096246485998,0.59572474913622553,0,0,null,null,{"$f":"IF(RAND()<poisson_parameter*model!K265,1,0)","v":0},{"$f":"IF(RAND()<(K254^quadratic_condition*L254-$T$21)*$T$22*(1+pref_attach_on*SUM($X$35:X264)),1,0)","v":0},231,{"$f":"IF(AND(SUM($X$35:X264)=0,X265=1),Y265,\"\")","v":""}]
[null,null,null,null,null,null,243,24.3,1.1259047350915312,0.81810614618484001,0.72360065514816407,1.3168233841751356,0.97787844307595961,0.76514158112834019,0.67618135856658146,6.6062572008952131E-2,0.12380293601912666,0.60407339755348666,0,0,null,null,{"$f":"IF(RAND()<poisson_parameter*model!K266,1,0)","v":0},{"$f":"IF(RAND()<(K255^quadratic_condition*L255-$T$21)*$T$22*(1+pref_attach_on*SUM($X$35:X265)),1,0)","v":0},232,{"$f":"IF(AND(SUM($X$35:X265)=0,X266=1),Y266,\"\")","v":""}]
[null,null,null,null,null,null,244,24.4,1.1266311481017657,0.81807663370743677,0.72254500616141504,1.3168362285779385,0.98172430642707442,0.77748612312663534,0.69155947163253984,6.8500673367062337E-2,0.12794817112705337,0.61233224305541245,0,0,null,null,{"$f":"IF(RAND()<poisson_parameter*model!K267,1,0)","v":0},{"$f":"IF(RAND()<(K256^quadratic_condition*L256-$T$21)*$T$22*(1+pref_attach_on*SUM($X$35:X266)),1,0)","v":0},233,{"$f":"IF(AND(SUM($X$35:X266)=0,X267=1),Y267,\"\")","v":""}]
[null,null,null,null,null,null,245,24.5,1.1273552932477982,0.81804822469137173,0.72148544496499756,1.3168483643299509,0.98561072896249724,0.78946754736714964,0.70655359242392557,7.1015595565016382E-2,0.13220833681108238,0.62049684197428823,0,0,null,null,{"$f":"IF(RAND()<poisson_parameter*model!K268,1,0)","v":0},{"$f":"IF(RAND()<(K257^quadratic_condition*L257-$T$21)*$T$22*(1+pref_attach_on*SUM($X$35:X267)),1,0)","v":0},234,{"$f":"IF(AND(SUM($X$35:X267)=0,X268=1),Y268,\"\")","v":""}]
[null,null,null,null,null,null,246,24.6,1.1280777288183585,0.81802087939554835,0.72042173713480562,1.3168598305169672,0.98954108380069083,0.80107684295652526,0.72114308030151231,7.3609130628257927E-2,0.13658502308840395,0.62856299127612469,0,0,null,null,{"$f":"IF(RAND()<poisson_parameter*model!K269,1,0)","v":0},{"$f":"IF(RAND()<(K258^quadratic_condition*L258-$T$21)*$T$22*(1+pref_attach_on*SUM($X$35:X268)),1,0)","v":0},235,{"$f":"IF(AND(SUM($X$35:X268)=0,X269=1),Y269,\"\")","v":""}]
[null,null,null,null,null,null,247,24.7,1.1287990167164059,0.81799455942102839,0.71935362605729058,1.3168706640702685,0.99351873691905035,0.81230658993759741,0.73531027708301333,7.6283081608403802E-2,0.14107973304452137,0.63652673431664186,0,0,null,null,{"$f":"IF(RAND()<poisson_parameter*model!K270,1,0)","v":0},{"$f":"IF(RAND()<(K259^quadratic_condition*L259-$T$21)*$T$22*(1+pref_attach_on*SUM($X$35:X269)),1,0)","v":0},236,{"$f":"IF(AND(SUM($X$35:X269)=0,X270=1),Y270,\"\")","v":""}]
[null,null,null,null,null,null,248,24.8,1.1295197221674191,0.81796922767112967,0.71828083378473706,1.3168808998852479,0.99754704421673379,0.82315091505718108,0.74904049710887344,7.9039260063260453E-2,0.14569387470490361,0.64438436539552213,0,0,null,null,{"$f":"IF(RAND()<poisson_parameter*model!K271,1,0)","v":0},{"$f":"IF(RAND()<(K260^quadratic_condition*L260-$T$21)*$T$22*(1+pref_attach_on*SUM($X$35:X270)),1,0)","v":0},237,{"$f":"IF(AND(SUM($X$35:X270)=0,X271=1),Y271,\"\")","v":""}]
[null,null,null,null,null,null,249,24.9,1.1302404134155009,0.81794484831235792,0.71720306189053162,1.3168905709335201,1.0016293483577023,0.83360543693132283,0.76232197923601774,8.1879483285990137E-2,0.15042875273003692,0.65213243312577318,0,0,null,null,{"$f":"IF(RAND()<poisson_parameter*model!K272,1,0)","v":0},{"$f":"IF(RAND()<(K261^quadratic_condition*L261-$T$21)*$T$22*(1+pref_attach_on*SUM($X$35:X271)),1,0)","v":0},238,{"$f":"IF(AND(SUM($X$35:X271)=0,X272=1),Y272,\"\")","v":""}]
[null,null,null,null,null,null,250,25,1.1309616614056879,0.8179213867361812,0.71611999232654622,1.3168997083688705,1.005768975381915,0.84366720215116375,0.7751458046606523,8.4805571276851274E-2,0.1552855599624931,0.65976774264347826,0,0,null,null,{"$f":"IF(RAND()<poisson_parameter*model!K273,1,0)","v":0},{"$f":"IF(RAND()<(K262^quadratic_condition*L262-$T$21)*$T$22*(1+pref_attach_on*SUM($X$35:X272)),1,0)","v":0},239,{"$f":"IF(AND(SUM($X$35:X272)=0,X273=1),Y273,\"\")","v":""}]
[null,null,null,null,null,null,251,25.1,1.1316840394508139,0.81789880952165361,0.71503128828478857,1.3169083416273801,1.0099692310733921,0.85333461388047438,0.78750578491992096,8.781934345199871E-2,0.16026536885800302,0.66728735669098516,0,0,null,null,{"$f":"IF(RAND()<poisson_parameter*model!K274,1,0)","v":0},{"$f":"IF(RAND()<(K263^quadratic_condition*L263-$T$21)*$T$22*(1+pref_attach_on*SUM($X$35:X273)),1,0)","v":0},240,{"$f":"IF(AND(SUM($X$35:X273)=0,X274=1),Y274,\"\")","v":""}]
[null,null,null,null,null,null,252,25.2,1.132408122881239,0.81787708439889062,0.7139365950654929,1.3169164985220472,1.0142333970747537,0.86260735447063319,0.79939832469222427,9.0922615084943412E-2,0.16536912283592853,0.67468859561364314,0,0,null,null,{"$f":"IF(RAND()<poisson_parameter*model!K275,1,0)","v":0},{"$f":"IF(RAND()<(K264^quadratic_condition*L264-$T$21)*$T$22*(1+pref_attach_on*SUM($X$35:X274)),1,0)","v":0},241,{"$f":"IF(AND(SUM($X$35:X274)=0,X275=1),Y275,\"\")","v":""}]
[null,null,null,null,null,null,253,25.3,1.1331344886757311,0.81785618021339757,0.7128355409538305,1.3169242053322052,1.0185647267388567,0.87148630356484202,0.81082226411885139,9.4117193477440658E-2,0.17059762758793043,0.68196903631648986,0,0,null,null,{"$f":"IF(RAND()<poisson_parameter*model!K276,1,0)","v":0},{"$f":"IF(RAND()<(K265^quadratic_condition*L265-$T$21)*$T$22*(1+pref_attach_on*SUM($X$35:X275)),1,0)","v":0},242,{"$f":"IF(AND(SUM($X$35:X275)=0,X276=1),Y276,\"\")","v":""}]
[null,null,null,null,null,null,254,25.4,1.133863715071771,0.81783606689125199,0.71172773810741574,1.3169314868880229,1.0229664407093042,0.87997345308548947,0.82177870532270136,9.7404873857803748E-2,0.17595154238699645,0.68912651023278848,0,0,null,null,{"$f":"IF(RAND()<poisson_parameter*model!K277,1,0)","v":0},{"$f":"IF(RAND()<(K266^quadratic_condition*L266-$T$21)*$T$22*(1+pref_attach_on*SUM($X$35:X276)),1,0)","v":0},243,{"$f":"IF(AND(SUM($X$35:X276)=0,X277=1),Y277,\"\")","v":""}]
[null,null,null,null,null,null,255,25.5,1.1345963811535573,0.8178167154051349,0.71061278345676249,1.3169383666503567,1.0274417222228949,0.88807182040168309,0.83227082762481652,0.10078743500593228,0.18143137144228025,0.69615910036100592,0,0,null,null,{"$f":"IF(RAND()<poisson_parameter*model!K278,1,0)","v":0},{"$f":"IF(RAND()<(K267^quadratic_condition*L267-$T$21)*$T$22*(1+pref_attach_on*SUM($X$35:X277)),1,0)","v":0},244,{"$f":"IF(AND(SUM($X$35:X277)=0,X278=1),Y278,\"\")","v":""}]
[null,null,null,null,null,null,256,25.6,1.1353330664159904,0.81779809774120871,0.70949025962081236,1.3169448667862089,1.0319937121285185,0.89578536086284877,0.84230369568008923,0.10426663460570623,0.18703745534836416,0.70306513743069599,0,0,null,null,{"$f":"IF(RAND()<poisson_parameter*model!K279,1,0)","v":0},{"$f":"IF(RAND()<(K268^quadratic_condition*L268-$T$21)*$T$22*(1+pref_attach_on*SUM($X$35:X278)),1,0)","v":0},245,{"$f":"IF(AND(SUM($X$35:X278)=0,X279=1),Y279,\"\")","v":""}]
[null,null,null,null,null,null,257,25.7,1.136074350302946,0.81778018686683585,0.70835973583960754,1.3169510082400342,1.0366255036185992,0.90311888076346558,0.85188406439446185,0.10784420432683485,0.19276996268054766,0.70984319526081974,0,0,null,null,{"$f":"IF(RAND()<poisson_parameter*model!K280,1,0)","v":0},{"$f":"IF(RAND()<(K269^quadratic_condition*L269-$T$21)*$T$22*(1+pref_attach_on*SUM($X$35:X279)),1,0)","v":0},246,{"$f":"IF(AND(SUM($X$35:X279)=0,X280=1),Y280,\"\")","v":""}]
[null,null,null,null,null,null,258,25.8,1.1368208117181879,0.81776295669913024,0.70722076892611285,1.3169568108011211,1.0413401366709329,0.91007795167761896,0.86102018407123704,0.11152184463976959,0.1986288817905292,0.71649208537631592,0,0,null,null,{"$f":"IF(RAND()<poisson_parameter*model!K281,1,0)","v":0},{"$f":"IF(RAND()<(K270^quadratic_condition*L270-$T$21)*$T$22*(1+pref_attach_on*SUM($X$35:X280)),1,0)","v":0},247,{"$f":"IF(AND(SUM($X$35:X280)=0,X281=1),Y281,\"\")","v":""}]
[null,null,null,null,null,null,259,25.9,1.1375730285073211,0.81774638207433448,0.70607290423911184,1.3169622931672649,1.0461405922006795,0.91666882697381102,0.86972160878608662,0.11530121936889896,0.20461401285933781,0.72301085095025808,0,{"$f":"S282-S281","v":0},null,null,{"$f":"IF(RAND()<poisson_parameter*model!K282,1,0)","v":0},{"$f":"IF(RAND()<(K271^quadratic_condition*L271-$T$21)*$T$22*(1+pref_attach_on*SUM($X$35:X281)),1,0)","v":0},248,{"$f":"IF(AND(SUM($X$35:X281)=0,X282=1),Y282,\"\")","v":""}]
[null,null,null,null,null,null,260,26,1.1383315769092639,0.81773043871801343,0.70491567667899857,1.3169674730049341,1.0510297859243356,0.92289836119355007,0.87799901052889451,0.11918394999094478,0.21072496026652912,0.7293987601397357,0,0,null,null,{"$f":"IF(RAND()<poisson_parameter*model!K283,1,0)","v":0},{"$f":"IF(RAND()<(K272^quadratic_condition*L272-$T$21)*$T$22*(1+pref_attach_on*SUM($X$35:X282)),1,0)","v":0},249,{"$f":"IF(AND(SUM($X$35:X282)=0,X283=1),Y283,\"\")","v":""}]
[null,null,null,null,null,null,261,26.1,1.1390970309757995,0.81771510321605323,0.70374861170816794,1.316972367006126,1.0560105619397555,0.92877393285431964,0.88586400119265329,0.12317160968727819,0.21696112533643286,0.73565529888372372,0,0,null,null,{"$f":"IF(RAND()<poisson_parameter*model!K284,1,0)","v":0},{"$f":"IF(RAND()<(K273^quadratic_condition*L273-$T$21)*$T$22*(1+pref_attach_on*SUM($X$35:X283)),1,0)","v":0},250,{"$f":"IF(AND(SUM($X$35:X283)=0,X284=1),Y284,\"\")","v":""}]
[null,null,null,null,null,null,262,26.2,1.1398699619578796,0.81770035298645594,0.70257122639756853,1.3169769909420888,1.0610856860286704,0.93430337112073558,0.89332896404906015,0.12726571716077212,0.22332169952357095,0.74178016323070162,0,0,null,null,{"$f":"IF(RAND()<poisson_parameter*model!K285,1,0)","v":0},{"$f":"IF(RAND()<(K274^quadratic_condition*L274-$T$21)*$T$22*(1+pref_attach_on*SUM($X$35:X284)),1,0)","v":0},251,{"$f":"IF(AND(SUM($X$35:X284)=0,X285=1),Y285,\"\")","v":""}]
[null,null,null,null,null,null,263,26.3,1.1406509376574732,0.81768616625191759,0.70138303050082196,1.3169813597140871,1.0662578386907127,0.93949488667867787,0.90040689593787182,0.13146773022980515,0.22980565810020409,0.74777325126271255,0,0,null,null,{"$f":"IF(RAND()<poisson_parameter*model!K286,1,0)","v":0},{"$f":"IF(RAND()<(K275^quadratic_condition*L275-$T$21)*$T$22*(1+pref_attach_on*SUM($X$35:X285)),1,0)","v":0},252,{"$f":"IF(AND(SUM($X$35:X285)=0,X286=1),Y286,\"\")","v":""}]
[null,null,null,null,null,null,264,26.4,1.1414405217438988,0.81767252201317675,0.70018352755713453,1.31698548740137,1.0715296079206467,0.94435700704710013,0.90711126102011042,0.13577903921412807,0.23641175440925791,0.75363465468096302,0,0,null,null,{"$f":"IF(RAND()<poisson_parameter*model!K287,1,0)","v":0},{"$f":"IF(RAND()<(K276^quadratic_condition*L276-$T$21)*$T$22*(1+pref_attach_on*SUM($X$35:X286)),1,0)","v":0},253,{"$f":"IF(AND(SUM($X$35:X286)=0,X287=1),Y287,\"\")","v":""}]
[null,null,null,null,null,null,265,26.5,1.1422392730337445,0.81765940002312198,0.69897221602402371,1.3169893873064966,1.0769034817433456,0.94889851647182988,0.91345585660875595,0.14020096012949454,0.24313851474558207,0.75936465011602317,0,0,null,null,{"$f":"IF(RAND()<poisson_parameter*model!K288,1,0)","v":0},{"$f":"IF(RAND()<(K277^quadratic_condition*L277-$T$21)*$T$22*(1+pref_attach_on*SUM($X$35:X287)),1,0)","v":0},254,{"$f":"IF(AND(SUM($X$35:X287)=0,X288=1),Y288,\"\")","v":""}]
[null,null,null,null,null,null,266,26.6,1.1430477447336589,0.81764678076164377,0.69774859044066184,1.316993071998166,1.0823818405240224,0.95312840046535985,0.91945469129715163,0.14473472771023496,0.24998423392756161,0.76496369022324728,0,0,null,null,{"$f":"IF(RAND()<poisson_parameter*model!K289,1,0)","v":0},{"$f":"IF(RAND()<(K278^quadratic_condition*L278-$T$21)*$T$22*(1+pref_attach_on*SUM($X$35:X288)),1,0)","v":0},255,{"$f":"IF(AND(SUM($X$35:X288)=0,X289=1),Y289,\"\")","v":""}]
[null,null,null,null,null,null,267,26.7,1.1438664836455072,0.81763464541121778,0.69651214262239436,1.316996553351685,1.0879669490743034,0.95705579498647164,0.92512187535550805,0.14938148828130648,0.2569469716194947,0.77043239462126367,0,0,null,null,{"$f":"IF(RAND()<poisson_parameter*model!K290,1,0)","v":0},{"$f":"IF(RAND()<(K279^quadratic_condition*L279-$T$21)*$T$22*(1+pref_attach_on*SUM($X$35:X289)),1,0)","v":0},256,{"$f":"IF(AND(SUM($X$35:X289)=0,X290=1),Y290,\"\")","v":""}]
[null,null,null,null,null,null,268,26.8,1.1446960293336075,0.81762297583320487,0.69526236288672505,1.316999842587208,1.0936609485779065,0.96068994019334608,0.93047152315859161,0.15414229250377143,0.26402454946284371,0.77577154072832988,0,0,null,null,{"$f":"IF(RAND()<poisson_parameter*model!K291,1,0)","v":0},{"$f":"IF(RAND()<(K280^quadratic_condition*L280-$T$21)*$T$22*(1+pref_attach_on*SUM($X$35:X290)),1,0)","v":0},257,{"$f":"IF(AND(SUM($X$35:X290)=0,X291=1),Y291,\"\")","v":""}]
[null,null,null,null,null,null,269,26.9,1.1455369132540096,0.81761175454485413,0.69399874131077444,1.3170029503058684,1.0994658483629438,0.96404013865321658,0.93551766724065544,0.15901808802012327,0.271214549071435,0.78098205454808201,0,0,null,null,{"$f":"IF(RAND()<poisson_parameter*model!K292,1,0)","v":0},{"$f":"IF(RAND()<(K281^quadratic_condition*L281-$T$21)*$T$22*(1+pref_attach_on*SUM($X$35:X291)),1,0)","v":0},258,{"$f":"IF(AND(SUM($X$35:X291)=0,X292=1),Y292,\"\")","v":""}]
[null,null,null,null,null,null,270,27,1.1463896578460493,0.81760096469699395,0.69272076901991031,1.3170058865239189,1.1053835175511588,0.96711571785007278,0.94027418344382896,0.16400971202837608,0.27851431094191786,0.78606500145276825,0,0,null,null,{"$f":"IF(RAND()<poisson_parameter*model!K293,1,0)","v":0},{"$f":"IF(RAND()<(K282^quadratic_condition*L282-$T$21)*$T$22*(1+pref_attach_on*SUM($X$35:X292)),1,0)","v":0},259,{"$f":"IF(AND(SUM($X$35:X292)=0,X293=1),Y293,\"\")","v":""}]
[null,null,null,null,null,null,271,27.1,1.1472547755866929,0.81759059005239643,0.69142793950692316,1.3170086607049907,1.1114156766177401,0.96992599679877678,0.94475472652986681,0.16911788381633658,0.28592093432628773,0.79102157700850584,0,0,null,null,{"$f":"IF(RAND()<poisson_parameter*model!K294,1,0)","v":0},{"$f":"IF(RAND()<(K283^quadratic_condition*L283-$T$21)*$T$22*(1+pref_attach_on*SUM($X$35:X293)),1,0)","v":0},260,{"$f":"IF(AND(SUM($X$35:X293)=0,X294=1),Y294,\"\")","v":""}]
[null,null,null,null,null,null,272,27.2,1.1481327680085014,0.81758061496480061,0.69011974998077386,1.3170112817905735,1.1175638888986601,0.97248025654848491,0.94897267555843456,0.17434319728996334,0.2934312781080482,0.79585309788347969,0,0,null,null,{"$f":"IF(RAND()<poisson_parameter*model!K295,1,0)","v":0},{"$f":"IF(RAND()<(K284^quadratic_condition*L284-$T$21)*$T$22*(1+pref_attach_on*SUM($X$35:X294)),1,0)","v":0},261,{"$f":"IF(AND(SUM($X$35:X294)=0,X295=1),Y295,\"\")","v":""}]
[null,null,null,null,null,null,273,27.3,1.1490241246823627,0.81757102435857909,0.6887957027435776,1.3170137582288162,1.1238295520857577,0.97478771433972589,0.95294108829395574,0.17968611353215588,0.30104196271764794,0.80056099287635551,0,0,null,null,{"$f":"IF(RAND()<poisson_parameter*model!K296,1,0)","v":0},{"$f":"IF(RAND()<(K285^quadratic_condition*L285-$T$21)*$T$22*(1+pref_attach_on*SUM($X$35:X295)),1,0)","v":0},262,{"$f":"IF(AND(SUM($X$35:X295)=0,X296=1),Y296,\"\")","v":""}]
[null,null,null,null,null,null,274,27.4,1.1499293221664912,0.81756180370903353,0.68745530659411191,1.3170160980017396,1.1302138897529672,0.97685750116708925,0.95667266388352523,0.18514695343067683,0.30874937311621814,0.80514679409854917,0,0,null,null,{"$f":"IF(RAND()<poisson_parameter*model!K297,1,0)","v":0},{"$f":"IF(RAND()<(K286^quadratic_condition*L286-$T$21)*$T$22*(1+pref_attach_on*SUM($X$35:X296)),1,0)","v":0},263,{"$f":"IF(AND(SUM($X$35:X296)=0,X297=1),Y297,\"\")","v":""}]
[null,null,null,null,null,null,275,27.5,1.1508488229235496,0.81755293902330417,0.68609807825574398,1.3170183086509484,1.1367179429601595,0.97869864249247074,0.96017971304676897,0.19072589041615931,0.3165496628693994,0.80961212834040985,0,0,null,null,{"$f":"IF(RAND()<poisson_parameter*model!K298,1,0)","v":0},{"$f":"IF(RAND()<(K287^quadratic_condition*L287-$T$21)*$T$22*(1+pref_attach_on*SUM($X$35:X297)),1,0)","v":0},264,{"$f":"IF(AND(SUM($X$35:X297)=0,X298=1),Y298,\"\")","v":""}]
[null,null,null,null,null,null,276,27.6,1.1517830742081254,0.81754441682187817,0.68472354382626999,1.3170203973019259,1.1433425619839581,0.98032004185146593,0.96347413503134416,0.19642294335325269,0.32443875932524469,0.81395870864787234,0,0,null,null,{"$f":"IF(RAND()<poisson_parameter*model!K299,1,0)","v":0},{"$f":"IF(RAND()<(K288^quadratic_condition*L288-$T$21)*$T$22*(1+pref_attach_on*SUM($X$35:X298)),1,0)","v":0},265,{"$f":"IF(AND(SUM($X$35:X298)=0,X299=1),Y299,\"\")","v":""}]
[null,null,null,null,null,null,277,27.7,1.1527325069271808,0.8175362241206815,0.68333124024675163,1.3170223706869897,1.1500883982275729,0.98173046709710365,0.9665674006119046,0.20223796962987581,0.33241236990188611,0.81818832613273562,0,0,null,null,{"$f":"IF(RAND()<poisson_parameter*model!K300,1,0)","v":0},{"$f":"IF(RAND()<(K289^quadratic_condition*L289-$T$21)*$T$22*(1+pref_attach_on*SUM($X$35:X299)),1,0)","v":0},266,{"$f":"IF(AND(SUM($X$35:X299)=0,X300=1),Y300,\"\")","v":""}]
[null,null,null,null,null,null,278,27.8,1.1536975344764919,0.81752834841374122,0.68192071678601673,1.3170242351669805,1.1569558963641211,0.98293853903001904,0.96947054044303926,0.20817065849123806,0.34046598948194423,0.82230284203645498,0,0,null,null,{"$f":"IF(RAND()<poisson_parameter*model!K301,1,0)","v":0},{"$f":"IF(RAND()<(K290^quadratic_condition*L290-$T$21)*$T$22*(1+pref_attach_on*SUM($X$35:X300)),1,0)","v":0},267,{"$f":"IF(AND(SUM($X$35:X300)=0,X301=1),Y301,\"\")","v":""}]
[null,null,null,null,null,null,279,27.9,1.154678551556497,0.81752077765640152,0.68049153653707684,1.3170259967517557,1.1639452867700208,0.98395272217178442,0.97219413811553157,0.21422052466671621,0.34859490890163214,0.82630418006421247,0,0,null,null,{"$f":"IF(RAND()<poisson_parameter*model!K302,1,0)","v":0},{"$f":"IF(RAND()<(K291^quadratic_condition*L291-$T$21)*$T$22*(1+pref_attach_on*SUM($X$35:X301)),1,0)","v":0},268,{"$f":"IF(AND(SUM($X$35:X301)=0,X302=1),Y302,\"\")","v":""}]
[null,null,null,null,null,null,280,28,1.1556759329713815,0.81751350024908043,0.67904327792130104,1.3170276611195526,1.1710565783068041,0.98478131744790964,0.97474832730823113,0.22038690233879618,0.35679422451326653,0.83019431900306884,0,0,null,null,{"$f":"IF(RAND()<poisson_parameter*model!K303,1,0)","v":0},{"$f":"IF(RAND()<(K292^quadratic_condition*L292-$T$21)*$T$22*(1+pref_attach_on*SUM($X$35:X302)),1,0)","v":0},269,{"$f":"IF(AND(SUM($X$35:X302)=0,X303=1),Y303,\"\")","v":""}]
[null,null,null,null,null,null,281,28.1,1.1566900324156357,0.81750650502155264,0.67757553619577704,1.3170292336352836,1.1782895515110481,0.98543245655849909,0.97714279247318225,0.22666893950406863,0.36505884879055706,0.83397528563521006,0,0,null,null,{"$f":"IF(RAND()<poisson_parameter*model!K304,1,0)","v":0},{"$f":"IF(RAND()<(K293^quadratic_condition*L293-$T$21)*$T$22*(1+pref_attach_on*SUM($X$35:X303)),1,0)","v":0},270,{"$f":"IF(AND(SUM($X$35:X303)=0,X304=1),Y304,\"\")","v":""}]
[null,null,null,null,null,null,282,28.2,1.1577211812527239,0.81749978121774325,0.67608792495889658,1.3170307193678228,1.1856437522530332,0.98591409782729689,0.979386772537996,0.23306559277666122,0.37338352193672125,0.83764914795469414,0,0,null,null,{"$f":"IF(RAND()<poisson_parameter*model!K305,1,0)","v":0},{"$f":"IF(RAND()<(K294^quadratic_condition*L294-$T$21)*$T$22*(1+pref_attach_on*SUM($X$35:X304)),1,0)","v":0},271,{"$f":"IF(AND(SUM($X$35:X304)=0,X305=1),Y305,\"\")","v":""}]
[null,null,null,null,null,null,283,28.3,1.1587696872909024,0.81749331848102036,0.67458007764882255,1.3170321231063389,1.1931184859251387,0.98623402333347276,0.9814890671556824,0.23957562268446791,0.38176282444628978,0.84121800869367946,0,0,null,null,{"$f":"IF(RAND()<poisson_parameter*model!K306,1,0)","v":0},{"$f":"IF(RAND()<(K295^quadratic_condition*L295-$T$21)*$T$22*(1+pref_attach_on*SUM($X$35:X305)),1,0)","v":0},272,{"$f":"IF(AND(SUM($X$35:X305)=0,X306=1),Y306,\"\")","v":""}]
[null,null,null,null,null,null,284,28.4,1.1598358335616052,0.81748710683997072,0.6730516490291355,1.3170334493757272,1.2007128122208579,0.98639983714468893,0.98345804507738044,0.24619758950805817,0.39019119056254858,0.84468399916188275,0,0,null,null,{"$f":"IF(RAND()<poisson_parameter*model!K307,1,0)","v":0},{"$f":"IF(RAND()<(K296^quadratic_condition*L296-$T$21)*$T$22*(1+pref_attach_on*SUM($X$35:X306)),1,0)","v":0},273,{"$f":"IF(AND(SUM($X$35:X306)=0,X307=1),Y307,\"\")","v":""}]
[null,null,null,null,null,null,285,28.5,1.1609198771061864,0.81748113669464639,0.67150231665562654,1.3170347024511906,1.2084255405646067,0.98641896448445598,0.98530165426698313,0.25292984971119004,0.39866292256403596,0.84804927340096714,0,0,null,null,{"$f":"IF(RAND()<poisson_parameter*model!K308,1,0)","v":0},{"$f":"IF(RAND()<(K297^quadratic_condition*L297-$T$21)*$T$22*(1+pref_attach_on*SUM($X$35:X307)),1,0)","v":0},274,{"$f":"IF(AND(SUM($X$35:X307)=0,X308=1),Y308,\"\")","v":""}]
[null,null,null,null,null,null,286,28.6,1.1620220477771475,0.81747539880326814,0.6699317823179014,1.3170358863720162,1.2162552262511794,0.98629865168129893,0.98702743341806454,0.25977055301038243,0.4071722058054994,0.851316002653701,0,0,null,null,{"$f":"IF(RAND()<poisson_parameter*model!K309,1,0)","v":0},{"$f":"IF(RAND()<(K298^quadratic_condition*L298-$T$21)*$T$22*(1+pref_attach_on*SUM($X$35:X308)),1,0)","v":0},275,{"$f":"IF(AND(SUM($X$35:X308)=0,X309=1),Y309,\"\")","v":""}]
[null,null,null,null,null,null,287,28.7,1.1631425470603043,0.81746988426937295,0.6683397734491956,1.3170370049545925,1.2242001673517549,0.98604596676161693,0.98864252457244206,0.26671764012900612,0.41571312443133041,0.85448637014605133,0,0,null,null,{"$f":"IF(RAND()<poisson_parameter*model!K310,1,0)","v":0},{"$f":"IF(RAND()<(K299^quadratic_condition*L299-$T$21)*$T$22*(1+pref_attach_on*SUM($X$35:X309)),1,0)","v":0},276,{"$f":"IF(AND(SUM($X$35:X309)=0,X310=1),Y310,\"\")","v":""}]
[null,null,null,null,null,null,288,28.8,1.1642815469246237,0.81746458452939275,0.666726044497578,1.3170380618047075,1.2322584024407433,0.98566780056216896,0.99015368657595115,0.27376884127881312,0.42427967767285185,0.85756256617887683,0,0,null,null,{"$f":"IF(RAND()<poisson_parameter*model!K311,1,0)","v":0},{"$f":"IF(RAND()<(K300^quadratic_condition*L300-$T$21)*$T$22*(1+pref_attach_on*SUM($X$35:X310)),1,0)","v":0},277,{"$f":"IF(AND(SUM($X$35:X310)=0,X311=1),Y311,\"\")","v":""}]
[null,null,null,null,null,null,289,28.9,1.1654391887067166,0.81745949134065155,0.66509037825154194,1.3170390603291695,1.2404277091944842,0.98517086825171574,0.99156730914045899,0.28092167540873519,0.43286579663502711,0.86054678352455549,0,0,null,null,{"$f":"IF(RAND()<poisson_parameter*model!K312,1,0)","v":0},{"$f":"IF(RAND()<(K301^quadratic_condition*L301-$T$21)*$T$22*(1+pref_attach_on*SUM($X$35:X311)),1,0)","v":0},278,{"$f":"IF(AND(SUM($X$35:X311)=0,X312=1),Y312,\"\")","v":""}]
[null,null,null,null,null,null,290,29,1.1666155820371749,0.8174545967697685,0.66343258711285846,1.3170400037467858,1.24870560390886,0.98456171116439517,0.99288942731177876,0.28817345025714408,0.44146536147328441,0.86344121312271904,0,0,null,null,{"$f":"IF(RAND()<poisson_parameter*model!K313,1,0)","v":0},{"$f":"IF(RAND()<(K302^quadratic_condition*L302-$T$21)*$T$22*(1+pref_attach_on*SUM($X$35:X312)),1,0)","v":0},279,{"$f":"IF(AND(SUM($X$35:X312)=0,X313=1),Y313,\"\")","v":""}]
[null,null,null,null,null,null,291,29.1,1.1678108038160984,0.81744989318145556,0.66175251430949544,1.3170408950987365,1.2570893419782676,0.98384669885981557,0.99412573617100841,0.29552126323958705,0.450072218857277,0.86624804006825784,0,0,null,null,{"$f":"IF(RAND()<poisson_parameter*model!K314,1,0)","v":0},{"$f":"IF(RAND()<(K303^quadratic_condition*L303-$T$21)*$T$22*(1+pref_attach_on*SUM($X$35:X313)),1,0)","v":0},280,{"$f":"IF(AND(SUM($X$35:X313)=0,X314=1),Y314,\"\")","v":""}]
[null,null,null,null,null,null,292,29.2,1.1690248972452646,0.81744537322769639,0.66005003504139403,1.3170417372583763,1.2655759193731344,0.98303203133656059,0.99528160562198864,0.3029620031993086,0.4586801996155887,0.86896943988389663,0,0,null,null,{"$f":"IF(RAND()<poisson_parameter*model!K315,1,0)","v":0},{"$f":"IF(RAND()<(K304^quadratic_condition*L304-$T$21)*$T$22*(1+pref_attach_on*SUM($X$35:X314)),1,0)","v":0},281,{"$f":"IF(AND(SUM($X$35:X314)=0,X315=1),Y315,\"\")","v":""}]
[null,null,null,null,null,null,293,29.3,1.1702578709244427,0.8174410298372965,0.65832505755194848,1.3170425329404942,1.2741620751472695,0.98212374133676372,0.99636209514017793,0.31049235304266953,0.46728313645368896,0.87160757506891817,0,0,null,null,{"$f":"IF(RAND()<poisson_parameter*model!K316,1,0)","v":0},{"$f":"IF(RAND()<(K305^quadratic_condition*L305-$T$21)*$T$22*(1+pref_attach_on*SUM($X$35:X315)),1,0)","v":0},282,{"$f":"IF(AND(SUM($X$35:X315)=0,X316=1),Y316,\"\")","v":""}]
[null,null,null,null,null,null,294,29.4,1.1715096980193391,0.81743685620579243,0.65657752411814918,1.3170432847100637,1.2828442949998791,0.98112769668959965,0.9973719683784219,0.31810879327591246,0.47587488163686498,0.87416459191501661,0,0,null,null,{"$f":"IF(RAND()<poisson_parameter*model!K317,1,0)","v":0},{"$f":"IF(RAND()<(K306^quadratic_condition*L306-$T$21)*$T$22*(1+pref_attach_on*SUM($X$35:X316)),1,0)","v":0},283,{"$f":"IF(AND(SUM($X$35:X316)=0,X317=1),Y317,\"\")","v":""}]
[null,null,null,null,null,null,295,29.5,1.1727803155085896,0.81743284578570874,0.65480741195253778,1.3170439949905095,1.2916188159100614,0.98004960265093588,0.99831570754301069,0.32580760645364298,0.48444932453041906,0.87664261757978301,0,0,null,null,{"$f":"IF(RAND()<poisson_parameter*model!K318,1,0)","v":0},{"$f":"IF(RAND()<(K307^quadratic_condition*L307-$T$21)*$T$22*(1+pref_attach_on*SUM($X$35:X317)),1,0)","v":0},284,{"$f":"IF(AND(SUM($X$35:X317)=0,X318=1),Y318,\"\")","v":""}]
[null,null,null,null,null,null,296,29.6,1.1740696235170645,0.81742899227715271,0.65301473401037302,1.3170446660715185,1.3004816318541192,0.97889500420498998,0.99919752746923474,0.33358488254295054,0.49300040889110458,0.87904375740795937,0,0,null,null,{"$f":"IF(RAND()<poisson_parameter*model!K319,1,0)","v":0},{"$f":"IF(RAND()<(K308^quadratic_condition*L308-$T$21)*$T$22*(1+pref_attach_on*SUM($X$35:X318)),1,0)","v":0},285,{"$f":"IF(AND(SUM($X$35:X318)=0,X319=1),Y319,\"\")","v":""}]
[null,null,null,null,null,null,297,29.7,1.1753774847425431,0.81742528961873551,0.65119953969573374,1.3170453001164193,1.3094285006081294,0.97766928830164046,1.0000213893395429,0.34143652520034412,0.5015221498065543,0.88137009249032561,0,0,null,null,{"$f":"IF(RAND()<poisson_parameter*model!K320,1,0)","v":0},{"$f":"IF(RAND()<(K309^quadratic_condition*L309-$T$21)*$T$22*(1+pref_attach_on*SUM($X$35:X319)),1,0)","v":0},286,{"$f":"IF(AND(SUM($X$35:X319)=0,X320=1),Y320,\"\")","v":""}]
[null,null,null,null,null,null,298,29.8,1.1767037239825302,0.81742173197880963,0.64936191546067423,1.3170458991691554,1.3184549516299942,0.97637768601006281,1.0007910139995388,0.3493582589516947,0.51000865018328467,0.88362367744990933,0,0,null,null,{"$f":"IF(RAND()<poisson_parameter*model!K321,1,0)","v":0},{"$f":"IF(RAND()<(K310^quadratic_condition*L310-$T$21)*$T$22*(1+pref_attach_on*SUM($X$35:X320)),1,0)","v":0},287,{"$f":"IF(AND(SUM($X$35:X320)=0,X321=1),Y321,\"\")","v":""}]
[null,null,null,null,null,null,299,29.9,1.1780481277676251,0.81741831374701335,0.64750198529201086,1.3170464651608729,1.3275562950067312,0.97502527457561916,1.0015098948375931,0.35734563725823359,0.51845411668867614,0.88580653844510737,0,0,null,null,{"$f":"IF(RAND()<poisson_parameter*model!K322,1,0)","v":0},{"$f":"IF(RAND()<(K311^quadratic_condition*L311-$T$21)*$T$22*(1+pref_attach_on*SUM($X$35:X321)),1,0)","v":0},288,{"$f":"IF(AND(SUM($X$35:X321)=0,X322=1),Y322,\"\")","v":""}]
[null,null,null,null,null,null,300,30,1.1794104441074336,0.81741502952611111,0.64561991108084182,1.3170469999161447,1.3367276314441521,0.97361697937244562,1.0021813102029491,0.36539405144443571,0.52685287505805389,0.88792067137928588,0,0,null,null,{"$f":"IF(RAND()<poisson_parameter*model!K323,1,0)","v":0},{"$f":"IF(RAND()<(K312^quadratic_condition*L312-$T$21)*$T$22*(1+pref_attach_on*SUM($X$35:X322)),1,0)","v":0},289,{"$f":"IF(AND(SUM($X$35:X322)=0,X323=1),Y323,\"\")","v":""}]
[null,null,null,null,null,null,301,30.1,1.1807903823545067,0.8174118741241212,0.64371589287049125,1.3170475051588522,1.3459638632674154,0.97215757574898598,1.0028083353450146,0.37349874045640591,0.53519938468453621,0.88996804030646481,0,0,null,null,{"$f":"IF(RAND()<poisson_parameter*model!K324,1,0)","v":0},{"$f":"IF(RAND()<(K313^quadratic_condition*L313-$T$21)*$T$22*(1+pref_attach_on*SUM($X$35:X323)),1,0)","v":0},290,{"$f":"IF(AND(SUM($X$35:X323)=0,X324=1),Y324,\"\")","v":""}]
[null,null,null,null,null,null,302,30.2,1.1821876131912286,0.8174088425467213,0.64179016897921448,1.3170479825177412,1.3552597063923471,0.97065169076784408,1.0033938538631944,0.38165480141227381,0.54348825241657961,0.89195057602279038,0,0,null,null,{"$f":"IF(RAND()<poisson_parameter*model!K325,1,0)","v":0},{"$f":"IF(RAND()<(K314^quadratic_condition*L314-$T$21)*$T$22*(1+pref_attach_on*SUM($X$35:X324)),1,0)","v":0},291,{"$f":"IF(AND(SUM($X$35:X324)=0,X325=1),Y325,\"\")","v":""}]
[null,null,null,null,null,null,303,30.3,1.1836017687439389,0.81740592998992279,0.63984301599469862,1.3170484335316723,1.3646097032189821,0.96910380484480796,1.0039405686622582,0.38985720089917808,0.55171424549601567,0.89387017483364417,0,0,null,null,{"$f":"IF(RAND()<poisson_parameter*model!K326,1,0)","v":0},{"$f":"IF(RAND()<(K315^quadratic_condition*L315-$T$21)*$T$22*(1+pref_attach_on*SUM($X$35:X325)),1,0)","v":0},292,{"$f":"IF(AND(SUM($X$35:X325)=0,X326=1),Y326,\"\")","v":""}]
[null,null,null,null,null,null,304,30.4,1.185032442827884,0.81740313183300495,0.6378747486381382,1.3170488596545809,1.3740082363906221,0.96751825329477448,1.0044510124129813,0.39810078696477907,0.55987230357773454,0.89572869748642703,0,0,null,null,{"$f":"IF(RAND()<poisson_parameter*model!K327,1,0)","v":0},{"$f":"IF(RAND()<(K316^quadratic_condition*L316-$T$21)*$T$22*(1+pref_attach_on*SUM($X$35:X326)),1,0)","v":0},293,{"$f":"IF(AND(SUM($X$35:X326)=0,X327=1),Y327,\"\")","v":""}]
[null,null,null,null,null,null,305,30.5,1.186479191325837,0.81740044363170072,0.63588571949644945,1.3170492622601637,1.3834495433539327,0.96589922779461335,1.0049275575217309,0.40638030174496409,0.56795754978089696,0.89752796825928005,0,0,null,null,{"$f":"IF(RAND()<poisson_parameter*model!K328,1,0)","v":0},{"$f":"IF(RAND()<(K317^quadratic_condition*L317-$T$21)*$T$22*(1+pref_attach_on*SUM($X$35:X327)),1,0)","v":0},294,{"$f":"IF(AND(SUM($X$35:X327)=0,X328=1),Y328,\"\")","v":""}]
[null,null,null,null,null,null,306,30.6,1.187941532702427,0.81739786111162549,0.63387631862200355,1.3170496426463072,1.3929277316483111,0.9642507777747964,1.0053724256159275,0.41469039466359398,0.5759653007305352,0.89926977419626086,0,0,null,null,{"$f":"IF(RAND()<poisson_parameter*model!K329,1,0)","v":0},{"$f":"IF(RAND()<(K318^quadratic_condition*L318-$T$21)*$T$22*(1+pref_attach_on*SUM($X$35:X328)),1,0)","v":0},295,{"$f":"IF(AND(SUM($X$35:X328)=0,X329=1),Y329,\"\")","v":""}]
[null,null,null,null,null,null,307,30.7,1.1894189486553752,0.81739538016194091,0.63184697300009851,1.3170500020392704,1.4024367948460563,0.96257681175292775,1.005787696554939,0.4230256361348595,0.58389107555750364,0.90095586447977138,0,0,null,null,{"$f":"IF(RAND()<poisson_parameter*model!K330,1,0)","v":0},{"$f":"IF(RAND()<(K319^quadratic_condition*L319-$T$21)*$T$22*(1+pref_attach_on*SUM($X$35:X329)),1,0)","v":0},296,{"$f":"IF(AND(SUM($X$35:X329)=0,X330=1),Y330,\"\")","v":""}]
[null,null,null,null,null,null,308,30.8,1.19091088490395,0.81739299682924593,0.62979814588524463,1.3170503415976382,1.4119706290588578,0.96088109862317805,1.0061753169780843,0.43138053169414947,0.59173060383385234,0.90258794993133418,0,0,null,null,{"$f":"IF(RAND()<poisson_parameter*model!K331,1,0)","v":0},{"$f":"IF(RAND()<(K320^quadratic_condition*L320-$T$21)*$T$22*(1+pref_attach_on*SUM($X$35:X330)),1,0)","v":0},297,{"$f":"IF(AND(SUM($X$35:X330)=0,X331=1),Y331,\"\")","v":""}]
[null,null,null,null,null,null,309,30.9,1.192416752114047,0.81739070731168773,0.62773033600819916,1.3170506624160563,1.421523049920862,0.95916726891610682,1.006537108403075,0.43974953647934534,0.59947983242970038,0.90416770263212931,0,0,null,null,{"$f":"IF(RAND()<poisson_parameter*model!K332,1,0)","v":0},{"$f":"IF(RAND()<(K321^quadratic_condition*L321-$T$21)*$T$22*(1+pref_attach_on*SUM($X$35:X331)),1,0)","v":0},298,{"$f":"IF(AND(SUM($X$35:X331)=0,X332=1),Y332,\"\")","v":""}]
[null,null,null,null,null,null,310,31,1.193935926958374,0.81738850795328444,0.62564407665654131,1.3170509655287586,1.4310878099541662,0.95743881604348124,1.0068747748894831,0.44812706998120488,0.60713493128647689,0.90569675565502705,0,0,null,null,{"$f":"IF(RAND()<poisson_parameter*model!K333,1,0)","v":0},{"$f":"IF(RAND()<(K322^quadratic_condition*L322-$T$21)*$T$22*(1+pref_attach_on*SUM($X$35:X332)),1,0)","v":0},299,{"$f":"IF(AND(SUM($X$35:X332)=0,X333=1),Y333,\"\")","v":""}]
[null,null,null,null,null,null,311,31.1,1.1954677533092823,0.81738639523845336,0.62353993463242352,1.3170512519129023,1.440658616219078,0.95569909754251925,1.0071899102827522,0.45650753097903135,0.61469229810987869,0.90717670290018915,0,0,null,null,{"$f":"IF(RAND()<poisson_parameter*model!K334,1,0)","v":0},{"$f":"IF(RAND()<(K323^quadratic_condition*L323-$T$21)*$T$22*(1+pref_attach_on*SUM($X$35:X333)),1,0)","v":0},300,{"$f":"IF(AND(SUM($X$35:X333)=0,X334=1),Y334,\"\")","v":""}]
[null,null,null,null,null,null,312,31.2,1.1970115435608486,0.81738436578673668,0.62141850909195451,1.3170515224917172,1.4502291481489158,0.95395133633353602,1.0074840050549063,0.46488531257617327,0.6221485619939694,0.90860909902664533,0,0,null,null,{"$f":"IF(RAND()<poisson_parameter*model!K335,1,0)","v":0},{"$f":"IF(RAND()<(K324^quadratic_condition*L324-$T$21)*$T$22*(1+pref_attach_on*SUM($X$35:X334)),1,0)","v":0},301,{"$f":"IF(AND(SUM($X$35:X334)=0,X335=1),Y335,\"\")","v":""}]
[null,null,null,null,null,null,313,31.3,1.1985665800758933,0.81738241634771935,0.61928043027145907,1.317051778137482,1.4597930754675563,0.9521986220042955,1.0077584527585084,0.4732548172490938,0.62950058599544667,0.90999545947259308,0,0,null,null,{"$f":"IF(RAND()<poisson_parameter*model!K336,1,0)","v":0},{"$f":"IF(RAND()<(K325^quadratic_condition*L325-$T$21)*$T$22*(1+pref_attach_on*SUM($X$35:X335)),1,0)","v":0},302,{"$f":"IF(AND(SUM($X$35:X335)=0,X336=1),Y336,\"\")","v":""}]
[null,null,null,null,null,null,314,31.4,1.2001321167527079,0.81738054379613079,0.61712635810660688,1.3170520196743354,1.4693440760873659,0.95044391213350299,1.0080145561106124,0.4816104718237908,0.63674546868415605,0.91133726055750719,0,0,null,null,{"$f":"IF(RAND()<poisson_parameter*model!K337,1,0)","v":0},{"$f":"IF(RAND()<(K326^quadratic_condition*L326-$T$21)*$T$22*(1+pref_attach_on*SUM($X$35:X336)),1,0)","v":0},303,{"$f":"IF(AND(SUM($X$35:X336)=0,X337=1),Y337,\"\")","v":""}]
[null,null,null,null,null,null,315,31.5,1.2017073807053964,0.81737874512712605,0.61495698075110095,1.3170522478809339,1.4788758538855953,0.94869003366485249,1.0082535327234805,0.48994674229424195,0.6438805447023821,0.91263593965947865,0,0,null,null,{"$f":"IF(RAND()<poisson_parameter*model!K338,1,0)","v":0},{"$f":"IF(RAND()<(K327^quadratic_condition*L327-$T$21)*$T$22*(1+pref_attach_on*SUM($X$35:X337)),1,0)","v":0},304,{"$f":"IF(AND(SUM($X$35:X337)=0,X338=1),Y338,\"\")","v":""}]
[null,null,null,null,null,null,316,31.6,1.2032915740509036,0.8173770174517383,0.6127730130022595,1.317052463492961,1.4883821562587662,0.94693968434190279,1.0084765204987136,0.4982581483992749,0.65090338437125539,0.91389289546153463,0,0,null,null,{"$f":"IF(RAND()<poisson_parameter*model!K339,1,0)","v":0},{"$f":"IF(RAND()<(K328^quadratic_condition*L328-$T$21)*$T$22*(1+pref_attach_on*SUM($X$35:X338)),1,0)","v":0},305,{"$f":"IF(AND(SUM($X$35:X338)=0,X339=1),Y339,\"\")","v":""}]
[null,null,null,null,null,null,317,31.7,1.2048838757950149,0.8173753579924985,0.6105751946414012,1.317052667205499,1.4978567913569965,0.94519543421282537,1.008684582701217,0.50653927787679354,0.65781179238774834,0.91510948826101424,0,0,null,null,{"$f":"IF(RAND()<poisson_parameter*model!K340,1,0)","v":0},{"$f":"IF(RAND()<(K329^quadratic_condition*L329-$T$21)*$T$22*(1+pref_attach_on*SUM($X$35:X339)),1,0)","v":0},306,{"$f":"IF(AND(SUM($X$35:X339)=0,X340=1),Y340,\"\")","v":""}]
[null,null,null,null,null,null,318,31.8,1.2064834438088929,0.81737376407921514,0.60836428869745329,1.3170528596752697,1.5072936449035697,0.94345972721277804,1.0088787127290944,0.514784800317588,0.66460380566016974,0.91628704033638952,0,0,null,null,{"$f":"IF(RAND()<poisson_parameter*model!K341,1,0)","v":0},{"$f":"IF(RAND()<(K330^quadratic_condition*L330-$T$21)*$T$22*(1+pref_attach_on*SUM($X$35:X340)),1,0)","v":0},307,{"$f":"IF(AND(SUM($X$35:X340)=0,X341=1),Y341,\"\")","v":""}]
[null,null,null,null,null,null,319,31.9,1.2080894168870577,0.81737223314490903,0.60614107964263553,1.3170530415227515,1.5166866965092971,0.94173488283033313,1.0090598385951675,0.52298948054496852,0.67127769033380791,0.91742683636622935,0,0,null,null,{"$f":"IF(RAND()<poisson_parameter*model!K342,1,0)","v":0},{"$f":"IF(RAND()<(K331^quadratic_condition*L331-$T$21)*$T$22*(1+pref_attach_on*SUM($X$35:X341)),1,0)","v":0},308,{"$f":"IF(AND(SUM($X$35:X341)=0,X342=1),Y342,\"\")","v":""}]
[null,null,null,null,null,null,320,32,1.2097009168771302,0.81737076272189779,0.60390637152942639,1.3170532133341792,1.5260300353962808,0.94002309786305593,1.0092288271353609,0.53114819145112879,0.6778319380614074,0.9185301238953002,0,0,null,null,{"$f":"IF(RAND()<poisson_parameter*model!K343,1,0)","v":0},{"$f":"IF(RAND()<(K332^quadratic_condition*L332-$T$21)*$T$22*(1+pref_attach_on*SUM($X$35:X342)),1,0)","v":0},309,{"$f":"IF(AND(SUM($X$35:X342)=0,X343=1),Y343,\"\")","v":""}]
[null,null,null,null,null,null,321,32.1,1.2113170508711619,0.81736935043802461,0.60166098607829255,1.3170533756634344,1.5353178754514871,0.93832644826600686,1.0093864879586909,0.53925592622639673,0.6842652615755177,0.91959811384308521,0,0,null,null,{"$f":"IF(RAND()<poisson_parameter*model!K344,1,0)","v":0},{"$f":"IF(RAND()<(K333^quadratic_condition*L333-$T$21)*$T$22*(1+pref_attach_on*SUM($X$35:X343)),1,0)","v":0},310,{"$f":"IF(AND(SUM($X$35:X343)=0,X344=1),Y344,\"\")","v":""}]
[null,null,null,null,null,null,322,32.200000000000003,1.2129369134479504,0.81736799401302607,0.59940576072585139,1.3170535290338303,1.5445445695370021,0.93664689109564792,1.0095335771530694,0.54730780992328987,0.69057658962143442,0.92063198105027877,0,0,null,null,{"$f":"IF(RAND()<poisson_parameter*model!K345,1,0)","v":0},{"$f":"IF(RAND()<(K334^quadratic_condition*L334-$T$21)*$T$22*(1+pref_attach_on*SUM($X$35:X344)),1,0)","v":0},311,{"$f":"IF(AND(SUM($X$35:X344)=0,X345=1),Y345,\"\")","v":""}]
[null,null,null,null,null,null,323,32.299999999999997,1.2145595889554155,0.81736669125503458,0.59714154664324182,1.3170536739397996,1.5537046229908618,0.93498626655038564,1.0096708007605772,0.55529911030348333,0.69676506131050053,0.92163286485907936,0,{"$f":"S346-S345","v":0},null,null,{"$f":"IF(RAND()<poisson_parameter*model!K346,1,0)","v":0},{"$f":"IF(RAND()<(K335^quadratic_condition*L335-$T$21)*$T$22*(1+pref_attach_on*SUM($X$35:X345)),1,0)","v":0},312,{"$f":"IF(AND(SUM($X$35:X345)=0,X346=1),Y346,\"\")","v":""}]
[null,null,null,null,null,null,324,32.4,1.2161841538218747,0.81736544005721024,0.59486920673450183,1.3170538108484875,1.5627927062598392,0.93334630010779662,1.0097988180352979,0.56322524792232598,0.70283001995397809,0.92260186972335678,0,0,null,null,{"$f":"IF(RAND()<poisson_parameter*model!K347,1,0)","v":0},{"$f":"IF(RAND()<(K336^quadratic_condition*L336-$T$21)*$T$22*(1+pref_attach_on*SUM($X$35:X346)),1,0)","v":0},313,{"$f":"IF(AND(SUM($X$35:X346)=0,X347=1),Y347,\"\")","v":""}]
[null,null,null,null,null,null,325,32.5,1.2178096788849178,0.81736423839449768,0.59258961362469043,1.3170539402012582,1.571803666613423,0.93172860475746166,1.0099182444962276,0.57108180541232445,0.70877100643757951,0.92354006584501358,0,0,null,null,{"$f":"IF(RAND()<poisson_parameter*model!K348,1,0)","v":0},{"$f":"IF(RAND()<(K337^quadratic_condition*L337-$T$21)*$T$22*(1+pref_attach_on*SUM($X$35:X347)),1,0)","v":0},314,{"$f":"IF(AND(SUM($X$35:X347)=0,X348=1),Y348,\"\")","v":""}]
[null,null,null,null,null,null,326,32.6,1.2194352317265316,0.81736308432050375,0.59030364764735277,1.3170540624151172,1.580732538896326,0.93013468332729776,1.0100296547872076,0.57886453593396414,0.71458775219611004,0.92444848983309158,0,0,null,null,{"$f":"IF(RAND()<poisson_parameter*model!K349,1,0)","v":0},{"$f":"IF(RAND()<(K338^quadratic_condition*L338-$T$21)*$T$22*(1+pref_attach_on*SUM($X$35:X348)),1,0)","v":0},315,{"$f":"IF(AND(SUM($X$35:X348)=0,X349=1),Y349,\"\")","v":""}]
[null,null,null,null,null,null,327,32.700000000000003,1.221059879003181,0.81736197596449078,0.58801219484071432,1.3170541778840563,1.5895745552851337,0.92856593090032225,1.010133585355256,0.58656937076926063,0.72028017184656157,0.92532814538239494,0,0,null,null,{"$f":"IF(RAND()<poisson_parameter*model!K350,1,0)","v":0},{"$f":"IF(RAND()<(K339^quadratic_condition*L339-$T$21)*$T$22*(1+pref_attach_on*SUM($X$35:X349)),1,0)","v":0},316,{"$f":"IF(AND(SUM($X$35:X349)=0,X350=1),Y350,\"\")","v":""}]
[null,null,null,null,null,null,328,32.799999999999997,1.2226826887596871,0.81736091152848267,0.58571614496170166,1.317054286980323,1.5983251540230057,0.92702363731792281,1.0102305369581146,0.59419242604045142,0.72584835553646632,0.92618000396861189,0,0,null,null,{"$f":"IF(RAND()<poisson_parameter*model!K351,1,0)","v":0},{"$f":"IF(RAND()<(K340^quadratic_condition*L340-$T$21)*$T$22*(1+pref_attach_on*SUM($X$35:X350)),1,0)","v":0},317,{"$f":"IF(AND(SUM($X$35:X350)=0,X351=1),Y351,\"\")","v":""}]
[null,null,null,null,null,null,329,32.9,1.2243027327159803,0.81735988928447867,0.5834163895265374,1.3170543900556209,1.6069799871146171,0.92550898976493612,1.0103209770112822,0.60173000854316649,0.73129256106241647,0.92700500555711585,0,0,null,null,{"$f":"IF(RAND()<poisson_parameter*model!K352,1,0)","v":0},{"$f":"IF(RAND()<(K341^quadratic_condition*L341-$T$21)*$T$22*(1+pref_attach_on*SUM($X$35:X351)),1,0)","v":0},318,{"$f":"IF(AND(SUM($X$35:X351)=0,X352=1),Y352,\"\")","v":""}]
[null,null,null,null,null,null,330,33,1.2259190885161229,0.81735890757177132,0.58111381988624433,1.3170544874422434,1.6155349269716441,0.92402307543116557,1.0104053417842678,0.60917862069017192,0.73661320581143253,0.92780405932281751,0,0,null,null,{"$f":"IF(RAND()<poisson_parameter*model!K353,1,0)","v":0},{"$f":"IF(RAND()<(K342^quadratic_condition*L342-$T$21)*$T$22*(1+pref_attach_on*SUM($X$35:X352)),1,0)","v":0},319,{"$f":"IF(AND(SUM($X$35:X352)=0,X353=1),Y353,\"\")","v":""}]
[null,null,null,null,null,null,331,33.1,1.22753084192939,0.81735796479436507,0.57880932534492846,1.3170545794541451,1.6239860720069905,0.92256688424338862,1.0104840384552813,0.61653496456830592,0.74181085857537121,0.92857804437861724,0,0,null,null,{"$f":"IF(RAND()<poisson_parameter*model!K354,1,0)","v":0},{"$f":"IF(RAND()<(K343^quadratic_condition*L343-$T$21)*$T$22*(1+pref_attach_on*SUM($X$35:X353)),1,0)","v":0},320,{"$f":"IF(AND(SUM($X$35:X353)=0,X354=1),Y354,\"\")","v":""}]
[null,null,null,null,null,null,332,33.200000000000003,1.2291370889936784,0.81735705941849135,0.57650379132819729,1.3170546663879532,1.6323297511835346,0.92114131166141811,1.0105574470330794,0.62379594511744285,0.74688623128584997,0.92932781051017865,0,0,null,null,{"$f":"IF(RAND()<poisson_parameter*model!K355,1,0)","v":0},{"$f":"IF(RAND()<(K344^quadratic_condition*L344-$T$21)*$T$22*(1+pref_attach_on*SUM($X$35:X354)),1,0)","v":0},321,{"$f":"IF(AND(SUM($X$35:X354)=0,X355=1),Y355,\"\")","v":""}]
[null,null,null,null,null,null,333,33.299999999999997,1.2307369380920452,0.81735618997021742,0.57419809760851948,1.317054748523925,1.6405625275303746,0.91974716153138891,1.0106259221541987,0.6309586724461822,0.75184017071427844,0.93005417891490616,0,0,null,null,{"$f":"IF(RAND()<poisson_parameter*model!K356,1,0)","v":0},{"$f":"IF(RAND()<(K345^quadratic_condition*L345-$T$21)*$T$22*(1+pref_attach_on*SUM($X$35:X355)),1,0)","v":0},322,{"$f":"IF(AND(SUM($X$35:X355)=0,X356=1),Y356,\"\")","v":""}]
[null,null,null,null,null,null,334,33.4,1.2323295119537918,0.81735535503314471,0.57189311659374353,1.3170548261268502,1.6486812006462992,0.91838514898913193,1.01068979476335,0.63802046330441531,0.75667365017857224,0.9307579429431605,0,0,null,null,{"$f":"IF(RAND()<poisson_parameter*model!K357,1,0)","v":0},{"$f":"IF(RAND()<(K346^quadratic_condition*L346-$T$21)*$T$22*(1+pref_attach_on*SUM($X$35:X356)),1,0)","v":0},323,{"$f":"IF(AND(SUM($X$35:X356)=0,X357=1),Y357,\"\")","v":""}]
[null,null,null,null,null,null,335,33.5,1.2339139495721536,0.8173545532461941,0.56958971168438766,1.3170548994469051,1.6566828082164715,0.91705590340627696,1.0107493736842996,0.64497884173792797,0.76138776129502084,0.93143986883989238,0,0,null,null,{"$f":"IF(RAND()<poisson_parameter*model!K358,1,0)","v":0},{"$f":"IF(RAND()<(K347^quadratic_condition*L347-$T$21)*$T$22*(1+pref_attach_on*SUM($X$35:X357)),1,0)","v":0},324,{"$f":"IF(AND(SUM($X$35:X357)=0,X358=1),Y358,\"\")","v":""}]
[null,null,null,null,null,null,336,33.6,1.2354894080313681,0.81735378330147457,0.56728873570468141,1.3170549687204591,1.6645646265740184,0.91575997137157972,1.0108049470881413,0.65183153895472745,0.76598370581063213,0.93210069648501115,0,0,null,null,{"$f":"IF(RAND()<poisson_parameter*model!K359,1,0)","v":0},{"$f":"IF(RAND()<(K348^quadratic_condition*L348-$T$21)*$T$22*(1+pref_attach_on*SUM($X$35:X358)),1,0)","v":0},325,{"$f":"IF(AND(SUM($X$35:X358)=0,X359=1),Y359,\"\")","v":""}]
[null,null,null,null,null,null,337,33.700000000000003,1.2370550642366263,0.8173530439422324,0.56499102941170232,1.3170550341708362,1.6723241703433631,0.91449781969989785,1.0108567838654601,0.65857649243681193,0.77046278754811115,0.93274114013093423,0,0,null,null,{"$f":"IF(RAND()<poisson_parameter*model!K360,1,0)","v":0},{"$f":"IF(RAND()<(K349^quadratic_condition*L349-$T$21)*$T$22*(1+pref_attach_on*SUM($X$35:X359)),1,0)","v":0},326,{"$f":"IF(AND(SUM($X$35:X359)=0,X360=1),Y360,\"\")","v":""}]
[null,null,null,null,null,null,338,33.799999999999997,1.2386101165411816,0.8173523339608777,0.56269742008630852,1.3170550960090355,1.6799591912066731,0.91326983846123833,1.0109051349085003,0.66521184433461189,0.77482640449248752,0.9333618891358878,0,0,null,null,{"$f":"IF(RAND()<poisson_parameter*model!K361,1,0)","v":0},{"$f":"IF(RAND()<(K350^quadratic_condition*L350-$T$21)*$T$22*(1+pref_attach_on*SUM($X$35:X360)),1,0)","v":0},327,{"$f":"IF(AND(SUM($X$35:X360)=0,X361=1),Y361,\"\")","v":""}]
[null,null,null,null,null,null,339,33.9,1.2401537862656777,0.81735165219708583,0.56040872020892685,1.3170551544344113,1.6874676758387237,0.91207634402235849,1.0109502343090888,0.6717359391843255,0.77907604104531036,0.93396360869164419,0,0,null,null,{"$f":"IF(RAND()<poisson_parameter*model!K362,1,0)","v":0},{"$f":"IF(RAND()<(K351^quadratic_condition*L351-$T$21)*$T$22*(1+pref_attach_on*SUM($X$35:X361)),1,0)","v":0},328,{"$f":"IF(AND(SUM($X$35:X361)=0,X362=1),Y362,\"\")","v":""}]
[null,null,null,null,null,null,340,34,1.241685319105557,0.81735099753597062,0.55812572622262435,1.3170552096353156,1.6948478430587897,0.9109175820935187,1.0109923004777144,0.67814732099083586,0.7832132604693044,0.93454694054449117,0,0,null,null,{"$f":"IF(RAND()<poisson_parameter*model!K363,1,0)","v":0},{"$f":"IF(RAND()<(K352^quadratic_condition*L352-$T$21)*$T$22*(1+pref_attach_on*SUM($X$35:X362)),1,0)","v":0},329,{"$f":"IF(AND(SUM($X$35:X362)=0,X363=1),Y363,\"\")","v":""}]
[null,null,null,null,null,null,341,34.1,1.2432039864232105,0.81735036890632695,0.55584921738527471,1.3170552617897053,1.702098140250873,0.90979373077315062,1.0110315371888363,0.68444472972085579,0.78723969754345191,0.93511250370833499,0,0,null,null,{"$f":"IF(RAND()<poisson_parameter*model!K364,1,0)","v":0},{"$f":"IF(RAND()<(K353^quadratic_condition*L353-$T$21)*$T$22*(1+pref_attach_on*SUM($X$35:X363)),1,0)","v":0},330,{"$f":"IF(AND(SUM($X$35:X363)=0,X364=1),Y364,\"\")","v":""}]
[null,null,null,null,null,null,342,34.200000000000003,1.2447090864223331,0.8173497652789401,0.5535799547120307,1.3170553110657159,1.7092172391056732,0.90870490358341705,1.0110681345571855,0.6906270972523969,0.79115705144564885,0.93566089516893591,0,0,null,null,{"$f":"IF(RAND()<poisson_parameter*model!K365,1,0)","v":0},{"$f":"IF(RAND()<(K354^quadratic_condition*L354-$T$21)*$T$22*(1+pref_attach_on*SUM($X$35:X364)),1,0)","v":0},331,{"$f":"IF(AND(SUM($X$35:X364)=0,X365=1),Y365,\"\")","v":""}]
[null,null,null,null,null,null,343,34.299999999999997,1.2461999452027308,0.81734918566495907,0.55131868000873996,1.3170553576222039,1.7162040307392146,0.90765115248988859,1.011102269949524,0.69669354282763207,0.79496707887739171,0.93619269057836907,0,0,null,null,{"$f":"IF(RAND()<poisson_parameter*model!K366,1,0)","v":0},{"$f":"IF(RAND()<(K355^quadratic_condition*L355-$T$21)*$T$22*(1+pref_attach_on*SUM($X$35:X365)),1,0)","v":0},332,{"$f":"IF(AND(SUM($X$35:X365)=0,X366=1),Y366,\"\")","v":""}]
[null,null,null,null,null,null,344,34.4,1.2476759176945966,0.81734862911433215,0.54906611499639413,1.3170554016092584,1.7230576202440067,0.90663247089884602,1.0111341088360555,0.70264336805673555,0.79867158744240041,0.93670844493889271,0,0,null,null,{"$f":"IF(RAND()<poisson_parameter*model!K367,1,0)","v":0},{"$f":"IF(RAND()<(K356^quadratic_condition*L356-$T$21)*$T$22*(1+pref_attach_on*SUM($X$35:X366)),1,0)","v":0},333,{"$f":"IF(AND(SUM($X$35:X366)=0,X367=1),Y367,\"\")","v":""}]
[null,null,null,null,null,null,345,34.5,1.2491363884720161,0.81734809471430203,0.54682296052618551,1.3170554431686852,1.7297773207290312,0.90564879662602726,1.0111638055854135,0.70847605152036774,0.80227242928867981,0.9372086932754905,0,0,null,null,{"$f":"IF(RAND()<poisson_parameter*model!K368,1,0)","v":0},{"$f":"IF(RAND()<(K357^quadratic_condition*L357-$T$21)*$T$22*(1+pref_attach_on*SUM($X$35:X367)),1,0)","v":0},334,{"$f":"IF(AND(SUM($X$35:X367)=0,X368=1),Y368,\"\")","v":""}]
[null,null,null,null,null,null,346,34.6,1.2505807724461762,0.81734758158795828,0.54458989588426099,1.317055482434464,1.7363626469047873,0.90470001483097262,1.0111915042069095,0.71419124301815717,0.80577149502127166,0.93769395129643229,0,0,null,null,{"$f":"IF(RAND()<poisson_parameter*model!K369,1,0)","v":0},{"$f":"IF(RAND()<(K358^quadratic_condition*L358-$T$21)*$T$22*(1+pref_attach_on*SUM($X$35:X368)),1,0)","v":0},335,{"$f":"IF(AND(SUM($X$35:X368)=0,X369=1),Y369,\"\")","v":""}]
[null,null,null,null,null,null,347,34.700000000000003,1.252008515439426,0.8173470888928448,0.54236757818481862,1.3170555195331803,1.7428133082690935,0.90378596091147401,1.0112173390434875,0.71978875750985227,0.80917070789085754,0.93816471604127571,0,0,null,null,{"$f":"IF(RAND()<poisson_parameter*model!K370,1,0)","v":0},{"$f":"IF(RAND()<(K359^quadratic_condition*L359-$T$21)*$T$22*(1+pref_attach_on*SUM($X$35:X369)),1,0)","v":0},336,{"$f":"IF(AND(SUM($X$35:X369)=0,X370=1),Y370,\"\")","v":""}]
[null,null,null,null,null,null,348,34.799999999999997,1.2534190946419834,0.81734661581962098,0.54015664184978107,1.3170555545844331,1.7491292019484097,0.90290642335299864,1.011241435418619,0.7252685687948035,0.81247201826144377,0.93862146651580025,0,0,null,null,{"$f":"IF(RAND()<poisson_parameter*model!K371,1,0)","v":0},{"$f":"IF(RAND()<(K360^quadratic_condition*L360-$T$21)*$T$22*(1+pref_attach_on*SUM($X$35:X370)),1,0)","v":0},337,{"$f":"IF(AND(SUM($X$35:X370)=0,X371=1),Y371,\"\")","v":""}]
[null,null,null,null,null,null,349,34.9,1.254812018953666,0.81734616159077367,0.5379576981729095,1.3170555877012211,1.7553104052481148,0.90206114652833291,1.0112639102401573,0.73063080297413252,0.81567739835858488,0.93906466431343438,0,0,null,null,{"$f":"IF(RAND()<poisson_parameter*model!K372,1,0)","v":0},{"$f":"IF(RAND()<(K361^quadratic_condition*L361-$T$21)*$T$22*(1+pref_attach_on*SUM($X$35:X371)),1,0)","v":0},338,{"$f":"IF(AND(SUM($X$35:X371)=0,X372=1),Y372,\"\")","v":""}]
[null,null,null,null,null,null,350,35,1.2561868292135823,0.81734572545937867,0.53577133496589047,1.3170556189903067,1.7613571679635338,0.90124983344307263,1.0112848725639854,0.73587573173838072,0.81878883729799323,0.93949475422279916,0,0,null,null,{"$f":"IF(RAND()<poisson_parameter*model!K373,1,0)","v":0},{"$f":"IF(RAND()<(K362^quadratic_condition*L362-$T$21)*$T$22*(1+pref_attach_on*SUM($X$35:X372)),1,0)","v":0},339,{"$f":"IF(AND(SUM($X$35:X372)=0,X373=1),Y373,\"\")","v":""}]
[null,null,null,null,null,null,351,35.1,1.2575430983212124,0.8173453067079095,0.5335981162836344,1.3170556485525597,1.7672699045015636,0.90047214842297052,1.0113044241201037,0.74100376552164804,0.82180833639292106,0.939912164821053,0,0,null,null,{"$f":"IF(RAND()<poisson_parameter*model!K374,1,0)","v":0},{"$f":"IF(RAND()<(K363^quadratic_condition*L363-$T$21)*$T$22*(1+pref_attach_on*SUM($X$35:X373)),1,0)","v":0},340,{"$f":"IF(AND(SUM($X$35:X373)=0,X374=1),Y374,\"\")","v":""}]
[null,null,null,null,null,null,352,35.200000000000003,1.2588804312527604,0.8173449046470922,0.53143858222577101,1.3170556764832835,1.7730491858605615,0.89972771973953036,1.011322659803636,0.74601544656126184,0.82473790473739739,0.94031730905277855,0,0,null,null,{"$f":"IF(RAND()<poisson_parameter*model!K375,1,0)","v":0},{"$f":"IF(RAND()<(K364^quadratic_condition*L364-$T$21)*$T$22*(1+pref_attach_on*SUM($X$35:X374)),1,0)","v":0},341,{"$f":"IF(AND(SUM($X$35:X374)=0,X375=1),Y375,\"\")","v":""}]
[null,null,null,null,null,null,353,35.299999999999997,1.2601984649770559,0.81734451861480373,0.52929324881111006,1.3170557028725214,1.7786957315137693,0.8990161421706192,1.0113396681330726,0.75091144189989723,0.82757955506123893,0.940710584794206,0,0,null,null,{"$f":"IF(RAND()<poisson_parameter*model!K376,1,0)","v":0},{"$f":"IF(RAND()<(K365^quadratic_condition*L365-$T$21)*$T$22*(1+pref_attach_on*SUM($X$35:X375)),1,0)","v":0},342,{"$f":"IF(AND(SUM($X$35:X375)=0,X376=1),Y376,\"\")","v":""}]
[null,null,null,null,null,null,354,35.4,1.2614968682756298,0.81734414797501287,0.52716260792165759,1.3170557278053472,1.7842104012389932,0.89833697949323998,1.011355531677915,0.75569253636483269,0.83033529985173415,0.94109237540261859,0,0,null,null,{"$f":"IF(RAND()<poisson_parameter*model!K377,1,0)","v":0},{"$f":"IF(RAND()<(K366^quadratic_condition*L366-$T$21)*$T$22*(1+pref_attach_on*SUM($X$35:X376)),1,0)","v":0},343,{"$f":"IF(AND(SUM($X$35:X376)=0,X377=1),Y377,\"\")","v":""}]
[null,null,null,null,null,null,355,35.5,1.2627753414718867,0.81734379211676167,0.5250471273126337,1.3170557513621399,1.7895941869345748,0.89768976690597013,1.0113703274577521,0.76035962555670289,0.83300714773600837,0.94146305025083199,0,0,null,null,{"$f":"IF(RAND()<poisson_parameter*model!K378,1,0)","v":0},{"$f":"IF(RAND()<(K367^quadratic_condition*L367-$T$21)*$T$22*(1+pref_attach_on*SUM($X$35:X377)),1,0)","v":0},344,{"$f":"IF(AND(SUM($X$35:X377)=0,X378=1),Y378,\"\")","v":""}]
[null,null,null,null,null,null,356,35.6,1.2640336160745351,0.81734345045318657,0.52294725068482784,1.3170557736188422,1.7948482044589205,0.89707401337892867,1.0113841273146602,0.76491370887773069,0.83559710011731592,0.94182296524668496,0,0,null,null,{"$f":"IF(RAND()<poisson_parameter*model!K379,1,0)","v":0},{"$f":"IF(RAND()<(K368^quadratic_condition*L368-$T$21)*$T$22*(1+pref_attach_on*SUM($X$35:X378)),1,0)","v":0},345,{"$f":"IF(AND(SUM($X$35:X378)=0,X379=1),Y379,\"\")","v":""}]
[null,null,null,null,null,null,357,35.700000000000003,1.2652714543406385,0.81734312242057672,0.52086339781555058,1.3170557946472055,1.7999736855280282,0.89648920392947384,1.0113969982606976,0.76935588262701093,0.8381071480578578,0.94217246333751958,0,0,null,null,{"$f":"IF(RAND()<poisson_parameter*model!K380,1,0)","v":0},{"$f":"IF(RAND()<(K369^quadratic_condition*L369-$T$21)*$T$22*(1+pref_attach_on*SUM($X$35:X379)),1,0)","v":0},346,{"$f":"IF(AND(SUM($X$35:X379)=0,X380=1),Y380,\"\")","v":""}]
[null,null,null,null,null,null,358,35.799999999999997,1.2664886487637907,0.81734280747746879,0.51879596474439271,1.3170558145150211,1.8049719697026008,0.89593480182216545,1.011409002802149,0.77368733318800786,0.84053926940018675,0.94251187499966727,0,0,null,null,{"$f":"IF(RAND()<poisson_parameter*model!K381,1,0)","v":0},{"$f":"IF(RAND()<(K370^quadratic_condition*L370-$T$21)*$T$22*(1+pref_attach_on*SUM($X$35:X380)),1,0)","v":0},347,{"$f":"IF(AND(SUM($X$35:X380)=0,X381=1),Y381,\"\")","v":""}]
[null,null,null,null,null,null,359,35.9,1.2676850214930266,0.81734250510377671,0.51674532400998419,1.3170558332863396,1.8098444964934848,0.89541025069184055,1.0114201992420662,0.77790933033102938,0.84289542611882806,0.94284151871299482,0,0,null,null,{"$f":"IF(RAND()<poisson_parameter*model!K382,1,0)","v":0},{"$f":"IF(RAND()<(K371^quadratic_condition*L371-$T$21)*$T$22*(1+pref_attach_on*SUM($X$35:X381)),1,0)","v":0},348,{"$f":"IF(AND(SUM($X$35:X381)=0,X382=1),Y382,\"\")","v":""}]
[null,null,null,null,null,null,360,36,1.2688604236881302,0.81734221479995517,0.51471182493394918,1.3170558510216759,1.8145927976113547,0.89491497658895269,1.0114306419625492,0.78202322065108654,0.84517756189340298,0.94316170142059585,0,0,null,null,{"$f":"IF(RAND()<poisson_parameter*model!K383,1,0)","v":0},{"$f":"IF(RAND()<(K372^quadratic_condition*L372-$T$21)*$T$22*(1+pref_attach_on*SUM($X$35:X382)),1,0)","v":0},349,{"$f":"IF(AND(SUM($X$35:X382)=0,X383=1),Y383,\"\")","v":""}]
[null,null,null,null,null,null,361,36.1,1.2700147348170241,0.8173419360861951,0.51269579394828624,1.3170558677782056,1.8192184893837975,0.89444838994661102,1.0114403816881172,0.78603042115924271,0.84738759989428747,0.94347271897374529,0,0,null,null,{"$f":"IF(RAND()<poisson_parameter*model!K384,1,0)","v":0},{"$f":"IF(RAND()<(K373^quadratic_condition*L373-$T$21)*$T$22*(1+pref_attach_on*SUM($X$35:X383)),1,0)","v":0},350,{"$f":"IF(AND(SUM($X$35:X383)=0,X384=1),Y384,\"\")","v":""}]
[null,null,null,null,null,null,362,36.200000000000003,1.2711478619009011,0.81734166850165069,0.51069753496245152,1.3170558836099486,1.8237232653602522,0.89400988746902299,1.0114494657314306,0.78993241304332507,0.84952744077166398,0.94377485656226301,0,0,null,null,{"$f":"IF(RAND()<poisson_parameter*model!K385,1,0)","v":0},{"$f":"IF(RAND()<(K374^quadratic_condition*L374-$T$21)*$T$22*(1+pref_attach_on*SUM($X$35:X384)),1,0)","v":0},351,{"$f":"IF(AND(SUM($X$35:X384)=0,X385=1),Y385,\"\")","v":""}]
[null,null,null,null,null,null,363,36.299999999999997,1.2722597387126997,0.81734141160369589,0.50871732976649353,1.3170558985679435,1.8281088891226531,0.89359885394130134,1.0114579382225402,0.79373073561172247,0.85159896083871733,0.94406838913045676,0,0,null,null,{"$f":"IF(RAND()<poisson_parameter*model!K386,1,0)","v":0},{"$f":"IF(RAND()<(K375^quadratic_condition*L375-$T$21)*$T$22*(1+pref_attach_on*SUM($X$35:X385)),1,0)","v":0},352,{"$f":"IF(AND(SUM($X$35:X385)=0,X386=1),Y386,\"\")","v":""}]
[null,null,null,null,null,null,364,36.4,1.2733503249344365,0.81734116496720999,0.50675543846667537,1.3170559127004122,1.8323771873171171,0.89321466396083038,1.0114658403227652,0.79742698043193749,0.85360401043968792,0.94435358177884199,0,0,null,null,{"$f":"IF(RAND()<poisson_parameter*model!K387,1,0)","v":0},{"$f":"IF(RAND()<(K376^quadratic_condition*L376-$T$21)*$T$22*(1+pref_attach_on*SUM($X$35:X386)),1,0)","v":0},353,{"$f":"IF(AND(SUM($X$35:X386)=0,X387=1),Y387,\"\")","v":""}]
[null,null,null,null,null,null,365,36.5,1.2744196052787933,0.8173409281838907,0.50481209995012077,1.3170559260529151,1.8365300429196241,0.89285668359060932,1.0114732104242246,0.80102278567360663,0.85554441249350832,0.94463069015185319,0,0,null,null,{"$f":"IF(RAND()<poisson_parameter*model!K388,1,0)","v":0},{"$f":"IF(RAND()<(K377^quadratic_condition*L377-$T$21)*$T$22*(1+pref_attach_on*SUM($X$35:X387)),1,0)","v":0},354,{"$f":"IF(AND(SUM($X$35:X387)=0,X388=1),Y388,\"\")","v":""}]
[null,null,null,null,null,null,366,36.6,1.2754675885802063,0.81734070086159427,0.50288753237513562,1.3170559386684981,1.8405693887463717,0.89252427193519324,1.0114800843359817,0.8045198306638589,0.85742196120382008,0.94489996081178484,0,0,null,null,{"$f":"IF(RAND()<poisson_parameter*model!K389,1,0)","v":0},{"$f":"IF(RAND()<(K378^quadratic_condition*L378-$T$21)*$T$22*(1+pref_attach_on*SUM($X$35:X388)),1,0)","v":0},355,{"$f":"IF(AND(SUM($X$35:X388)=0,X389=1),Y389,\"\")","v":""}]
[null,null,null,null,null,null,367,36.700000000000003,1.2764943068605401,0.81734048262370074,0.50098193368397992,1.3170559505878319,1.8444972012173413,0.89221678264004367,1.0114864954576968,0.80791983066114903,0.85923842092627556,0.9451616315992144,0,0,null,null,{"$f":"IF(RAND()<poisson_parameter*model!K390,1,0)","v":0},{"$f":"IF(RAND()<(K379^quadratic_condition*L379-$T$21)*$T$22*(1+pref_attach_on*SUM($X$35:X389)),1,0)","v":0},356,{"$f":"IF(AND(SUM($X$35:X389)=0,X390=1),Y390,\"\")","v":""}]
[null,null,null,null,null,null,368,36.799999999999997,1.2774998143742415,0.81734027310850399,0.49909548213499938,1.3170559618493418,1.848315494379615,0.89193356531527146,1.0114924749416232,0.81122453185208665,0.86099552518418321,0.94541593198017704,0,0,null,null,{"$f":"IF(RAND()<poisson_parameter*model!K391,1,0)","v":0},{"$f":"IF(RAND()<(K380^quadratic_condition*L380-$T$21)*$T$22*(1+pref_attach_on*SUM($X$35:X390)),1,0)","v":0},357,{"$f":"IF(AND(SUM($X$35:X390)=0,X391=1),Y391,\"\")","v":""}]
[null,null,null,null,null,null,369,36.9,1.2784841866376606,0.81734007196862568,0.49722833685116502,1.3170559724893331,1.8520263141951083,0.89167396688491274,1.0114980518437275,0.81443570657428432,0.86269497582373533,0.94566308338037408,0,0,null,null,{"$f":"IF(RAND()<poisson_parameter*model!K392,1,0)","v":0},{"$f":"IF(RAND()<(K381^quadratic_condition*L381-$T$21)*$T$22*(1+pref_attach_on*SUM($X$35:X391)),1,0)","v":0},358,{"$f":"IF(AND(SUM($X$35:X391)=0,X392=1),Y392,\"\")","v":""}]
[null,null,null,null,null,null,370,37,1.2794475194470105,0.81733987887045156,0.49538063838221585,1.3170559825421071,1.855631733095666,0.89143733286302296,1.011503253264662,0.81755514876686664,0.8643384423002719,0.94590329950670948,0,0,null,null,{"$f":"IF(RAND()<poisson_parameter*model!K393,1,0)","v":0},{"$f":"IF(RAND()<(K382^quadratic_condition*L382-$T$21)*$T$22*(1+pref_attach_on*SUM($X$35:X392)),1,0)","v":0},359,{"$f":"IF(AND(SUM($X$35:X392)=0,X393=1),Y393,\"\")","v":""}]
[null,null,null,null,null,null,371,37.1,1.2803899278892041,0.81733969349359048,0.49355250927774724,1.3170559920400722,1.8591338448068715,0.8912230085580013,1.011508104481267,0.82058466964901788,0.86592756108726865,0.94613678665645884,0,0,null,null,{"$f":"IF(RAND()<poisson_parameter*model!K394,1,0)","v":0},{"$f":"IF(RAND()<(K383^quadratic_condition*L383-$T$21)*$T$22*(1+pref_attach_on*SUM($X$35:X393)),1,0)","v":0},360,{"$f":"IF(AND(SUM($X$35:X393)=0,X394=1),Y394,\"\")","v":""}]
[null,null,null,null,null,null,372,37.200000000000003,1.2813115453495687,0.81733951553035344,0.4917440546687401,1.3170560010138479,1.8625347594404755,0.8910303402066716,1.0115126290692422,0.82352609362579898,0.8674639351999931,0.94636374401438306,0,0,null,null,{"$f":"IF(RAND()<poisson_parameter*model!K395,1,0)","v":0},{"$f":"IF(RAND()<(K384^quadratic_condition*L384-$T$21)*$T$22*(1+pref_attach_on*SUM($X$35:X394)),1,0)","v":0},361,{"$f":"IF(AND(SUM($X$35:X394)=0,X395=1),Y395,\"\")","v":""}]
[null,null,null,null,null,null,373,37.299999999999997,1.2822125225201908,0.81733934468525393,0.4899553628551781,1.3170560094923642,1.8658365988540329,0.89085867603974955,1.0115168490175732,0.82638125441942523,0.86894913382604455,0.94658436393810641,0,0,null,null,{"$f":"IF(RAND()<poisson_parameter*model!K396,1,0)","v":0},{"$f":"IF(RAND()<(K385^quadratic_condition*L385-$T$21)*$T$22*(1+pref_attach_on*SUM($X$35:X395)),1,0)","v":0},362,{"$f":"IF(AND(SUM($X$35:X395)=0,X396=1),Y396,\"\")","v":""}]
[null,null,null,null,null,null,374,37.4,1.2830930264123994,0.81733918067452693,0.48818650589755186,1.3170560175029542,1.8690414922751508,0.89070736728041211,1.0115207848352707,0.82915199142326912,0.87038469205527569,0.94679883223208294,0,0,null,null,{"$f":"IF(RAND()<poisson_parameter*model!K397,1,0)","v":0},{"$f":"IF(RAND()<(K386^quadratic_condition*L386-$T$21)*$T$22*(1+pref_attach_on*SUM($X$35:X396)),1,0)","v":0},363,{"$f":"IF(AND(SUM($X$35:X396)=0,X397=1),Y397,\"\")","v":""}]
[null,null,null,null,null,null,375,37.5,1.2839532393766362,0.81733902322566732,0.48643754021020075,1.3170560250714427,1.8721515721866973,0.89057576907776326,1.0115244556509355,0.83184014627502811,0.87177211070188754,0.94700732841048141,0,0,null,null,{"$f":"IF(RAND()<poisson_parameter*model!K398,1,0)","v":0},{"$f":"IF(RAND()<(K387^quadratic_condition*L387-$T$21)*$T$22*(1+pref_attach_on*SUM($X$35:X397)),1,0)","v":0},364,{"$f":"IF(AND(SUM($X$35:X397)=0,X398=1),Y398,\"\")","v":""}]
[null,null,null,null,null,null,376,37.6,1.2847933581327191,0.81733887207698575,0.48470850715459157,1.3170560322222289,1.8751689704683792,0.89046324137705379,1.011527879305631,0.83444755964477113,0.8731128562117878,0.94721002594931847,0,0,null,null,{"$f":"IF(RAND()<poisson_parameter*model!K399,1,0)","v":0},{"$f":"IF(RAND()<(K388^quadratic_condition*L388-$T$21)*$T$22*(1+pref_attach_on*SUM($X$35:X398)),1,0)","v":0},365,{"$f":"IF(AND(SUM($X$35:X398)=0,X399=1),Y399,\"\")","v":""}]
[null,null,null,null,null,null,377,37.700000000000003,1.2856135928132462,0.81733872697718246,0.4829994336307798,1.3170560389783657,1.878095814789285,0.8903691497285684,1.0115310724395126,0.83697606823294857,0.87440836064860439,0.94740709252817501,0,0,null,null,{"$f":"IF(RAND()<poisson_parameter*model!K400,1,0)","v":0},{"$f":"IF(RAND()<(K389^quadratic_condition*L389-$T$21)*$T$22*(1+pref_attach_on*SUM($X$35:X399)),1,0)","v":0},366,{"$f":"IF(AND(SUM($X$35:X399)=0,X400=1),Y400,\"\")","v":""}]
[null,null,null,null,null,null,378,37.799999999999997,1.2864141660226494,0.81733858768493695,0.48131033266544065,1.3170560453616338,1.8809342252452705,0.89029286603713631,1.0115340505726329,0.83942750197290872,0.87566002175204971,0.94759869026182708,0,0,null,null,{"$f":"IF(RAND()<poisson_parameter*model!K401,1,0)","v":0},{"$f":"IF(RAND()<(K390^quadratic_condition*L390-$T$21)*$T$22*(1+pref_attach_on*SUM($X$35:X400)),1,0)","v":0},367,{"$f":"IF(AND(SUM($X$35:X400)=0,X401=1),Y401,\"\")","v":""}]
[null,null,null,null,null,null,379,37.9,1.287195311914161,0.81733845396851457,0.47964120399499721,1.3170560513926115,1.8836863112344684,0.89023376925425557,1.0115368281803139,0.84180368143200524,0.8768692030626366,0.94778497592212618,0,0,null,null,{"$f":"IF(RAND()<poisson_parameter*model!K402,1,0)","v":0},{"$f":"IF(RAND()<(K391^quadratic_condition*L391-$T$21)*$T$22*(1+pref_attach_on*SUM($X$35:X401)),1,0)","v":0},368,{"$f":"IF(AND(SUM($X$35:X401)=0,X402=1),Y402,\"\")","v":""}]
[null,null,null,null,null,null,380,38,1.2879572752867199,0.81733832560538788,0.47799203464250473,1.3170560570907417,1.8863541685636844,0.89019124601484845,1.0115394187634497,0.8441064154050012,0.87803723410704348,0.94796610115045865,0,0,null,null,{"$f":"IF(RAND()<poisson_parameter*model!K403,1,0)","v":0},{"$f":"IF(RAND()<(K392^quadratic_condition*L392-$T$21)*$T$22*(1+pref_attach_on*SUM($X$35:X402)),1,0)","v":0},369,{"$f":"IF(AND(SUM($X$35:X402)=0,X403=1),Y403,\"\")","v":""}]
[null,null,null,null,null,null,381,38.1,1.2887003107036212,0.81733820238187316,0.47636279948708027,1.3170560624743941,1.8889398767780339,0.89016469122067932,1.0115418349140828,0.84633749869316799,0.87916541063872788,0.94814221266111409,0,0,null,null,{"$f":"IF(RAND()<poisson_parameter*model!K404,1,0)","v":0},{"$f":"IF(RAND()<(K393^quadratic_condition*L393-$T$21)*$T$22*(1+pref_attach_on*SUM($X$35:X403)),1,0)","v":0},370,{"$f":"IF(AND(SUM($X$35:X403)=0,X404=1),Y404,\"\")","v":""}]
[null,null,null,null,null,null,382,38.200000000000003,1.2894246816344874,0.81733808409278086,0.47475346182478939,1.3170560675609246,1.8914454967058292,0.89015350857247799,1.0115440883765687,0.84849871006223698,0.88025499492867654,0.94831345243588694,0,0,null,null,{"$f":"IF(RAND()<poisson_parameter*model!K405,1,0)","v":0},{"$f":"IF(RAND()<(K394^quadratic_condition*L394-$T$21)*$T$22*(1+pref_attach_on*SUM($X$35:X404)),1,0)","v":0},371,{"$f":"IF(AND(SUM($X$35:X404)=0,X405=1),Y405,\"\")","v":""}]
[null,null,null,null,null,null,383,38.299999999999997,1.2901306596219315,0.81733797054108004,0.47316397392001969,1.3170560723667315,1.8938730682104774,0.89015711105281203,1.0115461901046268,0.85059181037218168,0.88130721610146634,0.94847995791023498,0,0,null,null,{"$f":"IF(RAND()<poisson_parameter*model!K406,1,0)","v":0},{"$f":"IF(RAND()<(K395^quadratic_condition*L395-$T$21)*$T$22*(1+pref_attach_on*SUM($X$35:X405)),1,0)","v":0},372,{"$f":"IF(AND(SUM($X$35:X405)=0,X406=1),Y406,\"\")","v":""}]
[null,null,null,null,null,null,384,38.4,1.2908185234740785,0.81733786153757571,0.47159427754648231,1.3170560769073074,1.8962246081409571,0.89017492136174714,1.0115481503145534,0.85261854087168698,0.88232327051209047,0.94864186215130908,0,0,null,null,{"$f":"IF(RAND()<poisson_parameter*model!K407,1,0)","v":0},{"$f":"IF(RAND()<(K396^quadratic_condition*L396-$T$21)*$T$22*(1+pref_attach_on*SUM($X$35:X406)),1,0)","v":0},373,{"$f":"IF(AND(SUM($X$35:X406)=0,X407=1),Y407,\"\")","v":""}]
[null,null,null,null,null,null,385,38.5,1.2914885584839206,0.81733775690059907,0.47004430451708951,1.3170560811972907,1.8985021084723228,0.89020637230732336,1.0115499785348554,0.85458062165008797,0.88330432215927279,0.94879929402816832,0,0,null,null,{"$f":"IF(RAND()<poisson_parameter*model!K408,1,0)","v":0},{"$f":"IF(RAND()<(K397^quadratic_condition*L397-$T$21)*$T$22*(1+pref_attach_on*SUM($X$35:X407)),1,0)","v":0},374,{"$f":"IF(AND(SUM($X$35:X407)=0,X408=1),Y408,\"\")","v":""}]
[null,null,null,null,null,null,386,38.6,1.2921410556763013,0.81733765645570966,0.46851397720205529,1.3170560852505111,1.9007075346276232,0.89025090715285959,1.0115516836525442,0.85647975023953449,0.884251503131257,0.94895237837448476,0,0,null,null,{"$f":"IF(RAND()<poisson_parameter*model!K409,1,0)","v":0},{"$f":"IF(RAND()<(K398^quadratic_condition*L398-$T$21)*$T$22*(1+pref_attach_on*SUM($X$35:X408)),1,0)","v":0},375,{"$f":"IF(AND(SUM($X$35:X408)=0,X409=1),Y409,\"\")","v":""}]
[null,null,null,null,null,null,387,38.700000000000003,1.2927763110831485,0.81733756003540936,0.46700320903466175,1.3170560890800358,1.9028428239726025,0.89030797992307475,1.0115532739563156,0.85831760036015359,0.88516591408030953,0.94910123614403841,0,{"$f":"S410-S409","v":0},null,null,{"$f":"IF(RAND()<poisson_parameter*model!K410,1,0)","v":0},{"$f":"IF(RAND()<(K399^quadratic_condition*L399-$T$21)*$T$22*(1+pref_attach_on*SUM($X$35:X409)),1,0)","v":0},376,{"$f":"IF(AND(SUM($X$35:X409)=0,X410=1),Y410,\"\")","v":""}]
[null,null,null,null,null,null,388,38.799999999999997,1.29339462504742,0.8173374674788676,0.46551190500422041,1.3170560926982104,1.9049098844745975,0.89037705567099057,1.0115547571768229,0.86009582080102975,0.88604862472242019,0.94924598455929554,0,0,null,null,{"$f":"IF(RAND()<poisson_parameter*model!K411,1,0)","v":0},{"$f":"IF(RAND()<(K400^quadratic_condition*L400-$T$21)*$T$22*(1+pref_attach_on*SUM($X$35:X410)),1,0)","v":0},377,{"$f":"IF(AND(SUM($X$35:X410)=0,X411=1),Y411,\"\")","v":""}]
[null,null,null,null,null,null,389,38.9,1.2939963015560747,0.81733737863165723,0.46403996213584126,1.3170560961166993,1.9069105935171131,0.89045761070754836,1.0115561405242421,0.86181603442990984,0.88690067435891595,0.94938673725335598,0,0,null,null,{"$f":"IF(RAND()<poisson_parameter*model!K412,1,0)","v":0},{"$f":"IF(RAND()<(K401^quadratic_condition*L401-$T$21)*$T$22*(1+pref_attach_on*SUM($X$35:X411)),1,0)","v":0},378,{"$f":"IF(AND(SUM($X$35:X411)=0,X412=1),Y412,\"\")","v":""}]
[null,null,null,null,null,null,390,39,1.2945816476022403,0.81733729334550098,0.46258726995669941,1.3170560993465228,1.9088467968616787,0.8905491327958388,1.0115574307233077,0.86347983732464684,0.88772307241693194,0.94952360440554906,0,0,null,null,{"$f":"IF(RAND()<poisson_parameter*model!K413,1,0)","v":0},{"$f":"IF(RAND()<(K402^quadratic_condition*L402-$T$21)*$T$22*(1+pref_attach_on*SUM($X$35:X412)),1,0)","v":0},379,{"$f":"IF(AND(SUM($X$35:X412)=0,X413=1),Y413,\"\")","v":""}]
[null,null,null,null,null,null,391,39.1,1.295150972576625,0.81733721147802796,0.46115371094855862,1.3170561023980936,1.9107203077487298,0.89065112131180579,1.0115586340459917,0.86508879801953464,0.88851679900589375,0.94965669287094923,0,0,null,null,{"$f":"IF(RAND()<poisson_parameter*model!K414,1,0)","v":0},{"$f":"IF(RAND()<(K403^quadratic_condition*L403-$T$21)*$T$22*(1+pref_attach_on*SUM($X$35:X413)),1,0)","v":0},380,{"$f":"IF(AND(SUM($X$35:X413)=0,X414=1),Y414,\"\")","v":""}]
[null,null,null,null,null,null,392,39.200000000000003,1.2957045876880979,0.81733713289253918,0.45973916098637918,1.3170561052812493,1.9125329061294341,0.89076308737324594,1.0115597563419823,0.86664445685984171,0.88928280548737404,0.94978610630407478,0,0,null,null,{"$f":"IF(RAND()<poisson_parameter*model!K415,1,0)","v":0},{"$f":"IF(RAND()<(K404^quadratic_condition*L404-$T$21)*$T$22*(1+pref_attach_on*SUM($X$35:X414)),1,0)","v":0},381,{"$f":"IF(AND(SUM($X$35:X414)=0,X415=1),Y415,\"\")","v":""}]
[null,null,null,null,null,null,393,39.299999999999997,1.296242805413258,0.81733705745778285,0.45834348976289602,1.3170561080052845,1.9142863380205779,0.890884553938881,1.0115608030671126,0.86814832545802523,0.89002201505587697,0.94991194527702649,0,0,null,null,{"$f":"IF(RAND()<poisson_parameter*model!K416,1,0)","v":0},{"$f":"IF(RAND()<(K405^quadratic_condition*L405-$T$21)*$T$22*(1+pref_attach_on*SUM($X$35:X415)),1,0)","v":0},382,{"$f":"IF(AND(SUM($X$35:X415)=0,X416=1),Y416,\"\")","v":""}]
[null,null,null,null,null,null,394,39.4,1.2967659389747115,0.81733698504773855,0.45696656119910967,1.3170561105789813,1.9159823149748467,0.89101505587923635,1.0115617793098752,0.86960188624529566,0.89073532332829441,0.95003430739231298,0,0,null,null,{"$f":"IF(RAND()<poisson_parameter*model!K417,1,0)","v":0},{"$f":"IF(RAND()<(K406^quadratic_condition*L406-$T$21)*$T$22*(1+pref_attach_on*SUM($X$35:X416)),1,0)","v":0},383,{"$f":"IF(AND(SUM($X$35:X416)=0,X417=1),Y417,\"\")","v":""}]
[null,null,null,null,null,null,395,39.5,1.2972743018476918,0.81733691554140953,0.45560823384068327,1.3170561130106366,1.917622513659063,0.89115414002101023,1.0115626898161527,0.87100659211240383,0.89142359893994783,0.95015328739060345,0,0,null,null,{"$f":"IF(RAND()<poisson_parameter*model!K418,1,0)","v":0},{"$f":"IF(RAND()<(K407^quadratic_condition*L407-$T$21)*$T$22*(1+pref_attach_on*SUM($X$35:X417)),1,0)","v":0},384,{"$f":"IF(AND(SUM($X$35:X417)=0,X418=1),Y418,\"\")","v":""}]
[null,null,null,null,null,null,396,39.6,1.2977682072945707,0.81733684882262336,0.45426836124028463,1.3170561153080897,1.9192085755331951,0.89130136516657232,1.0115635390122824,0.87236386613372963,0.89208768414530082,0.95026897725363968,0,0,null,null,{"$f":"IF(RAND()<poisson_parameter*model!K419,1,0)","v":0},{"$f":"IF(RAND()<(K408^quadratic_condition*L408-$T$21)*$T$22*(1+pref_attach_on*SUM($X$35:X418)),1,0)","v":0},385,{"$f":"IF(AND(SUM($X$35:X418)=0,X419=1),Y419,\"\")","v":""}]
[null,null,null,null,null,null,397,39.700000000000003,1.2982479679267476,0.81733678477984051,0.4529467923259542,1.3170561174787472,1.9207421066232024,0.89145630209017657,1.0115643310265707,0.87367510136897164,0.89272839542158167,0.95038146630253029,0,0,null,null,{"$f":"IF(RAND()<poisson_parameter*model!K420,1,0)","v":0},{"$f":"IF(RAND()<(K409^quadratic_condition*L409-$T$21)*$T$22*(1+pref_attach_on*SUM($X$35:X419)),1,0)","v":0},386,{"$f":"IF(AND(SUM($X$35:X419)=0,X420=1),Y420,\"\")","v":""}]
[null,null,null,null,null,null,398,39.799999999999997,1.2987138952933333,0.81733672330597051,0.45164337175561758,1.3170561195296069,1.9222246773810496,0.89161853351242581,1.0115650697093574,0.87494166073695645,0.89334652407370441,0.95049084129164352,0,0,null,null,{"$f":"IF(RAND()<poisson_parameter*model!K421,1,0)","v":0},{"$f":"IF(RAND()<(K410^quadratic_condition*L410-$T$21)*$T$22*(1+pref_attach_on*SUM($X$35:X420)),1,0)","v":0},387,{"$f":"IF(AND(SUM($X$35:X420)=0,X421=1),Y421,\"\")","v":""}]
[null,null,null,null,null,null,399,39.9,1.2991662994959943,0.81733666429819496,0.45035794025789472,1.3170561214672802,1.923657822625489,0.89178765405447225,1.0115657586517302,0.87616487695631429,0.89394283683901643,0.95059718649830649,0,0,null,null,{"$f":"IF(RAND()<poisson_parameter*model!K422,1,0)","v":0},{"$f":"IF(RAND()<(K411^quadratic_condition*L411-$T$21)*$T$22*(1+pref_attach_on*SUM($X$35:X421)),1,0)","v":0},388,{"$f":"IF(AND(SUM($X$35:X421)=0,X422=1),Y422,\"\")","v":""}]
[null,null,null,null,null,null,400,40,1.2996054888292781,0.81733660765779836,0.44909033495938805,1.3170561232980142,1.9250430415574837,0.89196327017338484,1.0115664012029795,0.87734605254799125,0.89451807649053272,0.95070058380850975,0,0,null,null,{"$f":"IF(RAND()<poisson_parameter*model!K423,1,0)","v":0},{"$f":"IF(RAND()<(K412^quadratic_condition*L412-$T$21)*$T$22*(1+pref_attach_on*SUM($X$35:X422)),1,0)","v":0},389,{"$f":"IF(AND(SUM($X$35:X422)=0,X423=1),Y423,\"\")","v":""}]
[null,null,null,null,null,null,401,40.1,1.3000317694456964,0.81733655329000465,0.44784038969865825,1.3170561250277106,1.9263817978444158,0.89214500008006437,1.0115670004868778,0.87848645989479979,0.89507296243743839,0.95080111279881008,0,0,null,null,{"$f":"IF(RAND()<poisson_parameter*model!K424,1,0)","v":0},{"$f":"IF(RAND()<(K413^quadratic_condition*L413-$T$21)*$T$22*(1+pref_attach_on*SUM($X$35:X423)),1,0)","v":0},390,{"$f":"IF(AND(SUM($X$35:X423)=0,X424=1),Y424,\"\")","v":""}]
[null,null,null,null,null,null,402,40.200000000000003,1.3004454450448129,0.81733650110382072,0.44660793532711945,1.3170561266619456,1.9276755197674975,0.89233247364103252,1.0115675594168636,0.87958734135343131,0.89560819132175884,0.95089885081461467,0,0,null,null,{"$f":"IF(RAND()<poisson_parameter*model!K425,1,0)","v":0},{"$f":"IF(RAND()<(K414^quadratic_condition*L414-$T$21)*$T$22*(1+pref_attach_on*SUM($X$35:X424)),1,0)","v":0},391,{"$f":"IF(AND(SUM($X$35:X424)=0,X425=1),Y425,\"\")","v":""}]
[null,null,null,null,null,null,403,40.299999999999997,1.3008468165855533,0.81733645101188634,0.44539279999710651,1.3170561282059878,1.9289256004270763,0.89252533226536868,1.0115680807102034,0.88064990941458043,0.89612443761020377,0.95099387304502425,0,0,null,null,{"$f":"IF(RAND()<poisson_parameter*model!K426,1,0)","v":0},{"$f":"IF(RAND()<(K415^quadratic_condition*L415-$T$21)*$T$22*(1+pref_attach_on*SUM($X$35:X425)),1,0)","v":0},392,{"$f":"IF(AND(SUM($X$35:X425)=0,X426=1),Y426,\"\")","v":""}]
[null,null,null,null,null,null,404,40.4,1.3012361820209379,0.81733640293032939,0.4441948094373836,1.3170561296648149,1.9301333980007866,0.89272322877801713,1.0115685669011991,0.88167534690705152,0.89662235418029279,0.95108625259440382,0,0,null,null,{"$f":"IF(RAND()<poisson_parameter*model!K427,1,0)","v":0},{"$f":"IF(RAND()<(K416^quadratic_condition*L416-$T$21)*$T$22*(1+pref_attach_on*SUM($X$35:X426)),1,0)","v":0},393,{"$f":"IF(AND(SUM($X$35:X426)=0,X427=1),Y427,\"\")","v":""}]
[null,null,null,null,null,null,405,40.5,1.3016138360544147,0.81733635677862715,0.44301378721637891,1.3170561310431297,1.9313002360497715,0.8929258272806343,1.0115690203535073,0.88266480724193219,0.89710257289996476,0.95117606055084281,0,0,null,null,{"$f":"IF(RAND()<poisson_parameter*model!K428,1,0)","v":0},{"$f":"IF(RAND()<(K417^quadratic_condition*L417-$T$21)*$T$22*(1+pref_attach_on*SUM($X$35:X427)),1,0)","v":0},394,{"$f":"IF(AND(SUM($X$35:X427)=0,X428=1),Y428,\"\")","v":""}]
[null,null,null,null,null,null,406,40.6,1.3019800699169659,0.81733631247947336,0.44184955499344208,1.3170561323453758,1.932427403868449,0.89313280300109366,1.0115694432716293,0.88361941469313365,0.89756570519996126,0.9512633660516594,0,0,null,null,{"$f":"IF(RAND()<poisson_parameter*model!K429,1,0)","v":0},{"$f":"IF(RAND()<(K418^quadratic_condition*L418-$T$21)*$T$22*(1+pref_attach_on*SUM($X$35:X428)),1,0)","v":0},395,{"$f":"IF(AND(SUM($X$35:X428)=0,X429=1),Y429,\"\")","v":""}]
[null,null,null,null,null,null,407,40.700000000000003,1.3023351711641515,0.81733626995864994,0.44070193275843139,1.3170561335757514,1.9335161568735548,0.89334384213271767,1.0115698377116269,0.88454026471080116,0.89801234263835539,0.95134823634609744,0,0,null,null,{"$f":"IF(RAND()<poisson_parameter*model!K430,1,0)","v":0},{"$f":"IF(RAND()<(K419^quadratic_condition*L419-$T$21)*$T$22*(1+pref_attach_on*SUM($X$35:X429)),1,0)","v":0},396,{"$f":"IF(AND(SUM($X$35:X429)=0,X430=1),Y430,\"\")","v":""}]
[null,null,null,null,null,null,408,40.799999999999997,1.3026794234922514,0.81733622914490411,0.43957073905994609,1.317056134738223,1.9345677170284366,0.89355864166425192,1.0115702055911171,0.88542842426430013,0.89844305745667508,0.95143073685535584,0,0,null,null,{"$f":"IF(RAND()<poisson_parameter*model!K431,1,0)","v":0},{"$f":"IF(RAND()<(K420^quadratic_condition*L420-$T$21)*$T$22*(1+pref_attach_on*SUM($X$35:X430)),1,0)","v":0},397,{"$f":"IF(AND(SUM($X$35:X430)=0,X431=1),Y431,\"\")","v":""}]
[null,null,null,null,null,null,409,40.9,1.3030131065726678,0.81733618996983071,0.43845579122252465,1.3170561358365382,1.9355832732988103,0.89377690920155239,1.011570548698594,0.8862849322116777,0.89885840312713761,0.95151093123008657,0,0,null,null,{"$f":"IF(RAND()<poisson_parameter*model!K432,1,0)","v":0},{"$f":"IF(RAND()<(K421^quadratic_condition*L421-$T$21)*$T$22*(1+pref_attach_on*SUM($X$35:X431)),1,0)","v":0},398,{"$f":"IF(AND(SUM($X$35:X431)=0,X432=1),Y432,\"\")","v":""}]
[null,null,null,null,null,null,410,41,1.3033364959037574,0.81733615236775836,0.43735690555313522,1.3170561368742377,1.9365639821364262,0.89399836278190425,1.011570868702123,0.88711079969268691,0.89925891489058118,0.95158888140548747,0,0,null,null,{"$f":"IF(RAND()<poisson_parameter*model!K433,1,0)","v":0},{"$f":"IF(RAND()<(K422^quadratic_condition*L422-$T$21)*$T$22*(1+pref_attach_on*SUM($X$35:X432)),1,0)","v":0},399,{"$f":"IF(AND(SUM($X$35:X432)=0,X433=1),Y433,\"\")","v":""}]
[null,null,null,null,null,null,411,41.1,1.3036498626792665,0.81733611627564084,0.4362738975372869,1.317056137854667,1.9375109679873055,0.89422273068184543,1.0115711671574492,0.88790701054264143,0.89964511028473571,0.95166464765411418,0,0,null,null,{"$f":"IF(RAND()<poisson_parameter*model!K434,1,0)","v":0},{"$f":"IF(RAND()<(K423^quadratic_condition*L423-$T$21)*$T$22*(1+pref_attach_on*SUM($X$35:X433)),1,0)","v":0},400,{"$f":"IF(AND(SUM($X$35:X433)=0,X434=1),Y434,\"\")","v":""}]
[null,null,null,null,null,null,412,41.2,1.3039534736725553,0.81733608163295246,0.43520658202509171,1.3170561387809867,1.9384253238214317,0.89444975121932258,1.0115714455155609,0.88867452172454442,0.90001748966253381,0.95173828863652532,0,0,null,null,{"$f":"IF(RAND()<poisson_parameter*model!K435,1,0)","v":0},{"$f":"IF(RAND()<(K424^quadratic_condition*L424-$T$21)*$T$22*(1+pref_attach_on*SUM($X$35:X434)),1,0)","v":0},401,{"$f":"IF(AND(SUM($X$35:X434)=0,X435=1),Y435,\"\")","v":""}]
[null,null,null,null,null,null,413,41.3,1.3042475911358098,0.81733604838158769,0.43415477340760833,1.3170561396561833,1.9393081116809792,0.89467917255096097,1.0115717051297426,0.88941426377710087,0.90037653670021278,0.95180986144987245,0,0,null,null,{"$f":"IF(RAND()<poisson_parameter*model!K436,1,0)","v":0},{"$f":"IF(RAND()<(K425^quadratic_condition*L425-$T$21)*$T$22*(1+pref_attach_on*SUM($X$35:X435)),1,0)","v":0},402,{"$f":"IF(AND(SUM($X$35:X435)=0,X436=1),Y436,\"\")","v":""}]
[null,null,null,null,null,null,414,41.4,1.3045324727134535,0.8173360164657647,0.43311828578379657,1.3170561404830781,1.9401603632443611,0.89491075246518592,1.0115719472621545,0.89012714127638304,0.90072271889500599,0.95187942167453932,0,0,null,null,{"$f":"IF(RAND()<poisson_parameter*model!K437,1,0)","v":0},{"$f":"IF(RAND()<(K426^quadratic_condition*L426-$T$21)*$T$22*(1+pref_attach_on*SUM($X$35:X436)),1,0)","v":0},403,{"$f":"IF(AND(SUM($X$35:X436)=0,X437=1),Y437,\"\")","v":""}]
[null,null,null,null,null,null,415,41.5,1.3048083713689886,0.81733598583193268,0.43209693311841063,1.3170561412643367,1.9409830804035706,0.89514425817189236,1.0115721730899674,0.89081403330907227,0.90105648805226501,0.95194702341892989,0,0,null,null,{"$f":"IF(RAND()<poisson_parameter*model!K438,1,0)","v":0},{"$f":"IF(RAND()<(K427^quadratic_condition*L427-$T$21)*$T$22*(1+pref_attach_on*SUM($X$35:X437)),1,0)","v":0},404,{"$f":"IF(AND(SUM($X$35:X437)=0,X438=1),Y438,\"\")","v":""}]
[null,null,null,null,null,null,416,41.6,1.3050755353245143,0.81733595642868306,0.43109052939115527,1.317056142002478,1.9417772358524614,0.8953794660893164,1.0115723837110864,0.89147579395534549,0.90137828076189419,0.95201271936249987,0,0,null,null,{"$f":"IF(RAND()<poisson_parameter*model!K439,1,0)","v":0},{"$f":"IF(RAND()<(K428^quadratic_condition*L428-$T$21)*$T$22*(1+pref_attach_on*SUM($X$35:X438)),1,0)","v":0},405,{"$f":"IF(AND(SUM($X$35:X438)=0,X439=1),Y439,\"\")","v":""}]
[null,null,null,null,null,null,417,41.7,1.3053342080121901,0.81733592820666401,0.43009888873742652,1.3170561426998815,1.9425437736837936,0.89561616162872382,1.0115725801494873,0.89211325277961495,0.90168851886401546,0.952076560797121,0,0,null,null,{"$f":"IF(RAND()<poisson_parameter*model!K440,1,0)","v":0},{"$f":"IF(RAND()<(K429^quadratic_condition*L429-$T$21)*$T$22*(1+pref_attach_on*SUM($X$35:X439)),1,0)","v":0},406,{"$f":"IF(AND(SUM($X$35:X439)=0,X440=1),Y440,\"\")","v":""}]
[null,null,null,null,null,null,418,41.8,1.3055846280369319,0.8173359011184983,0.42912182558095302,1.3170561433587955,1.9432836099930271,0.89585413897749167,1.011572763360195,0.89272721532745991,0.90198760990381333,0.95213859766686304,0,0,null,null,{"$f":"IF(RAND()<poisson_parameter*model!K441,1,0)","v":0},{"$f":"IF(RAND()<(K430^quadratic_condition*L430-$T$21)*$T$22*(1+pref_attach_on*SUM($X$35:X440)),1,0)","v":0},407,{"$f":"IF(AND(SUM($X$35:X440)=0,X441=1),Y441,\"\")","v":""}]
[null,null,null,null,null,null,419,41.9,1.3058270291496483,0.81733587511870476,0.42815915475864963,1.3170561439813444,1.9439976334870037,0.8960932008811211,1.0115729342339264,0.89331846362721712,0.9022759475755423,0.95219887860627406,0,0,null,null,{"$f":"IF(RAND()<poisson_parameter*model!K442,1,0)","v":0},{"$f":"IF(RAND()<(K431^quadratic_condition*L431-$T$21)*$T$22*(1+pref_attach_on*SUM($X$35:X441)),1,0)","v":0},408,{"$f":"IF(AND(SUM($X$35:X441)=0,X442=1),Y442,\"\")","v":""}]
[null,null,null,null,null,null,420,42,1.3060616402303522,0.81733585016362253,0.42721069163798941,1.317056144569535,1.9446867060958044,0.89633315842468475,1.0115730936014204,0.89388775669481313,0.90255391215570324,0.95225745097723469,0,0,null,null,{"$f":"IF(RAND()<poisson_parameter*model!K443,1,0)","v":0},{"$f":"IF(RAND()<(K432^quadratic_condition*L432-$T$21)*$T$22*(1+pref_attach_on*SUM($X$35:X442)),1,0)","v":0},409,{"$f":"IF(AND(SUM($X$35:X442)=0,X443=1),Y443,\"\")","v":""}]
[null,null,null,null,null,null,421,42.1,1.3062886852804996,0.81733582621133838,0.42627625222719373,1.3170561451252636,1.9453516635862049,0.89657383081417763,1.0115732422374772,0.89443583104053548,0.90282187092542276,0.95231436090445876,0,0,null,null,{"$f":"IF(RAND()<poisson_parameter*model!K444,1,0)","v":0},{"$f":"IF(RAND()<(K433^quadratic_condition*L433-$T$21)*$T$22*(1+pref_attach_on*SUM($X$35:X443)),1,0)","v":0},410,{"$f":"IF(AND(SUM($X$35:X443)=0,X444=1),Y444,\"\")","v":""}]
[null,null,null,null,null,null,422,42.2,1.3065083834239339,0.81733580322161703,0.42535565327853375,1.3170561456503216,1.9459933161752889,0.89681504515820565,1.0115733808647238,0.89496340117654583,0.90308017858209089,0.95236965330970758,0,0,null,null,{"$f":"IF(RAND()<poisson_parameter*model!K445,1,0)","v":0},{"$f":"IF(RAND()<(K434^quadratic_condition*L434-$T$21)*$T$22*(1+pref_attach_on*SUM($X$35:X444)),1,0)","v":0},411,{"$f":"IF(AND(SUM($X$35:X444)=0,X445=1),Y445,\"\")","v":""}]
[null,null,null,null,null,null,423,42.3,1.3067209489158389,0.81733578115583427,0.42444871238503024,1.3170561461464019,1.9466124491428962,0.89705663625041554,1.0115735101571279,0.89547116012403782,0.90332917764033138,0.95242337194478344,0,0,null,null,{"$f":"IF(RAND()<poisson_parameter*model!K446,1,0)","v":0},{"$f":"IF(RAND()<(K435^quadratic_condition*L435-$T$21)*$T$22*(1+pref_attach_on*SUM($X$35:X445)),1,0)","v":0},412,{"$f":"IF(AND(SUM($X$35:X445)=0,X446=1),Y446,\"\")","v":""}]
[null,null,null,null,null,null,424,42.4,1.306926591159121,0.81733575997691232,0.42355524807083106,1.3170561466151036,1.9472098234417037,0.89729844635303979,1.0115736307432746,0.89595977991903764,0.90356919882239928,0.95247555942336148,0,0,null,null,{"$f":"IF(RAND()<poisson_parameter*model!K447,1,0)","v":0},{"$f":"IF(RAND()<(K436^quadratic_condition*L436-$T$21)*$T$22*(1+pref_attach_on*SUM($X$35:X446)),1,0)","v":0},413,{"$f":"IF(AND(SUM($X$35:X446)=0,X447=1),Y447,\"\")","v":""}]
[null,null,null,null,null,null,425,42.5,1.3071255147276748,0.81733573964925854,0.42267507987553871,1.3170561470579378,1.9477861763038438,0.89754032498189928,1.0115737432094212,0.89642991211593281,0.90380056143811371,0.95252625725171902,0,0,null,null,{"$f":"IF(RAND()<poisson_parameter*model!K448,1,0)","v":0},{"$f":"IF(RAND()<(K437^quadratic_condition*L437-$T$21)*$T$22*(1+pref_attach_on*SUM($X$35:X447)),1,0)","v":0},414,{"$f":"IF(AND(SUM($X$35:X447)=0,X448=1),Y448,\"\")","v":""}]
[null,null,null,null,null,null,426,42.6,1.3073179193959985,0.8173357201387057,0.42180802843275267,1.3170561474763323,1.9483422218430715,0.89778212869317997,1.0115738481023488,0.89688218828790023,0.90402357375445075,0.95257550585841444,0,0,null,null,{"$f":"IF(RAND()<poisson_parameter*model!K449,1,0)","v":0},{"$f":"IF(RAND()<(K438^quadratic_condition*L438-$T$21)*$T$22*(1+pref_attach_on*SUM($X$35:X448)),1,0)","v":0},415,{"$f":"IF(AND(SUM($X$35:X448)=0,X449=1),Y449,\"\")","v":""}]
[null,null,null,null,null,null,427,42.7,1.3075040001746592,0.81733570141245537,0.42095391554308403,1.3170561478716356,1.9488786516515817,0.89802372087227256,1.0115739459320199,0.89731722052348006,0.90423853335493187,0.95262334462296883,0,0,null,null,{"$f":"IF(RAND()<poisson_parameter*model!K450,1,0)","v":0},{"$f":"IF(RAND()<(K439^quadratic_condition*L439-$T$21)*$T$22*(1+pref_attach_on*SUM($X$35:X449)),1,0)","v":0},416,{"$f":"IF(AND(SUM($X$35:X449)=0,X450=1),Y450,\"\")","v":""}]
[null,null,null,null,null,null,428,42.8,1.3076839473511228,0.81733568343902296,0.42011256424189175,1.3170561482451224,1.9493961353906764,0.89826497152493934,1.0115740371740569,0.89773560191861834,0.90444572748895524,0.95266981190359701,0,0,null,null,{"$f":"IF(RAND()<poisson_parameter*model!K451,1,0)","v":0},{"$f":"IF(RAND()<(K440^quadratic_condition*L440-$T$21)*$T$22*(1+pref_attach_on*SUM($X$35:X450)),1,0)","v":0},417,{"$f":"IF(AND(SUM($X$35:X450)=0,X451=1),Y451,\"\")","v":""}]
[null,null,null,null,null,null,429,42.9,1.3078579465354927,0.81733566618818543,0.41928379886198258,1.3170561485979966,1.9498953213745587,0.89850575707104763,1.0115741222720556,0.898137907063567,0.90464543341122661,0.95271494506403409,0,0,null,null,{"$f":"IF(RAND()<poisson_parameter*model!K452,1,0)","v":0},{"$f":"IF(RAND()<(K441^quadratic_condition*L441-$T$21)*$T$22*(1+pref_attach_on*SUM($X$35:X451)),1,0)","v":0},418,{"$f":"IF(AND(SUM($X$35:X451)=0,X452=1),Y452,\"\")","v":""}]
[null,null,null,null,null,null,430,43,1.3080261787107184,0.81733564963093086,0.41846744509150902,1.3170561489313957,1.9503768371466141,0.8987459601410871,1.0115742016397409,0.89852469252409639,0.90483791871145569,0.95275878049949969,0,0,null,null,{"$f":"IF(RAND()<poisson_parameter*model!K453,1,0)","v":0},{"$f":"IF(RAND()<(K442^quadratic_condition*L442-$T$21)*$T$22*(1+pref_attach_on*SUM($X$35:X452)),1,0)","v":0},419,{"$f":"IF(AND(SUM($X$35:X452)=0,X453=1),Y453,\"\")","v":""}]
[null,null,null,null,null,null,431,43.1,1.3081888202868612,0.81733563373940998,0.41766333002729128,1.3170561492463946,1.9508412900476113,0.89898546937566604,1.0115742756629791,0.89889649731653376,0.90502344163448956,0.95280135366184138,0,0,null,null,{"$f":"IF(RAND()<poisson_parameter*model!K454,1,0)","v":0},{"$f":"IF(RAND()<(K443^quadratic_condition*L443-$T$21)*$T$22*(1+pref_attach_on*SUM($X$35:X453)),1,0)","v":0},420,{"$f":"IF(AND(SUM($X$35:X453)=0,X454=1),Y454,\"\")","v":""}]
[null,null,null,null,null,null,432,43.2,1.3083460431590226,0.81733561848688963,0.41687128222378284,1.3170561495440087,1.9512892677753231,0.89922417922816056,1.0115743447016525,0.89925384337619763,0.90520225139106147,0.95284269908389396,0,0,null,null,{"$f":"IF(RAND()<poisson_parameter*model!K455,1,0)","v":0},{"$f":"IF(RAND()<(K444^quadratic_condition*L444-$T$21)*$T$22*(1+pref_attach_on*SUM($X$35:X454)),1,0)","v":0},421,{"$f":"IF(AND(SUM($X$35:X454)=0,X455=1),Y455,\"\")","v":""}]
[null,null,null,null,null,null,433,43.3,1.3084980147685645,0.81733560384770831,0.41609113173788997,1.3170561498251978,1.9517213389351318,0.89946198977067271,1.0115744090914107,0.89959723601884956,0.90537458845933905,0.95288285040309129,0,0,null,null,{"$f":"IF(RAND()<poisson_parameter*model!K456,1,0)","v":0},{"$f":"IF(RAND()<(K445^quadratic_condition*L445-$T$21)*$T$22*(1+pref_attach_on*SUM($X$35:X455)),1,0)","v":0},422,{"$f":"IF(AND(SUM($X$35:X455)=0,X456=1),Y456,\"\")","v":""}]
[null,null,null,null,null,null,434,43.4,1.3086448981672676,0.8173355897972332,0.41532271016984978,1.3170561500908682,1.9521380535812427,0.89969880650343359,1.0115744691453008,0.89992716439483256,0.90554068487745853,0.95292184038436401,0,0,null,null,{"$f":"IF(RAND()<poisson_parameter*model!K457,1,0)","v":0},{"$f":"IF(RAND()<(K446^quadratic_condition*L446-$T$21)*$T$22*(1+pref_attach_on*SUM($X$35:X456)),1,0)","v":0},423,{"$f":"IF(AND(SUM($X$35:X456)=0,X457=1),Y457,\"\")","v":""}]
[null,null,null,null,null,null,435,43.5,1.308786852084096,0.81733557631181897,0.41456585070036206,1.3170561503418763,1.9525399437481845,0.89993454016777141,1.0115745251552906,0.90024410193561177,0.9057007645272358,0.95295970094235516,0,0,null,null,{"$f":"IF(RAND()<poisson_parameter*model!K458,1,0)","v":0},{"$f":"IF(RAND()<(K447^quadratic_condition*L447-$T$21)*$T$22*(1+pref_attach_on*SUM($X$35:X457)),1,0)","v":0},424,{"$f":"IF(AND(SUM($X$35:X457)=0,X458=1),Y458,\"\")","v":""}]
[null,null,null,null,null,null,436,43.6,1.3089240309942556,0.81733556336876856,0.41382038812416511,1.3170561505790312,1.9529275239723234,0.90016910656274751,1.0115745773936871,0.90054850679247245,0.90585504340924805,0.95299646316298314,0,0,null,null,{"$f":"IF(RAND()<poisson_parameter*model!K459,1,0)","v":0},{"$f":"IF(RAND()<(K448^quadratic_condition*L448-$T$21)*$T$22*(1+pref_attach_on*SUM($X$35:X458)),1,0)","v":0},425,{"$f":"IF(AND(SUM($X$35:X458)=0,X459=1),Y459,\"\")","v":""}]
[null,null,null,null,null,null,437,43.7,1.3090565851902511,0.81733555094629506,0.4130861588802362,1.3170561508030978,1.9533012918031698,0.90040242636554724,1.0115746261144611,0.90084082226716977,0.90600372990947919,0.95303215732438096,0,0,null,null,{"$f":"IF(RAND()<poisson_parameter*model!K460,1,0)","v":0},{"$f":"IF(RAND()<(K449^quadratic_condition*L449-$T$21)*$T$22*(1+pref_attach_on*SUM($X$35:X459)),1,0)","v":0},426,{"$f":"IF(AND(SUM($X$35:X459)=0,X460=1),Y460,\"\")","v":""}]
[null,null,null,null,null,null,438,43.8,1.3091846608546631,0.8173355390234851,0.41236300107879242,1.3170561510147982,1.9536617283042916,0.90063442495570101,1.0115746715544816,0.90112147723435976,0.90614702505772715,0.95306681291723705,0,0,null,null,{"$f":"IF(RAND()<poisson_parameter*model!K461,1,0)","v":0},{"$f":"IF(RAND()<(K450^quadratic_condition*L450-$T$21)*$T$22*(1+pref_attach_on*SUM($X$35:X460)),1,0)","v":0},427,{"$f":"IF(AND(SUM($X$35:X460)=0,X461=1),Y461,\"\")","v":""}]
[null,null,null,null,null,null,439,43.9,1.3093084001343871,0.8173355275802644,0.4116507545252589,1.3170561512148149,1.9540092985436972,0.90086503224319314,1.0115747139346669,0.90139088655567456,0.90628512277796691,0.95310045866456405,0,0,null,null,{"$f":"IF(RAND()<poisson_parameter*model!K462,1,0)","v":0},{"$f":"IF(RAND()<(K451^quadratic_condition*L451-$T$21)*$T$22*(1+pref_attach_on*SUM($X$35:X461)),1,0)","v":0},428,{"$f":"IF(AND(SUM($X$35:X461)=0,X462=1),Y462,\"\")","v":""}]
[null,null,null,null,null,null,440,44,1.3094279412160896,0.81733551659736359,0.41094926074136667,1.3170561514037926,1.9543444520735784,0.9010941825005081,1.01157475346106,0.90164945148533393,0.9064182101308681,0.9531331225409182,0,0,null,null,{"$f":"IF(RAND()<poisson_parameter*model!K463,1,0)","v":0},{"$f":"IF(RAND()<(K452^quadratic_condition*L452-$T$21)*$T$22*(1+pref_attach_on*SUM($X$35:X462)),1,0)","v":0},429,{"$f":"IF(AND(SUM($X$35:X462)=0,X463=1),Y463,\"\")","v":""}]
[null,null,null,null,null,null,441,44.1,1.3095434184026544,0.81733550605628646,0.41025836298353363,1.3170561515823409,1.9546676233993452,0.90132181419864799,1.011574790325829,0.90189756006721222,0.90654646754866119,0.95316483179109146,0,0,null,null,{"$f":"IF(RAND()<poisson_parameter*model!K464,1,0)","v":0},{"$f":"IF(RAND()<(K453^quadratic_condition*L453-$T$21)*$T$22*(1+pref_attach_on*SUM($X$35:X463)),1,0)","v":0},430,{"$f":"IF(AND(SUM($X$35:X463)=0,X464=1),Y464,\"\")","v":""}]
[null,null,null,null,null,null,442,44.2,1.3096549621904063,0.8173354959392789,0.4095779062586779,1.3170561517510351,1.9549792324379067,0.90154786984714674,1.0115748247082017,0.90213558752330747,0.9066700690625481,0.95319561294829724,0,0,null,null,{"$f":"IF(RAND()<poisson_parameter*model!K465,1,0)","v":0},{"$f":"IF(RAND()<(K454^quadratic_condition*L454-$T$21)*$T$22*(1+pref_attach_on*SUM($X$35:X464)),1,0)","v":0},431,{"$f":"IF(AND(SUM($X$35:X464)=0,X465=1),Y465,\"\")","v":""}]
[null,null,null,null,null,null,443,44.3,1.3097626993469127,0.81733548622929897,0.40890773733760477,1.3170561519104191,1.9552796849651883,0.90177229583809571,1.0115748567753375,0.90236389663358041,0.90678918252285101,0.95322549185187033,0,0,null,null,{"$f":"IF(RAND()<poisson_parameter*model!K466,1,0)","v":0},{"$f":"IF(RAND()<(K455^quadratic_condition*L455-$T$21)*$T$22*(1+pref_attach_on*SUM($X$35:X465)),1,0)","v":0},432,{"$f":"IF(AND(SUM($X$35:X465)=0,X466=1),Y466,\"\")","v":""}]
[null,null,null,null,null,null,444,44.4,1.3098667529891816,0.81733547690998876,0.408247704766104,1.3170561520610069,1.9555693730528956,0.90199504229418526,1.0115748866831393,0.90258283810715267,0.90690396981209054,0.95325449366449799,0,0,null,null,{"$f":"IF(RAND()<poisson_parameter*model!K467,1,0)","v":0},{"$f":"IF(RAND()<(K456^quadratic_condition*L456-$T$21)*$T$22*(1+pref_attach_on*SUM($X$35:X466)),1,0)","v":0},433,{"$f":"IF(AND(SUM($X$35:X466)=0,X467=1),Y467,\"\")","v":""}]
[null,null,null,null,null,null,445,44.5,1.3099672426620823,0.8173354679656466,0.40759765887388694,1.3170561522032838,1.9558486754945572,0.90221606292075907,1.0115749145770121,0.9027927509448741,0.90701458705118421,0.95328264288900066,0,0,null,null,{"$f":"IF(RAND()<poisson_parameter*model!K468,1,0)","v":0},{"$f":"IF(RAND()<(K457^quadratic_condition*L457-$T$21)*$T$22*(1+pref_attach_on*SUM($X$35:X467)),1,0)","v":0},434,{"$f":"IF(AND(SUM($X$35:X467)=0,X468=1),Y468,\"\")","v":""}]
[null,null,null,null,null,null,446,44.6,1.3100642844168313,0.81733545938120111,0.40695745178148851,1.3170561523377082,1.9561179582209067,0.90243531486186912,1.0115749405925696,0.90299396279328503,0.90712118479895276,0.9533099633846791,0,0,null,null,{"$f":"IF(RAND()<poisson_parameter*model!K469,1,0)","v":0},{"$f":"IF(RAND()<(K458^quadratic_condition*L458-$T$21)*$T$22*(1+pref_attach_on*SUM($X$35:X468)),1,0)","v":0},435,{"$f":"IF(AND(SUM($X$35:X468)=0,X469=1),Y469,\"\")","v":""}]
[null,null,null,null,null,null,447,44.7,1.3101579908893981,0.81733545114218575,0.40632693740525255,1.317056152464714,1.9563775747046739,0.90265275856031246,1.0115749648562935,0.90318679029001558,0.90722390824511945,0.95333647838324198,0,0,null,null,{"$f":"IF(RAND()<poisson_parameter*model!K470,1,0)","v":0},{"$f":"IF(RAND()<(K459^quadratic_condition*L459-$T$21)*$T$22*(1+pref_attach_on*SUM($X$35:X469)),1,0)","v":0},436,{"$f":"IF(AND(SUM($X$35:X469)=0,X470=1),Y470,\"\")","v":""}]
[null,null,null,null,null,null,448,44.8,1.3102484713786939,0.81733544323471474,0.40570597146051485,1.3170561525847102,1.9566278663548786,0.9028683576216241,1.0115749874861488,0.9033715394006796,0.90732289739698502,0.95336221050433057,0,0,null,null,{"$f":"IF(RAND()<poisson_parameter*model!K471,1,0)","v":0},{"$f":"IF(RAND()<(K460^quadratic_condition*L460-$T$21)*$T$22*(1+pref_attach_on*SUM($X$35:X470)),1,0)","v":0},437,{"$f":"IF(AND(SUM($X$35:X470)=0,X471=1),Y471,\"\")","v":""}]
[null,null,null,null,null,null,449,44.9,1.3103358319244198,0.81733543564545963,0.4050944114630915,1.317056152698084,1.9568691629007329,0.90308207868199375,1.0115750085921564,0.90354850574733225,0.90741828725995899,0.95338718177065285,0,0,null,null,{"$f":"IF(RAND()<poisson_parameter*model!K472,1,0)","v":0},{"$f":"IF(RAND()<(K461^quadratic_condition*L461-$T$21)*$T$22*(1+pref_attach_on*SUM($X$35:X471)),1,0)","v":0},438,{"$f":"IF(AND(SUM($X$35:X471)=0,X472=1),Y472,\"\")","v":""}]
[null,null,null,null,null,null,450,45,1.3104201753844615,0.81733542836162709,0.40449211672917712,1.3170561528052007,1.957101782765271,0.90329389128006832,1.0115750282769291,0.90371797492857242,0.90751020801212245,0.95341141362274062,0,0,null,null,{"$f":"IF(RAND()<poisson_parameter*model!K473,1,0)","v":0},{"$f":"IF(RAND()<(K462^quadratic_condition*L462-$T$21)*$T$22*(1+pref_attach_on*SUM($X$35:X472)),1,0)","v":0},439,{"$f":"IF(AND(SUM($X$35:X472)=0,X473=1),Y473,\"\")","v":""}]
[null,null,null,null,null,null,451,45.1,1.3105016015117243,0.81733542137093751,0.40389894837375123,1.3170561529064058,1.9573260334288398,0.90350376773259788,1.0115750466361701,0.90388022283138203,0.90759878517299786,0.95343492693334242,0,{"$f":"S474-S473","v":0},null,null,{"$f":"IF(RAND()<poisson_parameter*model!K474,1,0)","v":0},{"$f":"IF(RAND()<(K463^quadratic_condition*L463-$T$21)*$T$22*(1+pref_attach_on*SUM($X$35:X473)),1,0)","v":0},440,{"$f":"IF(AND(SUM($X$35:X473)=0,X474=1),Y474,\"\")","v":""}]
[null,null,null,null,null,null,452,45.2,1.3105802070303145,0.8173354146616042,0.40331476930758681,1.3170561530020253,1.9575422117825911,0.9037116830138775,1.0115750637591376,0.90403551593480258,0.90768413976669526,0.95345774202146327,0,0,null,null,{"$f":"IF(RAND()<poisson_parameter*model!K475,1,0)","v":0},{"$f":"IF(RAND()<(K464^quadratic_condition*L464-$T$21)*$T$22*(1+pref_attach_on*SUM($X$35:X474)),1,0)","v":0},441,{"$f":"IF(AND(SUM($X$35:X474)=0,X475=1),Y475,\"\")","v":""}]
[null,null,null,null,null,null,453,45.3,1.3106560857109817,0.81733540822231388,0.40273944423295122,1.3170561530923677,1.9577506044721276,0.90391761463893228,1.0115750797290799,0.90418411160555823,0.90776638847960212,0.95347987866606299,0,0,null,null,{"$f":"IF(RAND()<poisson_parameter*model!K476,1,0)","v":0},{"$f":"IF(RAND()<(K465^quadratic_condition*L465-$T$21)*$T$22*(1+pref_attach_on*SUM($X$35:X475)),1,0)","v":0},442,{"$f":"IF(AND(SUM($X$35:X475)=0,X476=1),Y476,\"\")","v":""}]
[null,null,null,null,null,null,454,45.4,1.3107293284457413,0.81733540204220756,0.40217283963808498,1.3170561531777241,1.9579514882314621,0.90412154255039168,1.011575094623639,0.90432625838574132,0.90784564381278032,0.95350135611942288,0,0,null,null,{"$f":"IF(RAND()<poisson_parameter*model!K477,1,0)","v":0},{"$f":"IF(RAND()<(K466^quadratic_condition*L466-$T$21)*$T$22*(1+pref_attach_on*SUM($X$35:X476)),1,0)","v":0},443,{"$f":"IF(AND(SUM($X$35:X476)=0,X477=1),Y477,\"\")","v":""}]
[null,null,null,null,null,null,455,45.5,1.3108000233216088,0.81733539611086237,0.4016148237905392,1.3170561532583696,1.9581451302074573,0.90432344900899331,1.0115751085152294,0.90446219627268332,0.90792201422923113,0.9535221931201916,0,0,null,null,{"$f":"IF(RAND()<poisson_parameter*model!K478,1,0)","v":0},{"$f":"IF(RAND()<(K467^quadratic_condition*L467-$T$21)*$T$22*(1+pref_attach_on*SUM($X$35:X477)),1,0)","v":0},444,{"$f":"IF(AND(SUM($X$35:X477)=0,X478=1),Y478,\"\")","v":""}]
[null,null,null,null,null,null,456,45.6,1.3108682556933822,0.81733539041827408,0.40106526672944987,1.3170561533345644,1.9583317882749152,0.90452331848765444,1.0115751214713886,0.90459215699113782,0.9079956042961842,0.95354240790611899,0,0,null,null,{"$f":"IF(RAND()<poisson_parameter*model!K479,1,0)","v":0},{"$f":"IF(RAND()<(K468^quadratic_condition*L468-$T$21)*$T$22*(1+pref_attach_on*SUM($X$35:X478)),1,0)","v":0},445,{"$f":"IF(AND(SUM($X$35:X478)=0,X479=1),Y479,\"\")","v":""}]
[null,null,null,null,null,null,457,45.7,1.3109341082554151,0.81733538495484015,0.40052404025682198,1.3170561534065539,1.9585117113424992,0.90472113756904771,1.0115751335551066,0.90471636425790936,0.90806651482256373,0.95356201822648712,0,0,null,null,{"$f":"IF(RAND()<poisson_parameter*model!K480,1,0)","v":0},{"$f":"IF(RAND()<(K469^quadratic_condition*L469-$T$21)*$T$22*(1+pref_attach_on*SUM($X$35:X479)),1,0)","v":0},446,{"$f":"IF(AND(SUM($X$35:X479)=0,X480=1),Y480,\"\")","v":""}]
[null,null,null,null,null,null,458,45.8,1.3109976611123326,0.81733537971134407,0.39999101792789393,1.3170561534745704,1.9586851396496643,0.90491689484661375,1.011575144825132,0.90483503403906396,0.9081348429917816,0.95358104135424737,0,0,null,null,{"$f":"IF(RAND()<poisson_parameter*model!K481,1,0)","v":0},{"$f":"IF(RAND()<(K470^quadratic_condition*L470-$T$21)*$T$22*(1+pref_attach_on*SUM($X$35:X480)),1,0)","v":0},447,{"$f":"IF(AND(SUM($X$35:X480)=0,X481=1),Y481,\"\")","v":""}]
[null,null,null,null,null,null,459,45.9,1.3110589918486424,0.81733537467893935,0.39946607504064841,1.317056153538833,1.958852305054783,0.90511058082894258,1.0115751553362569,0.90494837479986034,0.90820068249000319,0.95359949409787115,0,0,null,null,{"$f":"IF(RAND()<poisson_parameter*model!K482,1,0)","v":0},{"$f":"IF(RAND()<(K471^quadratic_condition*L471-$T$21)*$T$22*(1+pref_attach_on*SUM($X$35:X481)),1,0)","v":0},448,{"$f":"IF(AND(SUM($X$35:X481)=0,X482=1),Y482,\"\")","v":""}]
[null,null,null,null,null,null,460,46,1.3111181755972068,0.81733536984913491,0.39894908862453304,1.3170561535995491,1.959013431314655,0.90530218784745409,1.0115751651395841,0.90505658774754516,0.9082641236300284,0.95361739281292257,0,0,null,null,{"$f":"IF(RAND()<poisson_parameter*model!K483,1,0)","v":0},{"$f":"IF(RAND()<(K472^quadratic_condition*L472-$T$21)*$T$22*(1+pref_attach_on*SUM($X$35:X482)),1,0)","v":0},449,{"$f":"IF(AND(SUM($X$35:X482)=0,X483=1),Y483,\"\")","v":""}]
[null,null,null,null,null,null,461,46.1,1.3111752851065397,0.81733536521378103,0.39843993742845074,1.3170561536569143,1.9591687343555859,0.90549170996730588,1.0115751742827754,0.90515986706715623,0.90832525347092619,0.95363475341336013,0,0,null,null,{"$f":"IF(RAND()<poisson_parameter*model!K484,1,0)","v":0},{"$f":"IF(RAND()<(K473^quadratic_condition*L473-$T$21)*$T$22*(1+pref_attach_on*SUM($X$35:X483)),1,0)","v":0},450,{"$f":"IF(AND(SUM($X$35:X483)=0,X484=1),Y484,\"\")","v":""}]
[null,null,null,null,null,null,462,46.2,1.3112303908069005,0.8173353607650552,0.39793850190807656,1.3170561537111134,1.9593184225362295,0.90567914290145568,1.011575182810283,0.90525840015047954,0.9083841559335587,0.9536515913825746,0,0,null,null,{"$f":"IF(RAND()<poisson_parameter*model!K485,1,0)","v":0},{"$f":"IF(RAND()<(K474^quadratic_condition*L474-$T$21)*$T$22*(1+pref_attach_on*SUM($X$35:X484)),1,0)","v":0},451,{"$f":"IF(AND(SUM($X$35:X484)=0,X485=1),Y485,\"\")","v":""}]
[null,null,null,null,null,null,463,46.3,1.3112835608751632,0.81733535649544942,0.39744466421255492,1.3170561537623213,1.959462696902381,0.90586448392780639,1.0115751907635657,0.9053523678183073,0.9084409119121255,0.95366792178416981,0,0,null,null,{"$f":"IF(RAND()<poisson_parameter*model!K486,1,0)","v":0},{"$f":"IF(RAND()<(K475^quadratic_condition*L475-$T$21)*$T$22*(1+pref_attach_on*SUM($X$35:X485)),1,0)","v":0},452,{"$f":"IF(AND(SUM($X$35:X485)=0,X486=1),Y486,\"\")","v":""}]
[null,null,null,null,null,null,464,46.4,1.3113348612984381,0.81733535239775745,0.39695830817062838,1.3170561538107031,1.959601751433915,0.90604773180935849,1.0115751981812906,0.90544194453614535,0.9084955993818572,0.95368375927249316,0,0,null,null,{"$f":"IF(RAND()<poisson_parameter*model!K487,1,0)","v":0},{"$f":"IF(RAND()<(K476^quadratic_condition*L476-$T$21)*$T$22*(1+pref_attach_on*SUM($X$35:X486)),1,0)","v":0},453,{"$f":"IF(AND(SUM($X$35:X486)=0,X487=1),Y487,\"\")","v":""}]
[null,null,null,null,null,null,465,46.5,1.3113843559364333,0.81733534846506251,0.39647931927624641,1.3170561538564147,1.9597357732840572,0.90622888671729662,1.011575205099521,0.90552729862351677,0.90854829350298238,0.95369911810292152,0,0,null,null,{"$f":"IF(RAND()<poisson_parameter*model!K488,1,0)","v":0},{"$f":"IF(RAND()<(K477^quadratic_condition*L477-$T$21)*$T$22*(1+pref_attach_on*SUM($X$35:X487)),1,0)","v":0},454,{"$f":"IF(AND(SUM($X$35:X487)=0,X488=1),Y488,\"\")","v":""}]
[null,null,null,null,null,null,466,46.6,1.3114321065825427,0.81733534469072577,0.39600758467369973,1.3170561538996035,1.9598649430111799,0.90640795015693509,1.0115752115518921,0.90560859245701142,0.90859906672108981,0.9537140121419091,0,0,null,null,{"$f":"IF(RAND()<poisson_parameter*model!K489,1,0)","v":0},{"$f":"IF(RAND()<(K478^quadratic_condition*L478-$T$21)*$T$22*(1+pref_attach_on*SUM($X$35:X488)),1,0)","v":0},455,{"$f":"IF(AND(SUM($X$35:X488)=0,X489=1),Y489,\"\")","v":""}]
[null,null,null,null,null,null,467,46.7,1.3114781730236529,0.81733534106837546,0.39554299314232394,1.3170561539404089,1.9599894348033116,0.90658492489644904,1.0115752175697736,0.90568598266722788,0.90864798886400266,0.95372845487680213,0,0,null,null,{"$f":"IF(RAND()<poisson_parameter*model!K490,1,0)","v":0},{"$f":"IF(RAND()<(K479^quadratic_condition*L479-$T$21)*$T$22*(1+pref_attach_on*SUM($X$35:X489)),1,0)","v":0},456,{"$f":"IF(AND(SUM($X$35:X489)=0,X490=1),Y490,\"\")","v":""}]
[null,null,null,null,null,null,468,46.8,1.3115226130986617,0.81733533759189581,0.39508543508081301,1.317056153978962,1.9601094166955484,0.90675981489831581,1.0115752231824233,0.90575962032975543,0.90869512723528079,0.95374245942542724,0,0,null,null,{"$f":"IF(RAND()<poisson_parameter*model!K491,1,0)","v":0},{"$f":"IF(RAND()<(K480^quadratic_condition*L480-$T$21)*$T$22*(1+pref_attach_on*SUM($X$35:X490)),1,0)","v":0},457,{"$f":"IF(AND(SUM($X$35:X490)=0,X491=1),Y491,\"\")","v":""}]
[null,null,null,null,null,null,469,46.9,1.3115654827557095,0.81733533425541682,0.39463480249118194,1.3170561540153876,1.9602250507805512,0.90693262525339347,1.0115752284171287,0.90582965115034209,0.90874054670446158,0.95375603854545721,0,0,null,null,{"$f":"IF(RAND()<poisson_parameter*model!K492,1,0)","v":0},{"$f":"IF(RAND()<(K481^quadratic_condition*L481-$T$21)*$T$22*(1+pref_attach_on*SUM($X$35:X491)),1,0)","v":0},458,{"$f":"IF(AND(SUM($X$35:X491)=0,X492=1),Y492,\"\")","v":""}]
[null,null,null,null,null,null,470,47,1.3116068361081188,0.81733533105330469,0.3941909889624145,1.3170561540498027,1.9603364934123144,0.90710336211756193,1.0115752332993395,0.90589621564439393,0.90878430979414704,0.95376920464356052,0,0,null,null,{"$f":"IF(RAND()<poisson_parameter*model!K493,1,0)","v":0},{"$f":"IF(RAND()<(K482^quadratic_condition*L482-$T$21)*$T$22*(1+pref_attach_on*SUM($X$35:X492)),1,0)","v":0},459,{"$f":"IF(AND(SUM($X$35:X492)=0,X493=1),Y493,\"\")","v":""}]
[null,null,null,null,null,null,471,47.1,1.3116467254890491,0.81733532798015185,0.39375388965383129,1.3170561540823185,1.9604438954033874,0.90727203265085521,1.0115752378527922,0.90595944931094907,0.90882647676404305,0.95378196978433938,0,0,null,null,{"$f":"IF(RAND()<poisson_parameter*model!K494,1,0)","v":0},{"$f":"IF(RAND()<(K483^quadratic_condition*L483-$T$21)*$T$22*(1+pref_attach_on*SUM($X$35:X493)),1,0)","v":0},460,{"$f":"IF(AND(SUM($X$35:X493)=0,X494=1),Y494,\"\")","v":""}]
[null,null,null,null,null,null,472,47.2,1.3116852015048697,0.81733532503076833,0.39332340127821025,1.3170561541130397,1.9605474022157279,0.90743864495901072,1.0115752420996249,0.90601948280126898,0.90886710569205165,0.95379434569905985,0,0,null,null,{"$f":"IF(RAND()<poisson_parameter*model!K495,1,0)","v":0},{"$f":"IF(RAND()<(K484^quadratic_condition*L484-$T$21)*$T$22*(1+pref_attach_on*SUM($X$35:X494)),1,0)","v":0},461,{"$f":"IF(AND(SUM($X$35:X494)=0,X495=1),Y495,\"\")","v":""}]
[null,null,null,null,null,null,473,47.3,1.3117223130872562,0.81733532220017269,0.39289942208469081,1.3170561541420656,1.9606471541453645,0.90760320803736572,1.0115752460604845,0.90607644208218674,0.90890625255251578,0.95380634379418072,0,0,null,null,{"$f":"IF(RAND()<poisson_parameter*model!K496,1,0)","v":0},{"$f":"IF(RAND()<(K485^quadratic_condition*L485-$T$21)*$T$22*(1+pref_attach_on*SUM($X$35:X495)),1,0)","v":0},462,{"$f":"IF(AND(SUM($X$35:X495)=0,X496=1),Y496,\"\")","v":""}]
[null,null,null,null,null,null,474,47.4,1.3117581075440228,0.81733531948358396,0.39248185184149015,1.3170561541694894,1.9607432865010417,0.90776573171702934,1.011575249754628,0.90613044859435199,0.90894397129171201,0.95381797515968392,0,0,null,null,{"$f":"IF(RAND()<poisson_parameter*model!K497,1,0)","v":0},{"$f":"IF(RAND()<(K486^quadratic_condition*L486-$T$21)*$T$22*(1+pref_attach_on*SUM($X$35:X496)),1,0)","v":0},463,{"$f":"IF(AND(SUM($X$35:X496)=0,X497=1),Y497,\"\")","v":""}]
[null,null,null,null,null,null,475,47.5,1.3117926306086987,0.81733531687641325,0.39207059181845932,1.3170561541953998,1.9608359297770181,0.90792622661326039,1.0115752532000153,0.90618161940550779,0.90898031390068401,0.95382925057721124,0,0,null,null,{"$f":"IF(RAND()<poisson_parameter*model!K498,1,0)","v":0},{"$f":"IF(RAND()<(K487^quadratic_condition*L487-$T$21)*$T$22*(1+pref_attach_on*SUM($X$35:X497)),1,0)","v":0},464,{"$f":"IF(AND(SUM($X$35:X497)=0,X498=1),Y498,\"\")","v":""}]
[null,null,null,null,null,null,476,47.6,1.3118259264888592,0.81733531437425633,0.39166554476950477,1.3170561542198802,1.9609252098201886,0.90808470407598285,1.0115752564133971,0.90623006735893563,0.90901533048550698,0.95384018052801223,0,0,null,null,{"$f":"IF(RAND()<poisson_parameter*model!K499,1,0)","v":0},{"$f":"IF(RAND()<(K488^quadratic_condition*L488-$T$21)*$T$22*(1+pref_attach_on*SUM($X$35:X498)),1,0)","v":0},465,{"$f":"IF(AND(SUM($X$35:X498)=0,X499=1),Y499,\"\")","v":""}]
[null,null,null,null,null,null,477,47.7,1.3118580379132292,0.817335311972886,0.39126661491489928,1.3170561542430095,1.9610112479916904,0.90824117614237132,1.0115752594103964,0.90627590121719914,0.90904906933507046,0.95385077520070649,0,0,null,null,{"$f":"IF(RAND()<poisson_parameter*model!K500,1,0)","v":0},{"$f":"IF(RAND()<(K489^quadratic_condition*L489-$T$21)*$T$22*(1+pref_attach_on*SUM($X$35:X499)),1,0)","v":0},466,{"$f":"IF(AND(SUM($X$35:X499)=0,X500=1),Y500,\"\")","v":""}]
[null,null,null,null,null,null,478,47.8,1.3118890061775692,0.81733530966824519,0.39087370792350523,1.3170561542648622,1.9610941613231596,0.90839565549143941,1.0115752622055838,0.90631922580131818,0.90908157698646352,0.95386104449886477,0,0,null,null,{"$f":"IF(RAND()<poisson_parameter*model!K501,1,0)","v":0},{"$f":"IF(RAND()<(K490^quadratic_condition*L490-$T$21)*$T$22*(1+pref_attach_on*SUM($X$35:X500)),1,0)","v":0},467,{"$f":"IF(AND(SUM($X$35:X500)=0,X501=1),Y501,\"\")","v":""}]
[null,null,null,null,null,null,479,47.9,1.3119188711893619,0.8173353074564399,0.39048673089493141,1.317056154285509,1.9611740626677943,0.90854815540056677,1.0115752648125491,0.90636014212549987,0.90911289828804476,0.9538709980484128,0,0,null,null,{"$f":"IF(RAND()<poisson_parameter*model!K502,1,0)","v":0},{"$f":"IF(RAND()<(K491^quadratic_condition*L491-$T$21)*$T$22*(1+pref_attach_on*SUM($X$35:X501)),1,0)","v":0},468,{"$f":"IF(AND(SUM($X$35:X501)=0,X502=1),Y502,\"\")","v":""}]
[null,null,null,null,null,null,480,48,1.3119476715113163,0.81733530533373289,0.39010559234164344,1.3170561543050163,1.9612510608463791,0.90869868970389978,1.0115752672439666,0.90639874752755267,0.90914307646027592,0.95388064520486104,0,0,null,null,{"$f":"IF(RAND()<poisson_parameter*model!K503,1,0)","v":0},{"$f":"IF(RAND()<(K492^quadratic_condition*L492-$T$21)*$T$22*(1+pref_attach_on*SUM($X$35:X502)),1,0)","v":0},469,{"$f":"IF(AND(SUM($X$35:X502)=0,X503=1),Y503,\"\")","v":""}]
[null,null,null,null,null,null,481,48.1,1.3119754444037055,0.81733530329653703,0.38973020217104642,1.3170561543234469,1.9613252607884242,0.90884727275256427,1.0115752695116573,0.90643513579510604,0.9091721531543967,0.95388999506036531,0,0,null,null,{"$f":"IF(RAND()<poisson_parameter*model!K504,1,0)","v":0},{"$f":"IF(RAND()<(K493^quadratic_condition*L493-$T$21)*$T$22*(1+pref_attach_on*SUM($X$35:X503)),1,0)","v":0},470,{"$f":"IF(AND(SUM($X$35:X503)=0,X504=1),Y504,\"\")","v":""}]
[null,null,null,null,null,null,482,48.2,1.3120022258655577,0.81733530134140964,0.3893604716675575,1.3170561543408603,1.9613967636685661,0.90899391937662766,1.0115752716266464,0.906469397287756,0.90920016850901397,0.95389905645062012,0,0,null,null,{"$f":"IF(RAND()<poisson_parameter*model!K505,1,0)","v":0},{"$f":"IF(RAND()<(K494^quadratic_condition*L494-$T$21)*$T$22*(1+pref_attach_on*SUM($X$35:X504)),1,0)","v":0},471,{"$f":"IF(AND(SUM($X$35:X504)=0,X505=1),Y505,\"\")","v":""}]
[null,null,null,null,null,null,483,48.3,1.3120280506747186,0.81733529946504657,0.38899631347468483,1.3170561543573127,1.9614656670383757,0.90913864484875129,1.0115752735992165,0.90650161905525539,0.90922716120467839,0.95390783796158973,0,0,null,null,{"$f":"IF(RAND()<poisson_parameter*model!K506,1,0)","v":0},{"$f":"IF(RAND()<(K495^quadratic_condition*L495-$T$21)*$T$22*(1+pref_attach_on*SUM($X$35:X505)),1,0)","v":0},472,{"$f":"IF(AND(SUM($X$35:X505)=0,X506=1),Y506,\"\")","v":""}]
[null,null,null,null,null,null,484,48.4,1.3120529524268056,0.81733529766427648,0.3886376415771281,1.3170561543728572,1.9615320649537147,0.90928146484947414,1.0115752754389578,0.90653188495186265,0.90925316851651716,0.95391634793607971,0,0,null,null,{"$f":"IF(RAND()<poisson_parameter*model!K507,1,0)","v":0},{"$f":"IF(RAND()<(K496^quadratic_condition*L496-$T$21)*$T$22*(1+pref_attach_on*SUM($X$35:X506)),1,0)","v":0},473,{"$f":"IF(AND(SUM($X$35:X506)=0,X507=1),Y507,\"\")","v":""}]
[null,null,null,null,null,null,485,48.5,1.3120769635730738,0.81733529593605558,0.3882843712829151,1.3170561543875436,1.961596048097779,0.90942239543407055,1.0115752771548145,0.90656027574696352,0.909278226364991,0.95392459448015188,0,0,null,null,{"$f":"IF(RAND()<poisson_parameter*model!K508,1,0)","v":0},{"$f":"IF(RAND()<(K497^quadratic_condition*L497-$T$21)*$T$22*(1+pref_attach_on*SUM($X$35:X507)),1,0)","v":0},474,{"$f":"IF(AND(SUM($X$35:X507)=0,X508=1),Y508,\"\")","v":""}]
[null,null,null,null,null,null,486,48.6,1.3121001154572127,0.81733529427746265,0.38793641920558786,1.3170561544014197,1.9616577038999639,0.90956145300092517,1.0115752787551291,0.9065868692320751,0.90930236936483999,0.95393258546938708,0,0,null,null,{"$f":"IF(RAND()<poisson_parameter*model!K509,1,0)","v":0},{"$f":"IF(RAND()<(K498^quadratic_condition*L498-$T$21)*$T$22*(1+pref_attach_on*SUM($X$35:X508)),1,0)","v":0},475,{"$f":"IF(AND(SUM($X$35:X508)=0,X509=1),Y509,\"\")","v":""}]
[null,null,null,null,null,null,487,48.7,1.3121224383510968,0.81733529268569405,0.38759370324645021,1.3170561544145298,1.961717116650681,0.9096986542613722,1.0115752802476816,0.90661174032434,0.9093256308722818,0.95394032855499789,0,0,null,null,{"$f":"IF(RAND()<poisson_parameter*model!K510,1,0)","v":0},{"$f":"IF(RAND()<(K499^quadratic_condition*L499-$T$21)*$T$22*(1+pref_attach_on*SUM($X$35:X509)),1,0)","v":0},476,{"$f":"IF(AND(SUM($X$35:X509)=0,X510=1),Y510,\"\")","v":""}]
[null,null,null,null,null,null,488,48.8,1.3121439614895092,0.81733529115805892,0.38725614257688928,1.3170561544269166,1.9617743676122572,0.90983401621094406,1.0115752816397288,0.90663496116661635,0.90934804303052241,0.95394783116979465,0,0,null,null,{"$f":"IF(RAND()<poisson_parameter*model!K511,1,0)","v":0},{"$f":"IF(RAND()<(K500^quadratic_condition*L500-$T$21)*$T$22*(1+pref_attach_on*SUM($X$35:X510)),1,0)","v":0},477,{"$f":"IF(AND(SUM($X$35:X510)=0,X511=1),Y511,\"\")","v":""}]
[null,null,null,null,null,null,489,48.9,1.312164713103861,0.81733528969197455,0.38692365762078096,1.3170561544386197,1.9618295351260375,0.9099675561019791,1.0115752829380382,0.90665660122426561,0.90936963681363892,0.95395510053400845,0,0,null,null,{"$f":"IF(RAND()<poisson_parameter*model!K512,1,0)","v":0},{"$f":"IF(RAND()<(K501^quadratic_condition*L501-$T$21)*$T$22*(1+pref_attach_on*SUM($X$35:X511)),1,0)","v":0},478,{"$f":"IF(AND(SUM($X$35:X511)=0,X512=1),Y512,\"\")","v":""}]
[null,null,null,null,null,null,490,49,1.312184720454926,0.81733528828496227,0.38659617003698948,1.3170561544496768,1.9618826947158159,0.91009929141753665,1.0115752841489223,0.90667672737873906,0.90939044206889175,0.95396214366097365,0,0,null,null,{"$f":"IF(RAND()<poisson_parameter*model!K513,1,0)","v":0},{"$f":"IF(RAND()<(K502^quadratic_condition*L502-$T$21)*$T$22*(1+pref_attach_on*SUM($X$35:X512)),1,0)","v":0},479,{"$f":"IF(AND(SUM($X$35:X512)=0,X513=1),Y513,\"\")","v":""}]
[null,null,null,null,null,null,491,49.1,1.3122040098646146,0.81733528693464308,0.38627360270197064,1.3170561544601238,1.9619339191877099,0.91022923984657145,1.0115752852782678,0.90669540401806015,0.90941048755752008,0.95396896736267256,0,0,null,null,{"$f":"IF(RAND()<poisson_parameter*model!K514,1,0)","v":0},{"$f":"IF(RAND()<(K503^quadratic_condition*L503-$T$21)*$T$22*(1+pref_attach_on*SUM($X$35:X513)),1,0)","v":0},480,{"$f":"IF(AND(SUM($X$35:X513)=0,X514=1),Y514,\"\")","v":""}]
[null,null,null,null,null,null,492,49.2,1.3122226067468061,0.81733528563873392,0.38595587969248679,1.3170561544699941,1.9619832787265947,0.91035741926031943,1.0115752863315655,0.90671269312429792,0.909429800994075,0.95397557825514545,0,0,null,null,{"$f":"IF(RAND()<poisson_parameter*model!K515,1,0)","v":0},{"$f":"IF(RAND()<(K504^quadratic_condition*L504-$T$21)*$T$22*(1+pref_attach_on*SUM($X$35:X514)),1,0)","v":0},481,{"$f":"IF(AND(SUM($X$35:X514)=0,X515=1),Y515,\"\")","v":""}]
[null,null,null,null,null,null,493,49.3,1.3122405356372615,0.81733528439504333,0.38564292626844193,1.3170561544793198,1.9620308409892089,0.91048384768984825,1.0115752873139363,0.90672865435812433,0.90944840908434077,0.95398198276376955,0,0,null,null,{"$f":"IF(RAND()<poisson_parameter*model!K516,1,0)","v":0},{"$f":"IF(RAND()<(K505^quadratic_condition*L505-$T$21)*$T$22*(1+pref_attach_on*SUM($X$35:X515)),1,0)","v":0},482,{"$f":"IF(AND(SUM($X$35:X515)=0,X516=1),Y516,\"\")","v":""}]
[null,null,null,null,null,null,494,49.4,1.3122578202226403,0.8173352832014682,0.38533466885584372,1.3170561544881307,1.9620766711940389,0.91060854330472807,1.0115752882301563,0.906743345140546,0.9094663375618951,0.95398818712840794,0,0,null,null,{"$f":"IF(RAND()<poisson_parameter*model!K517,1,0)","v":0},{"$f":"IF(RAND()<(K506^quadratic_condition*L506-$T$21)*$T$22*(1+pref_attach_on*SUM($X$35:X516)),1,0)","v":0},483,{"$f":"IF(AND(SUM($X$35:X516)=0,X517=1),Y517,\"\")","v":""}]
[null,null,null,null,null,null,495,49.5,1.3122744833686388,0.81733528205599015,0.38503103502989955,1.3170561544964554,1.9621208322080894,0.91073152439277905,1.0115752890846799,0.90675682073189812,0.90948361122335486,0.95399419740843305,0,0,null,null,{"$f":"IF(RAND()<poisson_parameter*model!K518,1,0)","v":0},{"$f":"IF(RAND()<(K507^quadratic_condition*L507-$T$21)*$T$22*(1+pref_attach_on*SUM($X$35:X517)),1,0)","v":0},484,{"$f":"IF(AND(SUM($X$35:X517)=0,X518=1),Y518,\"\")","v":""}]
[null,null,null,null,null,null,496,49.6,1.3122905471472752,0.81733528095667185,0.38473195349825212,1.3170561545043207,1.9621633846306397,0.91085280934085289,1.0115752898816615,0.90676913430818595,0.90950025396235545,0.95400001948762603,0,0,null,null,{"$f":"IF(RAND()<poisson_parameter*model!K519,1,0)","v":0},{"$f":"IF(RAND()<(K508^quadratic_condition*L508-$T$21)*$T$22*(1+pref_attach_on*SUM($X$35:X518)),1,0)","v":0},485,{"$f":"IF(AND(SUM($X$35:X518)=0,X519=1),Y519,\"\")","v":""}]
[null,null,null,null,null,null,497,49.7,1.3123060328633394,0.81733527990165411,0.38443735408436097,1.3170561545117518,1.9622043868740884,0.91097241661660733,1.011575290624976,0.90678033703485739,0.90951628880230673,0.95400565907895574,0,0,null,null,{"$f":"IF(RAND()<poisson_parameter*model!K520,1,0)","v":0},{"$f":"IF(RAND()<(K509^quadratic_condition*L509-$T$21)*$T$22*(1+pref_attach_on*SUM($X$35:X519)),1,0)","v":0},486,{"$f":"IF(AND(SUM($X$35:X519)=0,X520=1),Y520,\"\")","v":""}]
[null,null,null,null,null,null,498,49.8,1.3123209610800299,0.81733527888915247,0.38414716771103408,1.3170561545187729,1.9622438952419805,0.9110903647512345,1.0115752913182372,0.90679047813808766,0.9095317379279706,0.95401112172923852,0,0,null,null,{"$f":"IF(RAND()<poisson_parameter*model!K521,1,0)","v":0},{"$f":"IF(RAND()<(K510^quadratic_condition*L510-$T$21)*$T$22*(1+pref_attach_on*SUM($X$35:X520)),1,0)","v":0},487,{"$f":"IF(AND(SUM($X$35:X520)=0,X521=1),Y521,\"\")","v":""}]
[null,null,null,null,null,null,499,49.9,1.3123353516437986,0.81733527791745431,0.38386132638411502,1.3170561545254065,1.962281964004311,0.91120667232310459,1.0115752919648155,0.90679960497365475,0.90954662271590059,0.95401641282368299,0,0,null,null,{"$f":"IF(RAND()<poisson_parameter*model!K522,1,0)","v":0},{"$f":"IF(RAND()<(K511^quadratic_condition*L511-$T$21)*$T$22*(1+pref_attach_on*SUM($X$35:X521)),1,0)","v":0},488,{"$f":"IF(AND(SUM($X$35:X521)=0,X522=1),Y522,\"\")","v":""}]
[]
[null,null,null,null,null,null,null,null,{"$f":"SUM(I24:I522)","v":503.68942264701252},365.04591319403573,239.4805609365402,537.92169740179531,515.12979064357501,259.55327776134544,274.67355432228123,175.92687917115833,194.05113531873153,262.24350971233594,null,{"$f":"SUM(T24:T522)","v":0},{"$f":"SUM(W35:W522)","v":0}]
[]
[null,null,null,null,null,null,null,null,null,null,null,null,null,null,null,null,null,null,null,1]
[null,null,null,null,null,null,null,null,null,null,null,null,null,null,null,null,null,null,null,2]
[null,null,null,null,null,null,null,null,null,null,null,null,null,null,null,null,null,null,null,3]
[null,null,null,null,null,null,null,null,null,null,null,null,null,null,null,null,null,null,null,4]
[null,null,null,null,null,null,null,null,null,null,null,null,null,null,null,null,null,null,null,5]
[null,null,null,null,null,null,null,null,null,null,null,null,null,null,null,null,null,null,null,6]
[null,null,null,null,null,null,null,null,null,null,null,null,null,null,null,null,null,null,null,7]
[null,null,null,null,null,null,null,null,null,null,null,null,null,null,null,null,null,null,null,8]
[null,null,null,null,null,null,null,null,null,null,null,null,null,null,null,null,null,null,null,9]
[null,null,null,null,null,null,null,null,null,null,null,null,null,null,null,null,null,null,null,10]
[null,null,null,null,null,null,null,null,null,null,null,null,null,null,null,"slope productivity",null,null,null,11]
[null,null,null,null,null,null,null,null,null,null,null,null,null,1,{"$f":"SUM(X35:X74)","v":0},{"$f":"SLOPE(T24:T522,time_for_slope)","v":0},null,null,null,12]
[null,null,null,null,null,null,null,null,null,null,null,null,null,2,{"$f":"SUM(X75:X114)","v":0},null,null,null,null,13]
[null,null,null,null,null,null,null,null,null,null,null,null,null,3,{"$f":"SUM(X115:X154)","v":0},null,null,null,null,14]
[null,null,null,null,null,null,null,null,null,null,null,null,null,4,{"$f":"SUM(X155:X194)","v":0},null,null,null,null,15]
[null,null,null,null,null,null,null,null,null,null,null,null,null,5,{"$f":"SUM(X195:X234)","v":0},null,null,null,null,16]
[null,null,null,null,null,null,null,null,null,null,null,null,null,6,{"$f":"SUM(X236:X274)","v":0},null,null,null,null,17]
[null,null,null,null,null,null,null,null,null,null,null,null,null,7,{"$f":"SUM(X275:X315)","v":0},null,null,null,null,18]
[null,null,null,null,null,null,null,null,null,null,null,null,null,8,{"$f":"SUM(X315:X354)","v":0},null,null,null,null,19]
[null,null,null,null,null,null,null,null,null,null,null,null,null,9,{"$f":"SUM(X355:X394)","v":0},null,null,null,null,20]
[null,null,null,null,null,null,null,null,null,null,null,null,null,10,{"$f":"SUM(X395:X434)","v":0},null,null,null,null,21]
[null,null,null,null,null,null,null,null,null,null,null,null,null,11,{"$f":"SUM(X435:X474)","v":0},null,null,null,null,22]
[null,null,null,null,null,null,null,null,null,null,null,null,null,12,{"$f":"SUM(V475:V533)","v":0},null,null,null,null,23]
[null,null,null,null,null,null,null,null,null,null,null,null,null,null,null,null,null,null,null,24]
[null,null,null,null,null,null,null,null,null,null,null,null,null,null,null,null,null,null,null,25]
[null,null,null,null,null,null,null,null,null,null,null,null,null,null,null,null,null,null,null,26]
[null,null,null,null,null,null,null,null,null,null,null,null,null,null,null,null,null,null,null,27]
[null,null,null,null,null,null,null,null,null,null,null,null,null,null,null,null,null,null,null,28]
[null,null,null,null,null,null,null,null,null,null,null,null,null,null,null,null,null,null,null,29]
[null,null,null,null,null,null,null,null,null,null,null,null,null,null,null,null,null,null,null,30]
[null,null,null,null,null,null,null,null,null,null,null,null,null,null,null,null,null,null,null,31]
[null,null,null,null,null,null,null,null,null,null,null,null,null,null,null,null,null,null,null,32]
[null,null,null,null,null,null,null,null,null,null,null,null,null,null,null,null,null,null,null,33]
[null,null,null,null,null,null,null,null,null,null,null,null,null,null,null,null,null,null,null,34]
[null,null,null,null,null,null,null,null,null,null,null,null,null,null,null,null,null,null,null,35]
[null,null,null,null,null,null,null,null,null,null,null,null,null,null,null,null,null,null,null,36]
[null,null,null,null,null,null,null,null,null,null,null,null,null,null,null,null,null,null,null,37]
[null,null,null,null,null,null,null,null,null,null,null,null,null,null,null,null,null,null,null,38]
[null,null,null,null,null,null,null,null,null,null,null,null,null,null,null,null,null,null,null,39]
[null,null,null,null,null,null,null,null,null,null,null,null,null,null,null,null,null,null,null,40]
[null,null,null,null,null,null,null,null,null,null,null,null,null,null,null,null,null,null,null,41]
[null,null,null,null,null,null,null,null,null,null,null,null,null,null,null,null,null,null,null,42]
[null,null,null,null,null,null,null,null,null,null,null,null,null,null,null,null,null,null,null,43]
[null,null,null,null,null,null,null,null,"grower1","grower2","grower3","grower4","grower5","grower6","grower7","grower8","grower9","grower10",null,44]
[null,null,null,null,null,null,null,null,{"$f":"I24","v":2.6669577194843443E-2},{"$f":"J24","v":3.4884437301661818E-2},{"$f":"K24","v":1.0334763803984971E-2},{"$f":"L24","v":7.6535013737156991E-3},6.2290806905366484E-3,1.4462336723227054E-2,2.9447399300988764E-2,2.4235150730237368E-2,2.8874957037623973E-2,3.8826484465971589E-2,null,45]
[null,null,null,null,null,null,null,null,{"$f":"I44","v":7.7016004692030487E-2},{"$f":"J44","v":9.323991394223069E-2},{"$f":"K44","v":2.2194759485297023E-2},{"$f":"L44","v":2.3737177995327274E-2},6.6978066442320216E-3,1.4462336723227054E-2,2.9447399300988764E-2,2.4235150730237368E-2,2.8874957037623973E-2,3.8826484465971589E-2,null,46]
[null,null,null,null,null,null,null,null,{"$f":"I64","v":0.20150350836489839},{"$f":"J64","v":0.22622194758367986},{"$f":"K64","v":4.6973898280632836E-2},{"$f":"L64","v":7.1761262346804078E-2},1.3800769251560036E-2,1.4462336723227054E-2,2.9447399300988764E-2,2.4235150730237368E-2,2.8874957037623973E-2,3.8826484465971589E-2,null,47]
[null,null,null,null,null,null,null,null,{"$f":"I84","v":0.42869077986686688},{"$f":"J84","v":0.45170527217449069},{"$f":"K84","v":9.6421108144172249E-2},{"$f":"L84","v":0.20173519723387004},2.8212978563418138E-2,1.4462336723227054E-2,2.9447399300988764E-2,2.4235150730237368E-2,2.8874957037623973E-2,3.8826484465971589E-2,null,48]
[null,null,null,null,null,null,null,null,{"$f":"I104","v":0.68314124235804974},{"$f":"J104","v":0.68530035730119088},{"$f":"K104","v":0.18665389613766054},{"$f":"L104","v":0.47669112617942688},5.6771726507225E-2,1.4462336723227054E-2,2.9447399300988764E-2,2.4235150730237368E-2,2.8874957037623973E-2,3.8826484465971589E-2,null,49]
[null,null,null,null,null,null,null,null,{"$f":"I124","v":0.85521530454373607},{"$f":"J124","v":0.81455370653413617},{"$f":"K124","v":0.32698206876518349},{"$f":"L124","v":0.84252809141024898},0.11080221400096739,1.4462336723227054E-2,2.9447399300988764E-2,2.4235150730237368E-2,2.8874957037623973E-2,3.8826484465971589E-2,null,50]
[null,null,null,null,null,null,null,null,{"$f":"I144","v":0.94247469072293044},{"$f":"J144","v":0.84670085548913687},{"$f":"K144","v":0.4972839706238974},{"$f":"L144","v":1.1157783934859975},0.20463844256889047,1.4462336723227054E-2,2.9447399300988764E-2,2.4235150730237368E-2,2.8874957037623973E-2,3.8826484465971589E-2,null,51]
[null,null,null,null,null,null,null,null,{"$f":"I164","v":0.98979566983379452},{"$f":"J164","v":0.8418397038217883},{"$f":"K164","v":0.64664209234509928},{"$f":"L164","v":1.24499308738322},0.3458320011074496,1.4462336723227054E-2,2.9447399300988764E-2,2.4235150730237368E-2,2.8874957037623973E-2,3.8826484465971589E-2,null,52]
[null,null,null,null,null,null,null,null,{"$f":"I184","v":1.0256446222616253},{"$f":"J184","v":0.83198660395816393},{"$f":"K184","v":0.73597525714800383},{"$f":"L184","v":1.2930211950249999},0.51859802457886484,2.2675344117659882E-2,2.9447399300988764E-2,2.4235150730237368E-2,2.8874957037623973E-2,6.7044875452682548E-2,null,53]
[null,null,null,null,null,null,null,null,{"$f":"I204","v":1.0584995163102149},{"$f":"J204","v":0.82503741532879149},{"$f":"K204","v":0.76673281293098194},{"$f":"L204","v":1.3092383922983744},0.68412962563745006,6.8106845481090653E-2,2.9447399300988764E-2,2.4235150730237368E-2,2.8874957037623973E-2,0.13369802622158766,null,54]
[null,null,null,null,null,null,null,null,{"$f":"I224","v":1.0868390976845976},{"$f":"J224","v":0.82112936124377389},{"$f":"K224","v":0.7629135391453622},{"$f":"L224","v":1.3145343771288707},0.80989406892391913,0.18989782800810071,0.10086971142645919,2.4235150730237368E-2,2.8874957037623973E-2,0.24773250448627657,null,55]
[null,null,null,null,null,null,null,null,{"$f":"I244","v":1.108282786499081},{"$f":"J244","v":0.81913485678146547},{"$f":"K244","v":0.74597042894048815},{"$f":"L244","v":1.3162448997571334},0.89675774777398709,0.43858839061812427,0.30887653509618801,2.8475402028855332E-2,5.7828797541684712E-2,0.40951790377954389,null,56]
[null,null,null,null,null,null,null,null,{"$f":"I264","v":1.1244428920719702},{"$f":"J264","v":0.81816864744399909},{"$f":"K264","v":0.72570103809358844},{"$f":"L264","v":1.3167954015410008},0.97029488193422431,0.73940732138901832,0.64437039820464626,6.1409732266934844E-2,0.11585051013898653,0.5872909751395331,null,57]
[null,null,null,null,null,null,null,null,{"$f":"I284","v":1.1390970309757995},{"$f":"J284","v":0.81771510321605323},{"$f":"K284","v":0.70374861170816794},{"$f":"L284","v":1.316972367006126},1.0560105619397555,0.92877393285431964,0.88586400119265329,0.12317160968727819,0.21696112533643286,0.73565529888372372,null,58]
[null,null,null,null,null,null,null,null,{"$f":"I304","v":1.1566900324156357},{"$f":"J304","v":0.81750650502155264},{"$f":"K304","v":0.67757553619577704},{"$f":"L304","v":1.3170292336352836},1.1782895515110481,0.98543245655849909,0.97714279247318225,0.22666893950406863,0.36505884879055706,0.83397528563521006,null,59]
[null,null,null,null,null,null,null,null,{"$f":"I324","v":1.1807903823545067},{"$f":"J324","v":0.8174118741241212},{"$f":"K324","v":0.64371589287049125},{"$f":"L324","v":1.3170475051588522},1.3459638632674154,0.97215757574898598,1.0028083353450146,0.37349874045640591,0.53519938468453621,0.88996804030646481,null,60]
[null,null,null,null,null,null,null,null,{"$f":"I344","v":1.2113170508711619},{"$f":"J344","v":0.81736935043802461},{"$f":"K344","v":0.60166098607829255},{"$f":"L344","v":1.3170533756634344},1.5353178754514871,0.93832644826600686,1.0093864879586909,0.53925592622639673,0.6842652615755177,0.91959811384308521,null,61]
[null,null,null,null,null,null,null,null,{"$f":"I364","v":1.2432039864232105},{"$f":"J364","v":0.81735036890632695},{"$f":"K364","v":0.55584921738527471},{"$f":"L364","v":1.3170552617897053},1.702098140250873,0.90979373077315062,1.0110315371888363,0.68444472972085579,0.78723969754345191,0.93511250370833499,null,62]
[null,null,null,null,null,null,null,null,{"$f":"I384","v":1.2700147348170241},{"$f":"J384","v":0.8173419360861951},{"$f":"K384","v":0.51269579394828624},{"$f":"L384","v":1.3170558677782056},1.8192184893837975,0.89444838994661102,1.0114403816881172,0.78603042115924271,0.84738759989428747,0.94347271897374529,null,63]
[null,null,null,null,null,null,null,null,{"$f":"I404","v":1.2887003107036212},{"$f":"J404","v":0.81733820238187316},{"$f":"K404","v":0.47636279948708027},{"$f":"L404","v":1.3170560624743941},1.8889398767780339,0.89016469122067932,1.0115418349140828,0.84633749869316799,0.87916541063872788,0.94814221266111409,null,64]
[null,null,null,null,null,null,null,null,{"$f":"I424","v":1.3000317694456964},{"$f":"J424","v":0.81733655329000465},{"$f":"K424","v":0.44784038969865825},{"$f":"L424","v":1.3170561250277106},1.9263817978444158,0.89214500008006437,1.0115670004868778,0.87848645989479979,0.89507296243743839,0.95080111279881008,null,65]
[null,null,null,null,null,null,null,null,{"$f":"I444","v":1.3062886852804996},{"$f":"J444","v":0.81733582621133838},{"$f":"K444","v":0.42627625222719373},{"$f":"L444","v":1.3170561451252636},1.9453516635862049,0.89657383081417763,1.0115732422374772,0.89443583104053548,0.90282187092542276,0.95231436090445876,null,66]
[null,null,null,null,null,null,null,null,{"$f":"I464","v":1.3095434184026544},{"$f":"J464","v":0.81733550605628646},{"$f":"K464","v":0.41025836298353363},{"$f":"L464","v":1.3170561515823409},1.9546676233993452,0.90132181419864799,1.011574790325829,0.90189756006721222,0.90654646754866119,0.95316483179109146,null,67]
[null,null,null,null,null,null,null,null,{"$f":"I484","v":1.3111752851065397},{"$f":"J484","v":0.81733536521378103},{"$f":"K484","v":0.39843993742845074},{"$f":"L484","v":1.3170561536569143},1.9591687343555859,0.90549170996730588,1.0115751742827754,0.90515986706715623,0.90832525347092619,0.95363475341336013,null,68]
[null,null,null,null,null,null,null,null,null,null,null,null,null,null,null,null,null,null,null,69]
[null,null,null,null,null,null,null,null,null,null,null,null,null,null,null,null,null,null,null,70]
[null,null,null,null,null,null,null,null,null,null,null,null,null,null,null,null,null,null,null,71]
[null,null,null,null,null,null,null,null,null,null,null,null,null,null,null,null,null,null,null,72]
[null,null,null,null,null,null,null,null,null,null,null,null,null,null,null,null,null,null,null,73]
[null,null,null,null,null,null,null,null,null,null,null,null,null,null,null,null,null,null,null,74]
[null,null,null,null,null,null,null,null,null,null,null,null,null,null,null,null,null,null,null,75]
[null,null,null,null,null,null,null,null,null,null,null,null,null,null,null,null,null,null,null,76]
[null,null,null,null,null,null,null,null,null,null,null,null,null,null,null,null,null,null,null,77]
[null,null,null,null,null,null,null,null,null,null,null,null,null,null,null,null,null,null,null,78]
[null,null,null,null,null,null,null,null,null,null,null,null,null,null,null,null,null,null,null,79]
[null,null,null,null,null,null,null,null,null,null,null,null,null,null,null,null,null,null,null,80]
[null,null,null,null,null,null,null,null,null,null,null,null,null,null,null,null,null,null,null,81]
[null,null,null,null,null,null,null,null,null,null,null,null,null,null,null,null,null,null,null,82]
[null,null,null,null,null,null,null,null,null,null,null,null,null,null,null,null,null,null,null,83]
[null,null,null,null,null,null,null,null,null,null,null,null,null,null,null,null,null,null,null,84]
[null,null,null,null,null,null,null,null,null,null,null,null,null,null,null,null,null,null,null,85]
[null,null,null,null,null,null,null,null,null,null,null,null,null,null,null,null,null,null,null,86]
[null,null,null,null,null,null,null,null,null,null,null,null,null,null,null,null,null,null,null,87]
[null,null,null,null,null,null,null,null,null,null,null,null,null,null,null,null,null,null,null,88]
[null,null,null,null,null,null,null,null,null,null,null,null,null,null,null,null,null,null,null,89]
[null,null,null,null,null,null,null,null,null,null,null,null,null,null,null,null,null,null,null,90]
[null,null,null,null,null,null,null,null,null,null,null,null,null,null,null,null,null,null,null,91]
[null,null,null,null,null,null,null,null,null,null,null,null,null,null,null,null,null,null,null,92]
[null,null,null,null,null,null,null,null,null,null,null,null,null,null,null,null,null,null,null,93]
[null,null,null,null,null,null,null,null,null,null,null,null,null,null,null,null,null,null,null,94]
[null,null,null,null,null,null,null,null,null,null,null,null,null,null,null,null,null,null,null,95]
[null,null,null,null,null,null,null,null,null,null,null,null,null,null,null,null,null,null,null,96]
[null,null,null,null,null,null,null,null,null,null,null,null,null,null,null,null,null,null,null,97]
[null,null,null,null,null,null,null,null,null,null,null,null,null,null,null,null,null,null,null,98]
[null,null,null,null,null,null,null,null,null,null,null,null,null,null,null,null,null,null,null,99]
[null,null,null,null,null,null,null,null,null,null,null,null,null,null,null,null,null,null,null,100]
[null,null,null,null,null,null,null,null,null,null,null,null,null,null,null,null,null,null,null,101]
[null,null,null,null,null,null,null,null,null,null,null,null,null,null,null,null,null,null,null,102]
[null,null,null,null,null,null,null,null,null,null,null,null,null,null,null,null,null,null,null,103]
[null,null,null,null,null,null,null,null,null,null,null,null,null,null,null,null,null,null,null,104]
[null,null,null,null,null,null,null,null,null,null,null,null,null,null,null,null,null,null,null,105]
[null,null,null,null,null,null,null,null,null,null,null,null,null,null,null,null,null,null,null,106]
[null,null,null,null,null,null,null,null,null,null,null,null,null,null,null,null,null,null,null,107]
[null,null,null,null,null,null,null,null,null,null,null,null,null,null,null,null,null,null,null,108]
[null,null,null,null,null,null,null,null,null,null,null,null,null,null,null,null,null,null,null,109]
[null,null,null,null,null,null,null,null,null,null,null,null,null,null,null,null,null,null,null,110]
[null,null,null,null,null,null,null,null,null,null,null,null,null,null,null,null,null,null,null,111]
[null,null,null,null,null,null,null,null,null,null,null,null,null,null,null,null,null,null,null,112]
[null,null,null,null,null,null,null,null,null,null,null,null,null,null,null,null,null,null,null,113]
[null,null,null,null,null,null,null,null,null,null,null,null,null,null,null,null,null,null,null,114]
[null,null,null,null,null,null,null,null,null,null,null,null,null,null,null,null,null,null,null,115]
[null,null,null,null,null,null,null,null,null,null,null,null,null,null,null,null,null,null,null,116]
[null,null,null,null,null,null,null,null,null,null,null,null,null,null,null,null,null,null,null,117]
[null,null,null,null,null,null,null,null,null,null,null,null,null,null,null,null,null,null,null,118]
[null,null,null,null,null,null,null,null,null,null,null,null,null,null,null,null,null,null,null,119]
[null,null,null,null,null,null,null,null,null,null,null,null,null,null,null,null,null,null,null,120]
[null,null,null,null,null,null,null,null,null,null,null,null,null,null,null,null,null,null,null,121]
[null,null,null,null,null,null,null,null,null,null,null,null,null,null,null,null,null,null,null,122]
[null,null,null,null,null,null,null,null,null,null,null,null,null,null,null,null,null,null,null,123]
[null,null,null,null,null,null,null,null,null,null,null,null,null,null,null,null,null,null,null,124]
[null,null,null,null,null,null,null,null,null,null,null,null,null,null,null,null,null,null,null,125]
[null,null,null,null,null,null,null,null,null,null,null,null,null,null,null,null,null,null,null,126]
[null,null,null,null,null,null,null,null,null,null,null,null,null,null,null,null,null,null,null,127]
[null,null,null,null,null,null,null,null,null,null,null,null,null,null,null,null,null,null,null,128]
[null,null,null,null,null,null,null,null,null,null,null,null,null,null,null,null,null,null,null,129]
[null,null,null,null,null,null,null,null,null,null,null,null,null,null,null,null,null,null,null,130]
[null,null,null,null,null,null,null,null,null,null,null,null,null,null,null,null,null,null,null,131]
[null,null,null,null,null,null,null,null,null,null,null,null,null,null,null,null,null,null,null,132]
[null,null,null,null,null,null,null,null,null,null,null,null,null,null,null,null,null,null,null,133]
[null,null,null,null,null,null,null,null,null,null,null,null,null,null,null,null,null,null,null,134]
[null,null,null,null,null,null,null,null,null,null,null,null,null,null,null,null,null,null,null,135]
[null,null,null,null,null,null,null,null,null,null,null,null,null,null,null,null,null,null,null,136]
[null,null,null,null,null,null,null,null,null,null,null,null,null,null,null,null,null,null,null,137]
[null,null,null,null,null,null,null,null,null,null,null,null,null,null,null,null,null,null,null,138]
[null,null,null,null,null,null,null,null,null,null,null,null,null,null,null,null,null,null,null,139]
[null,null,null,null,null,null,null,null,null,null,null,null,null,null,null,null,null,null,null,140]
[null,null,null,null,null,null,null,null,null,null,null,null,null,null,null,null,null,null,null,141]
[null,null,null,null,null,null,null,null,null,null,null,null,null,null,null,null,null,null,null,142]
[null,null,null,null,null,null,null,null,null,null,null,null,null,null,null,null,null,null,null,143]
[null,null,null,null,null,null,null,null,null,null,null,null,null,null,null,null,null,null,null,144]
[null,null,null,null,null,null,null,null,null,null,null,null,null,null,null,null,null,null,null,145]
[null,null,null,null,null,null,null,null,null,null,null,null,null,null,null,null,null,null,null,146]
[null,null,null,null,null,null,null,null,null,null,null,null,null,null,null,null,null,null,null,147]
[null,null,null,null,null,null,null,null,null,null,null,null,null,null,null,null,null,null,null,148]
[null,null,null,null,null,null,null,null,null,null,null,null,null,null,null,null,null,null,null,149]
[null,null,null,null,null,null,null,null,null,null,null,null,null,null,null,null,null,null,null,150]
[null,null,null,null,null,null,null,null,null,null,null,null,null,null,null,null,null,null,null,151]
[null,null,null,null,null,null,null,null,null,null,null,null,null,null,null,null,null,null,null,152]
[null,null,null,null,null,null,null,null,null,null,null,null,null,null,null,null,null,null,null,153]
[null,null,null,null,null,null,null,null,null,null,null,null,null,null,null,null,null,null,null,154]
[null,null,null,null,null,null,null,null,null,null,null,null,null,null,null,null,null,null,null,155]
[null,null,null,null,null,null,null,null,null,null,null,null,null,null,null,null,null,null,null,156]
[null,null,null,null,null,null,null,null,null,null,null,null,null,null,null,null,null,null,null,157]
[null,null,null,null,null,null,null,null,null,null,null,null,null,null,null,null,null,null,null,158]
[null,null,null,null,null,null,null,null,null,null,null,null,null,null,null,null,null,null,null,159]
[null,null,null,null,null,null,null,null,null,null,null,null,null,null,null,null,null,null,null,160]
[null,null,null,null,null,null,null,null,null,null,null,null,null,null,null,null,null,null,null,161]
[null,null,null,null,null,null,null,null,null,null,null,null,null,null,null,null,null,null,null,162]
[null,null,null,null,null,null,null,null,null,null,null,null,null,null,null,null,null,null,null,163]
[null,null,null,null,null,null,null,null,null,null,null,null,null,null,null,null,null,null,null,164]
[null,null,null,null,null,null,null,null,null,null,null,null,null,null,null,null,null,null,null,165]
[null,null,null,null,null,null,null,null,null,null,null,null,null,null,null,null,null,null,null,166]
[null,null,null,null,null,null,null,null,null,null,null,null,null,null,null,null,null,null,null,167]
[null,null,null,null,null,null,null,null,null,null,null,null,null,null,null,null,null,null,null,168]
[null,null,null,null,null,null,null,null,null,null,null,null,null,null,null,null,null,null,null,169]
[null,null,null,null,null,null,null,null,null,null,null,null,null,null,null,null,null,null,null,170]
[null,null,null,null,null,null,null,null,null,null,null,null,null,null,null,null,null,null,null,171]
[null,null,null,null,null,null,null,null,null,null,null,null,null,null,null,null,null,null,null,172]
[null,null,null,null,null,null,null,null,null,null,null,null,null,null,null,null,null,null,null,173]
[null,null,null,null,null,null,null,null,null,null,null,null,null,null,null,null,null,null,null,174]
[null,null,null,null,null,null,null,null,null,null,null,null,null,null,null,null,null,null,null,175]
[null,null,null,null,null,null,null,null,null,null,null,null,null,null,null,null,null,null,null,176]
[null,null,null,null,null,null,null,null,null,null,null,null,null,null,null,null,null,null,null,177]
[null,null,null,null,null,null,null,null,null,null,null,null,null,null,null,null,null,null,null,178]
[null,null,null,null,null,null,null,null,null,null,null,null,null,null,null,null,null,null,null,179]
[null,null,null,null,null,null,null,null,null,null,null,null,null,null,null,null,null,null,null,180]
[null,null,null,null,null,null,null,null,null,null,null,null,null,null,null,null,null,null,null,181]
[null,null,null,null,null,null,null,null,null,null,null,null,null,null,null,null,null,null,null,182]
[null,null,null,null,null,null,null,null,null,null,null,null,null,null,null,null,null,null,null,183]
[null,null,null,null,null,null,null,null,null,null,null,null,null,null,null,null,null,null,null,184]
[null,null,null,null,null,null,null,null,null,null,null,null,null,null,null,null,null,null,null,185]
[null,null,null,null,null,null,null,null,null,null,null,null,null,null,null,null,null,null,null,186]
[null,null,null,null,null,null,null,null,null,null,null,null,null,null,null,null,null,null,null,187]
[null,null,null,null,null,null,null,null,null,null,null,null,null,null,null,null,null,null,null,188]
[null,null,null,null,null,null,null,null,null,null,null,null,null,null,null,null,null,null,null,189]
[null,null,null,null,null,null,null,null,null,null,null,null,null,null,null,null,null,null,null,190]
[null,null,null,null,null,null,null,null,null,null,null,null,null,null,null,null,null,null,null,191]
[null,null,null,null,null,null,null,null,null,null,null,null,null,null,null,null,null,null,null,192]
[null,null,null,null,null,null,null,null,null,null,null,null,null,null,null,null,null,null,null,193]
[null,null,null,null,null,null,null,null,null,null,null,null,null,null,null,null,null,null,null,194]
[null,null,null,null,null,null,null,null,null,null,null,null,null,null,null,null,null,null,null,195]
[null,null,null,null,null,null,null,null,null,null,null,null,null,null,null,null,null,null,null,196]
[null,null,null,null,null,null,null,null,null,null,null,null,null,null,null,null,null,null,null,197]
[null,null,null,null,null,null,null,null,null,null,null,null,null,null,null,null,null,null,null,198]
[null,null,null,null,null,null,null,null,null,null,null,null,null,null,null,null,null,null,null,199]
[null,null,null,null,null,null,null,null,null,null,null,null,null,null,null,null,null,null,null,200]
[null,null,null,null,null,null,null,null,null,null,null,null,null,null,null,null,null,null,null,201]
[null,null,null,null,null,null,null,null,null,null,null,null,null,null,null,null,null,null,null,202]
[null,null,null,null,null,null,null,null,null,null,null,null,null,null,null,null,null,null,null,203]
[null,null,null,null,null,null,null,null,null,null,null,null,null,null,null,null,null,null,null,204]
[null,null,null,null,null,null,null,null,null,null,null,null,null,null,null,null,null,null,null,205]
[null,null,null,null,null,null,null,null,null,null,null,null,null,null,null,null,null,null,null,206]
[null,null,null,null,null,null,null,null,null,null,null,null,null,null,null,null,null,null,null,207]
[null,null,null,null,null,null,null,null,null,null,null,null,null,null,null,null,null,null,null,208]
[null,null,null,null,null,null,null,null,null,null,null,null,null,null,null,null,null,null,null,209]
[null,null,null,null,null,null,null,null,null,null,null,null,null,null,null,null,null,null,null,210]
[null,null,null,null,null,null,null,null,null,null,null,null,null,null,null,null,null,null,null,211]
[null,null,null,null,null,null,null,null,null,null,null,null,null,null,null,null,null,null,null,212]
[null,null,null,null,null,null,null,null,null,null,null,null,null,null,null,null,null,null,null,213]
[null,null,null,null,null,null,null,null,null,null,null,null,null,null,null,null,null,null,null,214]
[null,null,null,null,null,null,null,null,null,null,null,null,null,null,null,null,null,null,null,215]
[null,null,null,null,null,null,null,null,null,null,null,null,null,null,null,null,null,null,null,216]
[null,null,null,null,null,null,null,null,null,null,null,null,null,null,null,null,null,null,null,217]
[null,null,null,null,null,null,null,null,null,null,null,null,null,null,null,null,null,null,null,218]
[null,null,null,null,null,null,null,null,null,null,null,null,null,null,null,null,null,null,null,219]
[null,null,null,null,null,null,null,null,null,null,null,null,null,null,null,null,null,null,null,220]
[null,null,null,null,null,null,null,null,null,null,null,null,null,null,null,null,null,null,null,221]
[null,null,null,null,null,null,null,null,null,null,null,null,null,null,null,null,null,null,null,222]
[null,null,null,null,null,null,null,null,null,null,null,null,null,null,null,null,null,null,null,223]
[null,null,null,null,null,null,null,null,null,null,null,null,null,null,null,null,null,null,null,224]
[null,null,null,null,null,null,null,null,null,null,null,null,null,null,null,null,null,null,null,225]
[null,null,null,null,null,null,null,null,null,null,null,null,null,null,null,null,null,null,null,226]
[null,null,null,null,null,null,null,null,null,null,null,null,null,null,null,null,null,null,null,227]
[null,null,null,null,null,null,null,null,null,null,null,null,null,null,null,null,null,null,null,228]
[null,null,null,null,null,null,null,null,null,null,null,null,null,null,null,null,null,null,null,229]
[null,null,null,null,null,null,null,null,null,null,null,null,null,null,null,null,null,null,null,230]
[null,null,null,null,null,null,null,null,null,null,null,null,null,null,null,null,null,null,null,231]
[null,null,null,null,null,null,null,null,null,null,null,null,null,null,null,null,null,null,null,232]
[null,null,null,null,null,null,null,null,null,null,null,null,null,null,null,null,null,null,null,233]
[null,null,null,null,null,null,null,null,null,null,null,null,null,null,null,null,null,null,null,234]
[null,null,null,null,null,null,null,null,null,null,null,null,null,null,null,null,null,null,null,235]
[null,null,null,null,null,null,null,null,null,null,null,null,null,null,null,null,null,null,null,236]
[null,null,null,null,null,null,null,null,null,null,null,null,null,null,null,null,null,null,null,237]
[null,null,null,null,null,null,null,null,null,null,null,null,null,null,null,null,null,null,null,238]
[null,null,null,null,null,null,null,null,null,null,null,null,null,null,null,null,null,null,null,239]
[null,null,null,null,null,null,null,null,null,null,null,null,null,null,null,null,null,null,null,240]
[null,null,null,null,null,null,null,null,null,null,null,null,null,null,null,null,null,null,null,241]
[null,null,null,null,null,null,null,null,null,null,null,null,null,null,null,null,null,null,null,242]
[null,null,null,null,null,null,null,null,null,null,null,null,null,null,null,null,null,null,null,243]
[null,null,null,null,null,null,null,null,null,null,null,null,null,null,null,null,null,null,null,244]
[null,null,null,null,null,null,null,null,null,null,null,null,null,null,null,null,null,null,null,245]
[null,null,null,null,null,null,null,null,null,null,null,null,null,null,null,null,null,null,null,246]
[null,null,null,null,null,null,null,null,null,null,null,null,null,null,null,null,null,null,null,247]
[null,null,null,null,null,null,null,null,null,null,null,null,null,null,null,null,null,null,null,248]
[null,null,null,null,null,null,null,null,null,null,null,null,null,null,null,null,null,null,null,249]
[null,null,null,null,null,null,null,null,null,null,null,null,null,null,null,null,null,null,null,250]
[null,null,null,null,null,null,null,null,null,null,null,null,null,null,null,null,null,null,null,251]
[null,null,null,null,null,null,null,null,null,null,null,null,null,null,null,null,null,null,null,252]
[null,null,null,null,null,null,null,null,null,null,null,null,null,null,null,null,null,null,null,253]
[null,null,null,null,null,null,null,null,null,null,null,null,null,null,null,null,null,null,null,254]
[null,null,null,null,null,null,null,null,null,null,null,null,null,null,null,null,null,null,null,255]
[null,null,null,null,null,null,null,null,null,null,null,null,null,null,null,null,null,null,null,256]
[null,null,null,null,null,null,null,null,null,null,null,null,null,null,null,null,null,null,null,257]
[null,null,null,null,null,null,null,null,null,null,null,null,null,null,null,null,null,null,null,258]
[null,null,null,null,null,null,null,null,null,null,null,null,null,null,null,null,null,null,null,259]
[null,null,null,null,null,null,null,null,null,null,null,null,null,null,null,null,null,null,null,260]
[null,null,null,null,null,null,null,null,null,null,null,null,null,null,null,null,null,null,null,261]
[null,null,null,null,null,null,null,null,null,null,null,null,null,null,null,null,null,null,null,262]
[null,null,null,null,null,null,null,null,null,null,null,null,null,null,null,null,null,null,null,263]
[null,null,null,null,null,null,null,null,null,null,null,null,null,null,null,null,null,null,null,264]
[null,null,null,null,null,null,null,null,null,null,null,null,null,null,null,null,null,null,null,265]
[null,null,null,null,null,null,null,null,null,null,null,null,null,null,null,null,null,null,null,266]
[null,null,null,null,null,null,null,null,null,null,null,null,null,null,null,null,null,null,null,267]
[null,null,null,null,null,null,null,null,null,null,null,null,null,null,null,null,null,null,null,268]
[null,null,null,null,null,null,null,null,null,null,null,null,null,null,null,null,null,null,null,269]
[null,null,null,null,null,null,null,null,null,null,null,null,null,null,null,null,null,null,null,270]
[null,null,null,null,null,null,null,null,null,null,null,null,null,null,null,null,null,null,null,271]
[null,null,null,null,null,null,null,null,null,null,null,null,null,null,null,null,null,null,null,272]
[null,null,null,null,null,null,null,null,null,null,null,null,null,null,null,null,null,null,null,273]
[null,null,null,null,null,null,null,null,null,null,null,null,null,null,null,null,null,null,null,274]
[null,null,null,null,null,null,null,null,null,null,null,null,null,null,null,null,null,null,null,275]
[null,null,null,null,null,null,null,null,null,null,null,null,null,null,null,null,null,null,null,276]
[null,null,null,null,null,null,null,null,null,null,null,null,null,null,null,null,null,null,null,277]
[null,null,null,null,null,null,null,null,null,null,null,null,null,null,null,null,null,null,null,278]
[null,null,null,null,null,null,null,null,null,null,null,null,null,null,null,null,null,null,null,279]
[null,null,null,null,null,null,null,null,null,null,null,null,null,null,null,null,null,null,null,280]
[null,null,null,null,null,null,null,null,null,null,null,null,null,null,null,null,null,null,null,281]
[null,null,null,null,null,null,null,null,null,null,null,null,null,null,null,null,null,null,null,282]
[null,null,null,null,null,null,null,null,null,null,null,null,null,null,null,null,null,null,null,283]
[null,null,null,null,null,null,null,null,null,null,null,null,null,null,null,null,null,null,null,284]
[null,null,null,null,null,null,null,null,null,null,null,null,null,null,null,null,null,null,null,285]
[null,null,null,null,null,null,null,null,null,null,null,null,null,null,null,null,null,null,null,286]
[null,null,null,null,null,null,null,null,null,null,null,null,null,null,null,null,null,null,null,287]
[null,null,null,null,null,null,null,null,null,null,null,null,null,null,null,null,null,null,null,288]
[null,null,null,null,null,null,null,null,null,null,null,null,null,null,null,null,null,null,null,289]
[null,null,null,null,null,null,null,null,null,null,null,null,null,null,null,null,null,null,null,290]
[null,null,null,null,null,null,null,null,null,null,null,null,null,null,null,null,null,null,null,291]
[null,null,null,null,null,null,null,null,null,null,null,null,null,null,null,null,null,null,null,292]
[null,null,null,null,null,null,null,null,null,null,null,null,null,null,null,null,null,null,null,293]
[null,null,null,null,null,null,null,null,null,null,null,null,null,null,null,null,null,null,null,294]
[null,null,null,null,null,null,null,null,null,null,null,null,null,null,null,null,null,null,null,295]
[null,null,null,null,null,null,null,null,null,null,null,null,null,null,null,null,null,null,null,296]
[null,null,null,null,null,null,null,null,null,null,null,null,null,null,null,null,null,null,null,297]
[null,null,null,null,null,null,null,null,null,null,null,null,null,null,null,null,null,null,null,298]
[null,null,null,null,null,null,null,null,null,null,null,null,null,null,null,null,null,null,null,299]
[null,null,null,null,null,null,null,null,null,null,null,null,null,null,null,null,null,null,null,300]
[null,null,null,null,null,null,null,null,null,null,null,null,null,null,null,null,null,null,null,301]
[null,null,null,null,null,null,null,null,null,null,null,null,null,null,null,null,null,null,null,302]
[null,null,null,null,null,null,null,null,null,null,null,null,null,null,null,null,null,null,null,303]
[null,null,null,null,null,null,null,null,null,null,null,null,null,null,null,null,null,null,null,304]
[null,null,null,null,null,null,null,null,null,null,null,null,null,null,null,null,null,null,null,305]
[null,null,null,null,null,null,null,null,null,null,null,null,null,null,null,null,null,null,null,306]
[null,null,null,null,null,null,null,null,null,null,null,null,null,null,null,null,null,null,null,307]
[null,null,null,null,null,null,null,null,null,null,null,null,null,null,null,null,null,null,null,308]
[null,null,null,null,null,null,null,null,null,null,null,null,null,null,null,null,null,null,null,309]
[null,null,null,null,null,null,null,null,null,null,null,null,null,null,null,null,null,null,null,310]
[null,null,null,null,null,null,null,null,null,null,null,null,null,null,null,null,null,null,null,311]
[null,null,null,null,null,null,null,null,null,null,null,null,null,null,null,null,null,null,null,312]
[null,null,null,null,null,null,null,null,null,null,null,null,null,null,null,null,null,null,null,313]
[null,null,null,null,null,null,null,null,null,null,null,null,null,null,null,null,null,null,null,314]
[null,null,null,null,null,null,null,null,null,null,null,null,null,null,null,null,null,null,null,315]
[null,null,null,null,null,null,null,null,null,null,null,null,null,null,null,null,null,null,null,316]
[null,null,null,null,null,null,null,null,null,null,null,null,null,null,null,null,null,null,null,317]
[null,null,null,null,null,null,null,null,null,null,null,null,null,null,null,null,null,null,null,318]
[null,null,null,null,null,null,null,null,null,null,null,null,null,null,null,null,null,null,null,319]
[null,null,null,null,null,null,null,null,null,null,null,null,null,null,null,null,null,null,null,320]
[null,null,null,null,null,null,null,null,null,null,null,null,null,null,null,null,null,null,null,321]
[null,null,null,null,null,null,null,null,null,null,null,null,null,null,null,null,null,null,null,322]
[null,null,null,null,null,null,null,null,null,null,null,null,null,null,null,null,null,null,null,323]
[null,null,null,null,null,null,null,null,null,null,null,null,null,null,null,null,null,null,null,324]
[null,null,null,null,null,null,null,null,null,null,null,null,null,null,null,null,null,null,null,325]
[null,null,null,null,null,null,null,null,null,null,null,null,null,null,null,null,null,null,null,326]
[null,null,null,null,null,null,null,null,null,null,null,null,null,null,null,null,null,null,null,327]
[null,null,null,null,null,null,null,null,null,null,null,null,null,null,null,null,null,null,null,328]
[null,null,null,null,null,null,null,null,null,null,null,null,null,null,null,null,null,null,null,329]
[null,null,null,null,null,null,null,null,null,null,null,null,null,null,null,null,null,null,null,330]
[null,null,null,null,null,null,null,null,null,null,null,null,null,null,null,null,null,null,null,331]
[null,null,null,null,null,null,null,null,null,null,null,null,null,null,null,null,null,null,null,332]
[null,null,null,null,null,null,null,null,null,null,null,null,null,null,null,null,null,null,null,333]
[null,null,null,null,null,null,null,null,null,null,null,null,null,null,null,null,null,null,null,334]
[null,null,null,null,null,null,null,null,null,null,null,null,null,null,null,null,null,null,null,335]
[null,null,null,null,null,null,null,null,null,null,null,null,null,null,null,null,null,null,null,336]
[null,null,null,null,null,null,null,null,null,null,null,null,null,null,null,null,null,null,null,337]
[null,null,null,null,null,null,null,null,null,null,null,null,null,null,null,null,null,null,null,338]
[null,null,null,null,null,null,null,null,null,null,null,null,null,null,null,null,null,null,null,339]
[null,null,null,null,null,null,null,null,null,null,null,null,null,null,null,null,null,null,null,340]
[null,null,null,null,null,null,null,null,null,null,null,null,null,null,null,null,null,null,null,341]
[null,null,null,null,null,null,null,null,null,null,null,null,null,null,null,null,null,null,null,342]
[null,null,null,null,null,null,null,null,null,null,null,null,null,null,null,null,null,null,null,343]
[null,null,null,null,null,null,null,null,null,null,null,null,null,null,null,null,null,null,null,344]
[null,null,null,null,null,null,null,null,null,null,null,null,null,null,null,null,null,null,null,345]
[null,null,null,null,null,null,null,null,null,null,null,null,null,null,null,null,null,null,null,346]
[null,null,null,null,null,null,null,null,null,null,null,null,null,null,null,null,null,null,null,347]
[null,null,null,null,null,null,null,null,null,null,null,null,null,null,null,null,null,null,null,348]
[null,null,null,null,null,null,null,null,null,null,null,null,null,null,null,null,null,null,null,349]
[null,null,null,null,null,null,null,null,null,null,null,null,null,null,null,null,null,null,null,350]
[null,null,null,null,null,null,null,null,null,null,null,null,null,null,null,null,null,null,null,351]
[null,null,null,null,null,null,null,null,null,null,null,null,null,null,null,null,null,null,null,352]
[null,null,null,null,null,null,null,null,null,null,null,null,null,null,null,null,null,null,null,353]
[null,null,null,null,null,null,null,null,null,null,null,null,null,null,null,null,null,null,null,354]
[null,null,null,null,null,null,null,null,null,null,null,null,null,null,null,null,null,null,null,355]
[null,null,null,null,null,null,null,null,null,null,null,null,null,null,null,null,null,null,null,356]
[null,null,null,null,null,null,null,null,null,null,null,null,null,null,null,null,null,null,null,357]
[null,null,null,null,null,null,null,null,null,null,null,null,null,null,null,null,null,null,null,358]
[null,null,null,null,null,null,null,null,null,null,null,null,null,null,null,null,null,null,null,359]
[null,null,null,null,null,null,null,null,null,null,null,null,null,null,null,null,null,null,null,360]
[null,null,null,null,null,null,null,null,null,null,null,null,null,null,null,null,null,null,null,361]
[null,null,null,null,null,null,null,null,null,null,null,null,null,null,null,null,null,null,null,362]
[null,null,null,null,null,null,null,null,null,null,null,null,null,null,null,null,null,null,null,363]
[null,null,null,null,null,null,null,null,null,null,null,null,null,null,null,null,null,null,null,364]
[null,null,null,null,null,null,null,null,null,null,null,null,null,null,null,null,null,null,null,365]
[null,null,null,null,null,null,null,null,null,null,null,null,null,null,null,null,null,null,null,366]
[null,null,null,null,null,null,null,null,null,null,null,null,null,null,null,null,null,null,null,367]
[null,null,null,null,null,null,null,null,null,null,null,null,null,null,null,null,null,null,null,368]
[null,null,null,null,null,null,null,null,null,null,null,null,null,null,null,null,null,null,null,369]
[null,null,null,null,null,null,null,null,null,null,null,null,null,null,null,null,null,null,null,370]
[null,null,null,null,null,null,null,null,null,null,null,null,null,null,null,null,null,null,null,371]
[null,null,null,null,null,null,null,null,null,null,null,null,null,null,null,null,null,null,null,372]
[null,null,null,null,null,null,null,null,null,null,null,null,null,null,null,null,null,null,null,373]
[null,null,null,null,null,null,null,null,null,null,null,null,null,null,null,null,null,null,null,374]
[null,null,null,null,null,null,null,null,null,null,null,null,null,null,null,null,null,null,null,375]
[null,null,null,null,null,null,null,null,null,null,null,null,null,null,null,null,null,null,null,376]
[null,null,null,null,null,null,null,null,null,null,null,null,null,null,null,null,null,null,null,377]
[null,null,null,null,null,null,null,null,null,null,null,null,null,null,null,null,null,null,null,378]
[null,null,null,null,null,null,null,null,null,null,null,null,null,null,null,null,null,null,null,379]
[null,null,null,null,null,null,null,null,null,null,null,null,null,null,null,null,null,null,null,380]
[null,null,null,null,null,null,null,null,null,null,null,null,null,null,null,null,null,null,null,381]
[null,null,null,null,null,null,null,null,null,null,null,null,null,null,null,null,null,null,null,382]
[null,null,null,null,null,null,null,null,null,null,null,null,null,null,null,null,null,null,null,383]
[null,null,null,null,null,null,null,null,null,null,null,null,null,null,null,null,null,null,null,384]
[null,null,null,null,null,null,null,null,null,null,null,null,null,null,null,null,null,null,null,385]
[null,null,null,null,null,null,null,null,null,null,null,null,null,null,null,null,null,null,null,386]
[null,null,null,null,null,null,null,null,null,null,null,null,null,null,null,null,null,null,null,387]
[null,null,null,null,null,null,null,null,null,null,null,null,null,null,null,null,null,null,null,388]
[null,null,null,null,null,null,null,null,null,null,null,null,null,null,null,null,null,null,null,389]
[null,null,null,null,null,null,null,null,null,null,null,null,null,null,null,null,null,null,null,390]
[null,null,null,null,null,null,null,null,null,null,null,null,null,null,null,null,null,null,null,391]
[null,null,null,null,null,null,null,null,null,null,null,null,null,null,null,null,null,null,null,392]
[null,null,null,null,null,null,null,null,null,null,null,null,null,null,null,null,null,null,null,393]
[null,null,null,null,null,null,null,null,null,null,null,null,null,null,null,null,null,null,null,394]
[null,null,null,null,null,null,null,null,null,null,null,null,null,null,null,null,null,null,null,395]
[null,null,null,null,null,null,null,null,null,null,null,null,null,null,null,null,null,null,null,396]
[null,null,null,null,null,null,null,null,null,null,null,null,null,null,null,null,null,null,null,397]
[null,null,null,null,null,null,null,null,null,null,null,null,null,null,null,null,null,null,null,398]
[null,null,null,null,null,null,null,null,null,null,null,null,null,null,null,null,null,null,null,399]
[null,null,null,null,null,null,null,null,null,null,null,null,null,null,null,null,null,null,null,400]
[null,null,null,null,null,null,null,null,null,null,null,null,null,null,null,null,null,null,null,401]
[null,null,null,null,null,null,null,null,null,null,null,null,null,null,null,null,null,null,null,402]
[null,null,null,null,null,null,null,null,null,null,null,null,null,null,null,null,null,null,null,403]
[null,null,null,null,null,null,null,null,null,null,null,null,null,null,null,null,null,null,null,404]
[null,null,null,null,null,null,null,null,null,null,null,null,null,null,null,null,null,null,null,405]
[null,null,null,null,null,null,null,null,null,null,null,null,null,null,null,null,null,null,null,406]
[null,null,null,null,null,null,null,null,null,null,null,null,null,null,null,null,null,null,null,407]
[null,null,null,null,null,null,null,null,null,null,null,null,null,null,null,null,null,null,null,408]
[null,null,null,null,null,null,null,null,null,null,null,null,null,null,null,null,null,null,null,409]
[null,null,null,null,null,null,null,null,null,null,null,null,null,null,null,null,null,null,null,410]
[null,null,null,null,null,null,null,null,null,null,null,null,null,null,null,null,null,null,null,411]
[null,null,null,null,null,null,null,null,null,null,null,null,null,null,null,null,null,null,null,412]
[null,null,null,null,null,null,null,null,null,null,null,null,null,null,null,null,null,null,null,413]
[null,null,null,null,null,null,null,null,null,null,null,null,null,null,null,null,null,null,null,414]
[null,null,null,null,null,null,null,null,null,null,null,null,null,null,null,null,null,null,null,415]
[null,null,null,null,null,null,null,null,null,null,null,null,null,null,null,null,null,null,null,416]
[null,null,null,null,null,null,null,null,null,null,null,null,null,null,null,null,null,null,null,417]
[null,null,null,null,null,null,null,null,null,null,null,null,null,null,null,null,null,null,null,418]
[null,null,null,null,null,null,null,null,null,null,null,null,null,null,null,null,null,null,null,419]
[null,null,null,null,null,null,null,null,null,null,null,null,null,null,null,null,null,null,null,420]
[null,null,null,null,null,null,null,null,null,null,null,null,null,null,null,null,null,null,null,421]
[null,null,null,null,null,null,null,null,null,null,null,null,null,null,null,null,null,null,null,422]
[null,null,null,null,null,null,null,null,null,null,null,null,null,null,null,null,null,null,null,423]
[null,null,null,null,null,null,null,null,null,null,null,null,null,null,null,null,null,null,null,424]
[null,null,null,null,null,null,null,null,null,null,null,null,null,null,null,null,null,null,null,425]
[null,null,null,null,null,null,null,null,null,null,null,null,null,null,null,null,null,null,null,426]
[null,null,null,null,null,null,null,null,null,null,null,null,null,null,null,null,null,null,null,427]
[null,null,null,null,null,null,null,null,null,null,null,null,null,null,null,null,null,null,null,428]
[null,null,null,null,null,null,null,null,null,null,null,null,null,null,null,null,null,null,null,429]
[null,null,null,null,null,null,null,null,null,null,null,null,null,null,null,null,null,null,null,430]
[null,null,null,null,null,null,null,null,null,null,null,null,null,null,null,null,null,null,null,431]
[null,null,null,null,null,null,null,null,null,null,null,null,null,null,null,null,null,null,null,432]
[null,null,null,null,null,null,null,null,null,null,null,null,null,null,null,null,null,null,null,433]
[null,null,null,null,null,null,null,null,null,null,null,null,null,null,null,null,null,null,null,434]
[null,null,null,null,null,null,null,null,null,null,null,null,null,null,null,null,null,null,null,435]
[null,null,null,null,null,null,null,null,null,null,null,null,null,null,null,null,null,null,null,436]
[null,null,null,null,null,null,null,null,null,null,null,null,null,null,null,null,null,null,null,437]
[null,null,null,null,null,null,null,null,null,null,null,null,null,null,null,null,null,null,null,438]
[null,null,null,null,null,null,null,null,null,null,null,null,null,null,null,null,null,null,null,439]
[null,null,null,null,null,null,null,null,null,null,null,null,null,null,null,null,null,null,null,440]
[null,null,null,null,null,null,null,null,null,null,null,null,null,null,null,null,null,null,null,441]
[null,null,null,null,null,null,null,null,null,null,null,null,null,null,null,null,null,null,null,442]
[null,null,null,null,null,null,null,null,null,null,null,null,null,null,null,null,null,null,null,443]
[null,null,null,null,null,null,null,null,null,null,null,null,null,null,null,null,null,null,null,444]
[null,null,null,null,null,null,null,null,null,null,null,null,null,null,null,null,null,null,null,445]
[null,null,null,null,null,null,null,null,null,null,null,null,null,null,null,null,null,null,null,446]
[null,null,null,null,null,null,null,null,null,null,null,null,null,null,null,null,null,null,null,447]
[null,null,null,null,null,null,null,null,null,null,null,null,null,null,null,null,null,null,null,448]
[null,null,null,null,null,null,null,null,null,null,null,null,null,null,null,null,null,null,null,449]
[null,null,null,null,null,null,null,null,null,null,null,null,null,null,null,null,null,null,null,450]
[null,null,null,null,null,null,null,null,null,null,null,null,null,null,null,null,null,null,null,451]
[null,null,null,null,null,null,null,null,null,null,null,null,null,null,null,null,null,null,null,452]
[null,null,null,null,null,null,null,null,null,null,null,null,null,null,null,null,null,null,null,453]
[null,null,null,null,null,null,null,null,null,null,null,null,null,null,null,null,null,null,null,454]
[null,null,null,null,null,null,null,null,null,null,null,null,null,null,null,null,null,null,null,455]
[null,null,null,null,null,null,null,null,null,null,null,null,null,null,null,null,null,null,null,456]
[null,null,null,null,null,null,null,null,null,null,null,null,null,null,null,null,null,null,null,457]
[null,null,null,null,null,null,null,null,null,null,null,null,null,null,null,null,null,null,null,458]
[null,null,null,null,null,null,null,null,null,null,null,null,null,null,null,null,null,null,null,459]
[null,null,null,null,null,null,null,null,null,null,null,null,null,null,null,null,null,null,null,460]
[null,null,null,null,null,null,null,null,null,null,null,null,null,null,null,null,null,null,null,461]
[null,null,null,null,null,null,null,null,null,null,null,null,null,null,null,null,null,null,null,462]
[null,null,null,null,null,null,null,null,null,null,null,null,null,null,null,null,null,null,null,463]
[null,null,null,null,null,null,null,null,null,null,null,null,null,null,null,null,null,null,null,464]
[null,null,null,null,null,null,null,null,null,null,null,null,null,null,null,null,null,null,null,465]
[null,null,null,null,null,null,null,null,null,null,null,null,null,null,null,null,null,null,null,466]
[null,null,null,null,null,null,null,null,null,null,null,null,null,null,null,null,null,null,null,467]
[null,null,null,null,null,null,null,null,null,null,null,null,null,null,null,null,null,null,null,468]
[null,null,null,null,null,null,null,null,null,null,null,null,null,null,null,null,null,null,null,469]
[null,null,null,null,null,null,null,null,null,null,null,null,null,null,null,null,null,null,null,470]
[null,null,null,null,null,null,null,null,null,null,null,null,null,null,null,null,null,null,null,471]
[null,null,null,null,null,null,null,null,null,null,null,null,null,null,null,null,null,null,null,472]
[null,null,null,null,null,null,null,null,null,null,null,null,null,null,null,null,null,null,null,473]
[null,null,null,null,null,null,null,null,null,null,null,null,null,null,null,null,null,null,null,474]
[null,null,null,null,null,null,null,null,null,null,null,null,null,null,null,null,null,null,null,475]
[null,null,null,null,null,null,null,null,null,null,null,null,null,null,null,null,null,null,null,476]
[null,null,null,null,null,null,null,null,null,null,null,null,null,null,null,null,null,null,null,477]
[null,null,null,null,null,null,null,null,null,null,null,null,null,null,null,null,null,null,null,478]
[null,null,null,null,null,null,null,null,null,null,null,null,null,null,null,null,null,null,null,479]
[null,null,null,null,null,null,null,null,null,null,null,null,null,null,null,null,null,null,null,480]
[null,null,null,null,null,null,null,null,null,null,null,null,null,null,null,null,null,null,null,481]
[null,null,null,null,null,null,null,null,null,null,null,null,null,null,null,null,null,null,null,482]
[null,null,null,null,null,null,null,null,null,null,null,null,null,null,null,null,null,null,null,483]
[null,null,null,null,null,null,null,null,null,null,null,null,null,null,null,null,null,null,null,484]
[null,null,null,null,null,null,null,null,null,null,null,null,null,null,null,null,null,null,null,485]
[null,null,null,null,null,null,null,null,null,null,null,null,null,null,null,null,null,null,null,486]
[null,null,null,null,null,null,null,null,null,null,null,null,null,null,null,null,null,null,null,487]
[null,null,null,null,null,null,null,null,null,null,null,null,null,null,null,null,null,null,null,488]
[null,null,null,null,null,null,null,null,null,null,null,null,null,null,null,null,null,null,null,489]
[null,null,null,null,null,null,null,null,null,null,null,null,null,null,null,null,null,null,null,490]
[null,null,null,null,null,null,null,null,null,null,null,null,null,null,null,null,null,null,null,491]
[null,null,null,null,null,null,null,null,null,null,null,null,null,null,null,null,null,null,null,492]
[null,null,null,null,null,null,null,null,null,null,null,null,null,null,null,null,null,null,null,493]
[null,null,null,null,null,null,null,null,null,null,null,null,null,null,null,null,null,null,null,494]
[null,null,null,null,null,null,null,null,null,null,null,null,null,null,null,null,null,null,null,495]
[null,null,null,null,null,null,null,null,null,null,null,null,null,null,null,null,null,null,null,496]
[null,null,null,null,null,null,null,null,null,null,null,null,null,null,null,null,null,null,null,497]
[null,null,null,null,null,null,null,null,null,null,null,null,null,null,null,null,null,null,null,498]
[null,null,null,null,null,null,null,null,null,null,null,null,null,null,null,null,null,null,null,499]

{"sheet":"results","index":3,"n_rows":0,"n_cols":0,"rows_kept":0,"cut":false,"hidden":false,"merged":[]}

{"sheet":"Preparation","index":4,"n_rows":0,"n_cols":0,"rows_kept":0,"cut":false,"hidden":false,"merged":[]}

{"sheet":"Explanation Output ","index":5,"n_rows":0,"n_cols":0,"rows_kept":0,"cut":false,"hidden":false,"merged":[]}

{"sheet":"Explanation Parameters","index":6,"n_rows":0,"n_cols":0,"rows_kept":0,"cut":false,"hidden":false,"merged":[]}

{"sheet":"Running a Simulation","index":7,"n_rows":0,"n_cols":0,"rows_kept":0,"cut":false,"hidden":false,"merged":[]}